10-28 15:36:45.514  2617  2669 W Parcel  : Expecting binder but got null!
10-28 15:36:45.517   582   602 I ActivityTaskManager: Displayed org.nayestane.ustad/com.ustadmobile.port.android.view.AppActivity: +54ms
10-28 15:36:45.519  2617  2617 D UstadViewModelFunKt$ustadViewModel$viewModel$invoke: ustadViewModel(): create viewmodel for: com.ustadmobile.core.viewmodel.redirect.RedirectViewModel
10-28 15:36:45.520  2617  2617 I System.out: com.ustadmobile.core.db.UmAppDatabase_DoorWrapper@efea2f7
10-28 15:36:45.527  2617  2617 D UstadNavControllerPreCompose$onCollectNavCommand: NavCommandEffect: Navigate: Go to Login
10-28 15:36:45.541  2523  2540 D Benchmark: Result: Starting: Intent { act=android.intent.action.MAIN cat=[android.intent.category.LAUNCHER] flg=0x10008000 pkg=org.nayestane.ustad cmp=org.nayestane.ustad/com.ustadmobile.port.android.view.AppActivity }
10-28 15:36:45.541  2523  2540 D Benchmark: Status: ok
10-28 15:36:45.541  2523  2540 D Benchmark: LaunchState: WARM
10-28 15:36:45.541  2523  2540 D Benchmark: Activity: org.nayestane.ustad/com.ustadmobile.port.android.view.AppActivity
10-28 15:36:45.541  2523  2540 D Benchmark: TotalTime: 54
10-28 15:36:45.541  2523  2540 D Benchmark: WaitTime: 55
10-28 15:36:45.541  2523  2540 D Benchmark: Complete
10-28 15:36:45.547  2617  2617 D UstadViewModelFunKt$ustadViewModel$viewModel$invoke: ustadViewModel(): create viewmodel for: com.ustadmobile.core.viewmodel.login.LoginViewModel
10-28 15:36:45.551  2617  2719 V UstadCache: OKHttp-CacheInterceptor:  intercept: GET https://dars.nayestane.org/v2/Site/verify
10-28 15:36:45.551  2617  2719 I UstadCache: UstadCache(): Retrieve https://dars.nayestane.org/v2/Site/verify
10-28 15:36:45.551  2617  2719 D UstadCache: UstadCache(): FOUND https://dars.nayestane.org/v2/Site/verify
10-28 15:36:45.554  2617  2719 D TrafficStats: tagSocket(78) with statsTag=0xffffffff, statsUid=-1
10-28 15:36:45.561  1495  3294 W MediaProvider: isAppCloneUserPair for user 0: false
10-28 15:36:45.562  1495  3294 V MediaProvider: Inserted id:1000000078 less than next row id backup:1000001000.
10-28 15:36:45.632  2523  2540 I System.out: 0 Flags,FrameTimelineVsyncId,IntendedVsync,Vsync,InputEventId,HandleInputStart,AnimationStart,PerformTraversalsStart,DrawStart,FrameDeadline,FrameInterval,FrameStartTime,SyncQueued,SyncStart,IssueDrawCommandsStart,SwapBuffers,FrameCompleted,DequeueBufferDuration,QueueBufferDuration,GpuCompleted,SwapBuffersCompleted,DisplayPresentTime,CommandSubmissionCompleted,
10-28 15:36:45.632  2523  2540 I System.out: 1 1,13799,486401336691,486418003357,0,486421614140,486421614300,486421614420,486444525656,486418003357,486421613150,16666666,486445076276,486445197656,486445286756,486445461396,486445933207,2110,122720,486445906757,486445933207,436037125395,486445461396,
10-28 15:36:45.632  2523  2540 I System.out: 2 0,13871,486434670023,486434670023,0,486448858447,486448859857,486454897089,486454916839,486468003355,486448856407,16666666,486455436379,486455451459,486455484569,486455590119,486456854200,2900,411180,486456807790,486456854200,436052840959,486455590119,
10-28 15:36:45.632  2523  2540 I System.out: 3 0,13943,486468003355,486468003355,0,486471544254,486471544854,486507590344,486507612984,486484670021,486471541884,16666666,486515296576,486515331486,486515391056,486515473926,486518120187,2760,145740,486518120187,486516157956,436086040768,486515473926,
10-28 15:36:45.632  2523  2540 I System.out: 4 0,13986,486484670021,486501336687,0,486517319476,486517319846,486530758960,486530782540,486501336687,486517318056,16666666,486540365983,486540437303,486540504073,486541030793,436115208206,2670,137310,436115180566,486541758283,436119124207,486541030793,
10-28 15:36:45.632  2523  2540 D UiDevice: Waiting 10000ms for SearchCondition[hasObject=BySelector [TEXT='\QGet Started\E']].
10-28 15:36:45.632  2523  2540 D UiDevice: Searching for node with selector: BySelector [TEXT='\QGet Started\E'].
10-28 15:36:45.646  2617  2719 D UstadCache: OKHttp-CacheInterceptor:  MISS(invalid) https://dars.nayestane.org/v2/Site/verify
10-28 15:36:45.646  2617  2719 D UstadCache: OKHttp-CacheInterceptor:  newCacheAndStoreResponse: GET https://dars.nayestane.org/v2/Site/verify 200 ()
10-28 15:36:45.646  2617  2719 V UstadCache: OKHttp-CacheInterceptor:  https://dars.nayestane.org/v2/Site/verify MISS(invalid) can store/update 200  (contentType=application/json; charset=UTF-8, content-encoding=null content-length=180)
10-28 15:36:45.649  2617  2730 D UstadCache: UstadCache(): storerequest 1 entries
10-28 15:36:45.650  2617  2730 V UstadCache: UstadCache(): copied request data for https://dars.nayestane.org/v2/Site/verify to /data/user/0/org.nayestane.ustad/files/httpfiles/tmpwork/10.tmp (integrity=sha256-VTW/47g5E/UMinnUcaDGC+8yXE8lgnmbnOjHxekFxd4=)
10-28 15:36:45.651  2617  2730 V UstadCache: UstadCache(): cacheEntries created 1 entries
10-28 15:36:45.651  2617  2730 D UstadCache: UstadCache(): deleting 1 tmp files
10-28 15:36:45.651  2617  2730 D UstadCache: UstadCache(): db transaction completed
10-28 15:36:45.753   422   465 W TransactionTracing: Could not find layer handle 0x7b315a6871b0
10-28 15:36:45.753   422   465 W TransactionTracing: Could not find layer handle 0x7b315a68f370
10-28 15:36:45.771   422   465 W TransactionTracing: Could not find layer handle 0x7b315a68d390
10-28 15:36:45.771   422   465 W TransactionTracing: Could not find layer handle 0x7b315a68e2f0
10-28 15:36:45.771   422   465 W TransactionTracing: Could not find layer handle 0x7b315a68c010
10-28 15:36:45.771   422   465 W TransactionTracing: Could not find layer handle 0x7b315a68db70
10-28 15:36:45.771   422   465 W TransactionTracing: Could not find layer handle 0x7b315a68b290
10-28 15:36:45.774  1133  1133 W FrameTracker: Missed SF frame:PREDICTION_ERROR, 13704, 5519060, CUJ=J<LAUNCHER_APP_CLOSE_TO_HOME>
10-28 15:36:45.774  1133  1133 W FrameTracker: Missed SF frame:PREDICTION_ERROR, 13748, 6016198, CUJ=J<LAUNCHER_APP_CLOSE_TO_HOME>
10-28 15:36:45.774  1133  1133 W FrameTracker: Missed SF frame:PREDICTION_ERROR, 13792, 4902145, CUJ=J<LAUNCHER_APP_CLOSE_TO_HOME>
10-28 15:36:45.774  1133  1133 W FrameTracker: Missed SF frame:PREDICTION_ERROR, 13936, 3863289, CUJ=J<LAUNCHER_APP_CLOSE_TO_HOME>
10-28 15:36:45.774  1133  1133 W FrameTracker: Missed SF frame:PREDICTION_ERROR, 14116, 3405312, CUJ=J<LAUNCHER_APP_CLOSE_TO_HOME>
10-28 15:36:45.774  1133  1133 W FrameTracker: Missed SF frame:PREDICTION_ERROR, 14152, 3291240, CUJ=J<LAUNCHER_APP_CLOSE_TO_HOME>
10-28 15:36:45.774  1133  1133 W FrameTracker: Missed SF frame:PREDICTION_ERROR, 14296, 3654325, CUJ=J<LAUNCHER_APP_CLOSE_TO_HOME>
10-28 15:36:45.775  1133  1815 V PerfettoTrigger: Not triggering com.android.telemetry.interaction-jank-monitor-9 - not enough time since last trigger
10-28 15:36:45.786   422   465 W TransactionTracing: Could not find layer handle 0x7b315a68bdd0
10-28 15:36:45.787   422   465 W TransactionTracing: Could not find layer handle 0x7b315a68f1f0
10-28 15:36:45.808   582   863 W InputManager-JNI: Input channel object 'd057952 Splash Screen org.nayestane.ustad (client)' was disposed without first being removed with the input manager!
10-28 15:36:45.837   422   465 W TransactionTracing: Could not find layer handle 0x7b315a68c430
10-28 15:36:45.858   870   925 W FrameTracker: Missed SF frame:PREDICTION_ERROR, 13929, 4707209, CUJ=J<SPLASHSCREEN_EXIT_ANIM>
10-28 15:36:45.858   870   925 W FrameTracker: Missed SF frame:PREDICTION_ERROR, 14008, 5003026, CUJ=J<SPLASHSCREEN_EXIT_ANIM>
10-28 15:36:45.858   870   925 W FrameTracker: Missed SF frame:PREDICTION_ERROR, 14044, 4480855, CUJ=J<SPLASHSCREEN_EXIT_ANIM>
10-28 15:36:45.858   870   925 W FrameTracker: Missing HWUI jank callback for vsyncId: 14145, CUJ=J<SPLASHSCREEN_EXIT_ANIM>
10-28 15:36:45.858   870   925 W FrameTracker: Missed SF frame:PREDICTION_ERROR, 14217, 9721599, CUJ=J<SPLASHSCREEN_EXIT_ANIM>
10-28 15:36:45.858   870   925 W FrameTracker: Missed SF frame:PREDICTION_ERROR, 14289, 5282216, CUJ=J<SPLASHSCREEN_EXIT_ANIM>
10-28 15:36:45.858   870   925 W FrameTracker: Missed SF frame:PREDICTION_ERROR, 14318, 0, CUJ=J<SPLASHSCREEN_EXIT_ANIM>
10-28 15:36:45.858   870   925 W FrameTracker: Missing HWUI jank callback for vsyncId: 14318, CUJ=J<SPLASHSCREEN_EXIT_ANIM>
10-28 15:36:45.858   870   925 W FrameTracker: Missed SF frame:PREDICTION_ERROR, 14376, 6094902, CUJ=J<SPLASHSCREEN_EXIT_ANIM>
10-28 15:36:45.858   870   925 W FrameTracker: Missed SF frame:PREDICTION_ERROR, 14405, 0, CUJ=J<SPLASHSCREEN_EXIT_ANIM>
10-28 15:36:45.858   870   925 W FrameTracker: Missing HWUI jank callback for vsyncId: 14405, CUJ=J<SPLASHSCREEN_EXIT_ANIM>
10-28 15:36:45.858   870   915 V PerfettoTrigger: Not triggering com.android.telemetry.interaction-jank-monitor-39 - not enough time since last trigger
10-28 15:36:46.096  2523  2540 D UiDevice: Searching for node with selector: BySelector [TEXT='\QGet Started\E'].
10-28 15:36:46.691  2523  2540 D UiDevice: Searching for node with selector: BySelector [TEXT='\QGet Started\E'].
10-28 15:36:46.794  2523  2540 D UiDevice: Searching for node with selector: BySelector [TEXT='\QGet Started\E'].
10-28 15:36:46.896  2523  2540 D UiDevice: Searching for node with selector: BySelector [TEXT='\QGet Started\E'].
10-28 15:36:46.999  2523  2540 D UiDevice: Searching for node with selector: BySelector [TEXT='\QGet Started\E'].
10-28 15:36:47.102  2523  2540 D UiDevice: Searching for node with selector: BySelector [TEXT='\QGet Started\E'].
10-28 15:36:47.204  2523  2540 D UiDevice: Searching for node with selector: BySelector [TEXT='\QGet Started\E'].
10-28 15:36:47.307  2523  2540 D UiDevice: Searching for node with selector: BySelector [TEXT='\QGet Started\E'].
10-28 15:36:47.410  2523  2540 D UiDevice: Searching for node with selector: BySelector [TEXT='\QGet Started\E'].
10-28 15:36:47.512  2523  2540 D UiDevice: Searching for node with selector: BySelector [TEXT='\QGet Started\E'].
10-28 15:36:47.615  2523  2540 D UiDevice: Searching for node with selector: BySelector [TEXT='\QGet Started\E'].
10-28 15:36:47.718  2523  2540 D UiDevice: Searching for node with selector: BySelector [TEXT='\QGet Started\E'].
10-28 15:36:47.820  2523  2540 D UiDevice: Searching for node with selector: BySelector [TEXT='\QGet Started\E'].
10-28 15:36:47.923  2523  2540 D UiDevice: Searching for node with selector: BySelector [TEXT='\QGet Started\E'].
10-28 15:36:48.026  2523  2540 D UiDevice: Searching for node with selector: BySelector [TEXT='\QGet Started\E'].
10-28 15:36:48.128  2523  2540 D UiDevice: Searching for node with selector: BySelector [TEXT='\QGet Started\E'].
10-28 15:36:48.221   870   976 D EGL_emulation: app_time_stats: avg=101.01ms min=13.62ms max=2096.95ms count=28
10-28 15:36:48.231  2523  2540 D UiDevice: Searching for node with selector: BySelector [TEXT='\QGet Started\E'].
10-28 15:36:48.807  2523  2540 D UiDevice: Searching for node with selector: BySelector [TEXT='\QGet Started\E'].
10-28 15:36:48.910  2523  2540 D UiDevice: Searching for node with selector: BySelector [TEXT='\QGet Started\E'].
10-28 15:36:49.013  2523  2540 D UiDevice: Searching for node with selector: BySelector [TEXT='\QGet Started\E'].
10-28 15:36:49.116  2523  2540 D UiDevice: Searching for node with selector: BySelector [TEXT='\QGet Started\E'].
10-28 15:36:49.219  2523  2540 D UiDevice: Searching for node with selector: BySelector [TEXT='\QGet Started\E'].
10-28 15:36:49.322  2523  2540 D UiDevice: Searching for node with selector: BySelector [TEXT='\QGet Started\E'].
10-28 15:36:49.425  2523  2540 D UiDevice: Searching for node with selector: BySelector [TEXT='\QGet Started\E'].
10-28 15:36:49.527  2523  2540 D UiDevice: Searching for node with selector: BySelector [TEXT='\QGet Started\E'].
10-28 15:36:49.630  2523  2540 D UiDevice: Searching for node with selector: BySelector [TEXT='\QGet Started\E'].
10-28 15:36:49.733  2523  2540 D UiDevice: Searching for node with selector: BySelector [TEXT='\QGet Started\E'].
10-28 15:36:49.836  2523  2540 D UiDevice: Searching for node with selector: BySelector [TEXT='\QGet Started\E'].
10-28 15:36:49.938  2523  2540 D UiDevice: Searching for node with selector: BySelector [TEXT='\QGet Started\E'].
10-28 15:36:50.041  2523  2540 D UiDevice: Searching for node with selector: BySelector [TEXT='\QGet Started\E'].
10-28 15:36:50.144  2523  2540 D UiDevice: Searching for node with selector: BySelector [TEXT='\QGet Started\E'].
10-28 15:36:50.247  2523  2540 D UiDevice: Searching for node with selector: BySelector [TEXT='\QGet Started\E'].
10-28 15:36:50.350  2523  2540 D UiDevice: Searching for node with selector: BySelector [TEXT='\QGet Started\E'].
10-28 15:36:50.453  2523  2540 D UiDevice: Searching for node with selector: BySelector [TEXT='\QGet Started\E'].
10-28 15:36:50.555  2523  2540 D UiDevice: Searching for node with selector: BySelector [TEXT='\QGet Started\E'].
10-28 15:36:50.658  2523  2540 D UiDevice: Searching for node with selector: BySelector [TEXT='\QGet Started\E'].
10-28 15:36:50.765  2523  2540 D UiDevice: Searching for node with selector: BySelector [TEXT='\QGet Started\E'].
10-28 15:36:50.868  2523  2540 D UiDevice: Searching for node with selector: BySelector [TEXT='\QGet Started\E'].
10-28 15:36:50.970  2523  2540 D UiDevice: Searching for node with selector: BySelector [TEXT='\QGet Started\E'].
10-28 15:36:51.073  2523  2540 D UiDevice: Searching for node with selector: BySelector [TEXT='\QGet Started\E'].
10-28 15:36:51.176  2523  2540 D UiDevice: Searching for node with selector: BySelector [TEXT='\QGet Started\E'].
10-28 15:36:51.278  2523  2540 D UiDevice: Searching for node with selector: BySelector [TEXT='\QGet Started\E'].
10-28 15:36:51.381  2523  2540 D UiDevice: Searching for node with selector: BySelector [TEXT='\QGet Started\E'].
10-28 15:36:51.483  2523  2540 D UiDevice: Searching for node with selector: BySelector [TEXT='\QGet Started\E'].
10-28 15:36:51.586  2523  2540 D UiDevice: Searching for node with selector: BySelector [TEXT='\QGet Started\E'].
10-28 15:36:51.689  2523  2540 D UiDevice: Searching for node with selector: BySelector [TEXT='\QGet Started\E'].
10-28 15:36:51.791  2523  2540 D UiDevice: Searching for node with selector: BySelector [TEXT='\QGet Started\E'].
10-28 15:36:51.894  2523  2540 D UiDevice: Searching for node with selector: BySelector [TEXT='\QGet Started\E'].
10-28 15:36:51.996  2523  2540 D UiDevice: Searching for node with selector: BySelector [TEXT='\QGet Started\E'].
10-28 15:36:52.099  2523  2540 D UiDevice: Searching for node with selector: BySelector [TEXT='\QGet Started\E'].
10-28 15:36:52.202  2523  2540 D UiDevice: Searching for node with selector: BySelector [TEXT='\QGet Started\E'].
10-28 15:36:52.304  2523  2540 D UiDevice: Searching for node with selector: BySelector [TEXT='\QGet Started\E'].
10-28 15:36:52.407  2523  2540 D UiDevice: Searching for node with selector: BySelector [TEXT='\QGet Started\E'].
10-28 15:36:52.510  2523  2540 D UiDevice: Searching for node with selector: BySelector [TEXT='\QGet Started\E'].
10-28 15:36:52.613  2523  2540 D UiDevice: Searching for node with selector: BySelector [TEXT='\QGet Started\E'].
10-28 15:36:52.716  2523  2540 D UiDevice: Searching for node with selector: BySelector [TEXT='\QGet Started\E'].
10-28 15:36:52.819  2523  2540 D UiDevice: Searching for node with selector: BySelector [TEXT='\QGet Started\E'].
10-28 15:36:52.922  2523  2540 D UiDevice: Searching for node with selector: BySelector [TEXT='\QGet Started\E'].
10-28 15:36:53.025  2523  2540 D UiDevice: Searching for node with selector: BySelector [TEXT='\QGet Started\E'].
10-28 15:36:53.128  2523  2540 D UiDevice: Searching for node with selector: BySelector [TEXT='\QGet Started\E'].
10-28 15:36:53.230  2523  2540 D UiDevice: Searching for node with selector: BySelector [TEXT='\QGet Started\E'].
10-28 15:36:53.333  2523  2540 D UiDevice: Searching for node with selector: BySelector [TEXT='\QGet Started\E'].
10-28 15:36:53.436  2523  2540 D UiDevice: Searching for node with selector: BySelector [TEXT='\QGet Started\E'].
10-28 15:36:53.539  2523  2540 D UiDevice: Searching for node with selector: BySelector [TEXT='\QGet Started\E'].
10-28 15:36:53.642  2523  2540 D UiDevice: Searching for node with selector: BySelector [TEXT='\QGet Started\E'].
10-28 15:36:53.744  2523  2540 D UiDevice: Searching for node with selector: BySelector [TEXT='\QGet Started\E'].
10-28 15:36:53.847  2523  2540 D UiDevice: Searching for node with selector: BySelector [TEXT='\QGet Started\E'].
10-28 15:36:53.950  2523  2540 D UiDevice: Searching for node with selector: BySelector [TEXT='\QGet Started\E'].
10-28 15:36:54.053  2523  2540 D UiDevice: Searching for node with selector: BySelector [TEXT='\QGet Started\E'].
10-28 15:36:54.155  2523  2540 D UiDevice: Searching for node with selector: BySelector [TEXT='\QGet Started\E'].
10-28 15:36:54.258  2523  2540 D UiDevice: Searching for node with selector: BySelector [TEXT='\QGet Started\E'].
10-28 15:36:54.361  2523  2540 D UiDevice: Searching for node with selector: BySelector [TEXT='\QGet Started\E'].
10-28 15:36:54.463  2523  2540 D UiDevice: Searching for node with selector: BySelector [TEXT='\QGet Started\E'].
10-28 15:36:54.566  2523  2540 D UiDevice: Searching for node with selector: BySelector [TEXT='\QGet Started\E'].
10-28 15:36:54.668  2523  2540 D UiDevice: Searching for node with selector: BySelector [TEXT='\QGet Started\E'].
10-28 15:36:54.771  2523  2540 D UiDevice: Searching for node with selector: BySelector [TEXT='\QGet Started\E'].
10-28 15:36:54.873  2523  2540 D UiDevice: Searching for node with selector: BySelector [TEXT='\QGet Started\E'].
10-28 15:36:54.976  2523  2540 D UiDevice: Searching for node with selector: BySelector [TEXT='\QGet Started\E'].
10-28 15:36:55.079  2523  2540 D UiDevice: Searching for node with selector: BySelector [TEXT='\QGet Started\E'].
10-28 15:36:55.181  2523  2540 D UiDevice: Searching for node with selector: BySelector [TEXT='\QGet Started\E'].
10-28 15:36:55.284  2523  2540 D UiDevice: Searching for node with selector: BySelector [TEXT='\QGet Started\E'].
10-28 15:36:55.387  2523  2540 D UiDevice: Searching for node with selector: BySelector [TEXT='\QGet Started\E'].
10-28 15:36:55.489  2523  2540 D UiDevice: Searching for node with selector: BySelector [TEXT='\QGet Started\E'].
10-28 15:36:55.592  2523  2540 D UiDevice: Searching for node with selector: BySelector [TEXT='\QGet Started\E'].
10-28 15:36:55.695  2523  2540 D UiDevice: Searching for node with selector: BySelector [TEXT='\QGet Started\E'].
10-28 15:36:56.697  2523  2540 D UiDevice: Retrieving node with selector: BySelector [TEXT='\QGet Started\E'].
10-28 15:36:56.701  2523  2540 D UiDevice: Node not found with selector: BySelector [TEXT='\QGet Started\E'].
10-28 15:37:00.029   870   976 D EGL_emulation: app_time_stats: avg=11807.85ms min=11807.85ms max=11807.85ms count=1
10-28 15:37:01.701  2523  2540 D Benchmark: Profile Installer - Save Profile
10-28 15:37:01.717  2617  2617 I Process : Sending signal. PID: 2617 SIG: 10
10-28 15:37:01.717  2617  2617 D ProfileInstaller:
10-28 15:37:01.718  2617  2622 I nayestane.ustad: Thread[6,tid=2622,WaitingInMainSignalCatcherLoop,Thread*=0x7f5acd2a1200,peer=0x137c1e40,"Signal Catcher"]: reacting to signal 10
10-28 15:37:01.718  2617  2622 I nayestane.ustad:
10-28 15:37:01.718  2617  2622 I nayestane.ustad: SIGUSR1 forcing GC (no HPROF) and profile save
10-28 15:37:01.747  2617  2622 I nayestane.ustad: Explicit concurrent copying GC freed 185489(7128KB) AllocSpace objects, 11(292KB) LOS objects, 49% free, 7907KB/15MB, paused 90us,10us total 29.114ms
10-28 15:37:01.749  2617  2628 W System  : A resource failed to call close.
10-28 15:37:02.219  2523  2540 D Benchmark: Killing process org.nayestane.ustad
10-28 15:37:02.219  2523  2540 D UiDevice: Executing shell command: killall org.nayestane.ustad
10-28 15:37:02.235  1495  1681 W MediaProvider: isAppCloneUserPair for user 0: false
10-28 15:37:02.236  1495  1681 V MediaProvider: Inserted id:1000000079 less than next row id backup:1000001000.
10-28 15:37:02.273   582  1257 I PackageDexOptimizer: Running dexopt (dexoptNeeded=-3) on: /data/app/~~ZJQ7sXylsANplpuIJprZpw==/org.nayestane.ustad-MZAU5CLP1yOCe01YQZ7TaA==/base.apk pkg=org.nayestane.ustad isa=x86_64 dexoptFlags=boot_complete,profile_guided,force,enable_hidden_api_checks targetFilter=speed-profile oatDir=/data/app/~~ZJQ7sXylsANplpuIJprZpw==/org.nayestane.ustad-MZAU5CLP1yOCe01YQZ7TaA==/oat classLoaderContext=PCL[]{PCL[/system_ext/framework/androidx.window.extensions.jar]#PCL[/system_ext/framework/androidx.window.sidecar.jar]}
10-28 15:37:02.274   502   665 V installd: DexInv: --- BEGIN '/data/app/~~ZJQ7sXylsANplpuIJprZpw==/org.nayestane.ustad-MZAU5CLP1yOCe01YQZ7TaA==/base.apk' ---
10-28 15:37:02.274   502   665 V installd: Running /apex/com.android.art/bin/dex2oat64 in=base.apk out=/data/app/~~ZJQ7sXylsANplpuIJprZpw==/org.nayestane.ustad-MZAU5CLP1yOCe01YQZ7TaA==/oat/x86_64/base.odex
10-28 15:37:02.284  3777  3777 W dex2oat64: Unexpected CPU variant for x86: x86_64.
10-28 15:37:02.284  3777  3777 W dex2oat64: Known variants: atom, sandybridge, silvermont, kabylake, default
10-28 15:37:02.285  3777  3777 W dex2oat64: Mismatch between dex2oat instruction set features to use (ISA: X86_64 Feature string: -ssse3,-sse4.1,-sse4.2,-avx,-avx2,-popcnt) and those from CPP defines (ISA: X86_64 Feature string: ssse3,sse4.1,sse4.2,-avx,-avx2,popcnt) for the command line:
10-28 15:37:02.285  3777  3777 W dex2oat64: /apex/com.android.art/bin/dex2oat64 --zip-fd=8 --zip-location=base.apk --oat-fd=9 --oat-location=/data/app/~~ZJQ7sXylsANplpuIJprZpw==/org.nayestane.ustad-MZAU5CLP1yOCe01YQZ7TaA==/oat/x86_64/base.odex --input-vdex-fd=11 --output-vdex-fd=10 --app-image-fd=14 --image-format=lz4 --profile-file-fd=13 --swap-fd=12 --classpath-dir=/data/app/~~ZJQ7sXylsANplpuIJprZpw==/org.nayestane.ustad-MZAU5CLP1yOCe01YQZ7TaA== --class-loader-context=PCL[]{PCL[/system_ext/framework/androidx.window.extensions.jar]#PCL[/system_ext/framework/androidx.window.sidecar.jar]} --instruction-set=x86_64 --instruction-set-features=default --instruction-set-variant=x86_64 --compiler-filter=speed-profile --compilation-reason=cmdline --max-image-block-size=524288 --resolve-startup-const-strings=true --generate-mini-debug-info --runtime-arg -Xtarget-sdk-version:34 --runtime-arg -Xhidden-api-policy:enabled --runtime-arg -Xms64m --runtime-arg -Xmx512m
10-28 15:37:02.288  3777  3777 I dex2oat64: /apex/com.android.art/bin/dex2oat64 --input-vdex-fd=11 --output-vdex-fd=10 --profile-file-fd=13 --classpath-dir=/data/app/~~ZJQ7sXylsANplpuIJprZpw==/org.nayestane.ustad-MZAU5CLP1yOCe01YQZ7TaA== --class-loader-context=PCL[]{PCL[/system_ext/framework/androidx.window.extensions.jar]#PCL[/system_ext/framework/androidx.window.sidecar.jar]} --compiler-filter=speed-profile --compilation-reason=cmdline --max-image-block-size=524288 --resolve-startup-const-strings=true --generate-mini-debug-info
10-28 15:37:05.967  3777  3777 W dex2oat64: Accessing hidden method Landroid/window/BackEvent;->getProgress()F (blocked, linking, denied)
10-28 15:37:05.967  3777  3777 W dex2oat64: Accessing hidden method Landroid/window/BackEvent;->getSwipeEdge()I (blocked, linking, denied)
10-28 15:37:05.967  3777  3777 W dex2oat64: Accessing hidden method Landroid/window/BackEvent;->getTouchX()F (blocked, linking, denied)
10-28 15:37:05.967  3777  3777 W dex2oat64: Accessing hidden method Landroid/window/BackEvent;->getTouchY()F (blocked, linking, denied)
10-28 15:37:06.199  3777  3779 W dex2oat64: Method java.lang.Object androidx.compose.runtime.snapshots.SnapshotStateMap.mutate(kotlin.jvm.functions.Function1) failed lock verification and will run slower.
10-28 15:37:06.199  3777  3779 W dex2oat64: Common causes for lock verification issues are non-optimized dex code
10-28 15:37:06.199  3777  3779 W dex2oat64: and incorrect proguard optimizations.
10-28 15:37:06.199  3777  3779 W dex2oat64: Method void androidx.compose.runtime.snapshots.SnapshotStateMap.update(kotlin.jvm.functions.Function1) failed lock verification and will run slower.
10-28 15:37:06.200  3777  3779 W dex2oat64: Method boolean androidx.compose.runtime.snapshots.SnapshotStateMap.removeIf$runtime_release(kotlin.jvm.functions.Function1) failed lock verification and will run slower.
10-28 15:37:06.217  3777  3780 W dex2oat64: Method boolean androidx.compose.runtime.snapshots.SnapshotStateList.conditionalUpdate(boolean, kotlin.jvm.functions.Function1) failed lock verification and will run slower.
10-28 15:37:06.218  3777  3780 W dex2oat64: Method boolean androidx.compose.runtime.snapshots.SnapshotStateList.conditionalUpdate$default(androidx.compose.runtime.snapshots.SnapshotStateList, boolean, kotlin.jvm.functions.Function1, int, java.lang.Object) failed lock verification and will run slower.
10-28 15:37:06.218  3777  3780 W dex2oat64: Method java.lang.Object androidx.compose.runtime.snapshots.SnapshotStateList.mutate(kotlin.jvm.functions.Function1) failed lock verification and will run slower.
10-28 15:37:06.218  3777  3780 W dex2oat64: Method void androidx.compose.runtime.snapshots.SnapshotStateList.update(boolean, kotlin.jvm.functions.Function1) failed lock verification and will run slower.
10-28 15:37:06.218  3777  3780 W dex2oat64: Method void androidx.compose.runtime.snapshots.SnapshotStateList.update$default(androidx.compose.runtime.snapshots.SnapshotStateList, boolean, kotlin.jvm.functions.Function1, int, java.lang.Object) failed lock verification and will run slower.
10-28 15:37:07.431  3777  3777 I dex2oat64: Explicit concurrent copying GC freed 197116(31MB) AllocSpace objects, 0(0B) LOS objects, 49% free, 2157KB/4315KB, paused 16us,2us total 7.816ms
10-28 15:37:07.747  3777  3777 I dex2oat64: dex2oat took 5.463s (8.827s cpu) (threads: 4) arena alloc=11MB (12187304B) java alloc=2157KB (2209576B) native alloc=22MB (23381552B) free=145MB (152709712B)
10-28 15:37:07.774   502   665 V installd: DexInv: --- END '/data/app/~~ZJQ7sXylsANplpuIJprZpw==/org.nayestane.ustad-MZAU5CLP1yOCe01YQZ7TaA==/base.apk' (success) ---
10-28 15:37:07.824  1495  2561 W MediaProvider: isAppCloneUserPair for user 0: false
10-28 15:37:07.825  1495  2561 V MediaProvider: Inserted id:1000000080 less than next row id backup:1000001000.
10-28 15:37:08.188  3797  3797 W profman : profman took 334.734ms
10-28 15:37:08.210  1495  1681 W MediaProvider: isAppCloneUserPair for user 0: false
10-28 15:37:08.211  1495  1681 V MediaProvider: Inserted id:1000000081 less than next row id backup:1000001000.
10-28 15:37:08.629  1495  1688 I MediaProvider: Deleted 0 0 0 0 0 0 0 items on external_primary due to com.ustadmobile.app_android_baselineprofile
10-28 15:37:08.852  2617  2681 D UstadCache: CacheTrimmer:  Trim cache run: max (evictable) size = 100000000 bytes
10-28 15:37:08.853  2617  2681 V UstadCache: CacheTrimmer:  deleting
10-28 15:37:09.422  2523  2540 D Benchmark: Unstable profiles during iteration 10
10-28 15:37:09.422  2523  2540 D Benchmark: Killing package org.nayestane.ustad
10-28 15:37:09.422  2523  2540 D Benchmark: Killing process org.nayestane.ustad
10-28 15:37:09.422  2523  2540 D UiDevice: Executing shell command: killall org.nayestane.ustad
10-28 15:37:09.434  2523  2540 D Benchmark: Compile iteration (11) for org.nayestane.ustad
10-28 15:37:09.434  2523  2540 D UiDevice: Pressing home button.
10-28 15:37:09.440   870   870 V ShadeControllerImpl: NotificationShadeWindow: com.android.systemui.shade.NotificationShadeWindowView{963422f I.E...... ......ID 0,0-320,640} canPanelBeCollapsed(): false
10-28 15:37:09.441  1133  1133 D TaplTarget: Launcher.onNewIntent: Intent { act=android.intent.action.MAIN cat=[android.intent.category.HOME] flg=0x10400100 cmp=com.android.launcher3/.uioverrides.QuickstepLauncher (has extras) }
10-28 15:37:09.446   870   870 V ShadeControllerImpl: NotificationShadeWindow: com.android.systemui.shade.NotificationShadeWindowView{963422f I.E...... ......ID 0,0-320,640} canPanelBeCollapsed(): false
10-28 15:37:09.470   422   422 I BpBinder: onLastStrongRef automatically unlinking death recipients: <uncached descriptor>
10-28 15:37:09.473   422   465 W TransactionTracing: Could not find layer handle 0x7b315a68b1d0
10-28 15:37:09.477   870   976 D EGL_emulation: app_time_stats: avg=9448.65ms min=9448.65ms max=9448.65ms count=1
10-28 15:37:09.481  1495  3294 W MediaProvider: isAppCloneUserPair for user 0: false
10-28 15:37:09.481  1495  3294 V MediaProvider: Inserted id:1000000082 less than next row id backup:1000001000.
10-28 15:37:09.503   422   465 W TransactionTracing: Could not find layer handle 0x7b315a68c070
10-28 15:37:09.532  2523  2540 I System.out: 0 Flags,FrameTimelineVsyncId,IntendedVsync,Vsync,InputEventId,HandleInputStart,AnimationStart,PerformTraversalsStart,DrawStart,FrameDeadline,FrameInterval,FrameStartTime,SyncQueued,SyncStart,IssueDrawCommandsStart,SwapBuffers,FrameCompleted,DequeueBufferDuration,QueueBufferDuration,GpuCompleted,SwapBuffersCompleted,DisplayPresentTime,CommandSubmissionCompleted,
10-28 15:37:09.532  2523  2540 I System.out: 1 1,13799,486401336691,486418003357,0,486421614140,486421614300,486421614420,486444525656,486418003357,486421613150,16666666,486445076276,486445197656,486445286756,486445461396,486445933207,2110,122720,486445906757,486445933207,486455989779,486445461396,
10-28 15:37:09.532  2523  2540 I System.out: 2 0,13871,486434670023,486434670023,0,486448858447,486448859857,486454897089,486454916839,486468003355,486448856407,16666666,486455436379,486455451459,486455484569,486455590119,486456854200,2900,411180,486456807790,486456854200,486470762834,486455590119,
10-28 15:37:09.532  2523  2540 I System.out: 3 0,13943,486468003355,486468003355,0,486471544254,486471544854,486507590344,486507612984,486484670021,486471541884,16666666,486515296576,486515331486,486515391056,486515473926,486518120187,2760,145740,486518120187,486516157956,486520755687,486515473926,
10-28 15:37:09.532  2523  2540 I System.out: 4 0,13986,486484670021,486501336687,0,486517319476,486517319846,486530758960,486530782540,486551336685,486517318056,16666666,486540365983,486540437303,486540504073,486541030793,486550024376,2670,137310,486550024376,486541758283,486553462086,486541030793,
10-28 15:37:09.532  2523  2540 I System.out: 5 0,14058,486518003353,486534670019,0,486544886864,486544887584,486547007075,486547030125,486568003351,486544884624,16666666,486548441295,486548470905,486548523385,486549376855,486553999787,3914871,196511,486551448536,486553999787,486570675021,486549376855,
10-28 15:37:09.532  2523  2540 I System.out: 6 0,14123,486551336685,486551336685,0,486554110637,486554111017,486556211667,486556234467,486584670017,486554108857,16666666,486557607338,486557626158,486557680818,486558530958,486570730751,11626203,97860,486568115591,486570730751,486588008716,486558530958,
10-28 15:37:09.532  2523  2540 I System.out: 7 0,14159,486568003351,486568003351,0,486569482701,486569483671,486573524492,486573557492,486601336683,486569479881,16666666,486576009063,486576068653,486576116223,486576788023,486588155386,10693013,88350,486584791635,486588155386,486603384690,486576788023,
10-28 15:37:09.532  2523  2540 I System.out: 8 0,14195,486584670017,486584670017,0,486588393836,486588394616,486599008819,486599035279,486618003349,486588391436,16666666,486603376150,486603428920,486603511690,486606246521,486609606842,3170,122420,486609606842,486607180301,486621234065,486606246521,
10-28 15:37:09.532  2523  2540 I System.out: 9 0,14231,486601336683,486601336683,0,486604588171,486604588391,486606590041,486606611201,486634670015,486604587341,16666666,486607748152,486607801592,486607839622,486608780262,486621651925,11988643,95680,486618125274,486621651925,486637896750,486608780262,
10-28 15:37:09.532  2523  2540 I System.out: 10 0,14267,486618003349,486618003349,0,486620837825,486620838155,486623076266,486623094736,486651336681,486620835895,16666666,486624605276,486624664136,486624732456,486625877257,486638199330,10928503,182710,486634835859,486638199330,486654179354,486625877257,
10-28 15:37:09.532  2523  2540 I System.out: 11 0,14303,486634670015,486634670015,0,486635079279,486635079439,486636867450,486636887860,486668003347,486635077549,16666666,486638415180,486638492840,486638674200,486640032141,486654629995,13712354,131870,486651479474,486654629995,486672028189,486640032141,
10-28 15:37:09.532  2523  2540 I System.out: 12 0,14332,486651336681,486651336681,0,486651786014,486651786224,486654236184,486654266384,486684670013,486651785014,16666666,486656526565,486656567235,486656617205,486657240235,486672747810,14601684,82230,486668153748,486672747810,486686738653,486657240235,
10-28 15:37:09.532  2523  2540 I System.out: 13 0,14361,486668003347,486668003347,0,486668657278,486668657468,486671901659,486671932629,486701336679,486668656828,16666666,486673497890,486673542980,486673602770,486674675600,486687469274,11710144,102840,486684873773,486687469274,486702665388,486674675600,
10-28 15:37:09.532  2523  2540 I System.out: 14 0,14397,486684670013,486684670013,0,486685918853,486685919373,486689594644,486689622884,486718003345,486685916833,16666666,486691573735,486691605695,486691646905,486692301795,486702910368,9732523,104230,486701454268,486702910368,486721689533,486692301795,
10-28 15:37:09.532  2523  2540 I System.out: 15 0,14433,486701336679,486701336679,0,486701625168,486701625298,486704619678,486704650958,486734670011,486701624318,16666666,486707312089,486707406529,486707477299,486708480130,486721939803,12145413,133740,486718143842,486721939803,486736706267,486708480130,
10-28 15:37:09.532  2523  2540 I System.out: 16 0,14455,486718003345,486718003345,0,486718580422,486718580622,486720983893,486721008073,486751336677,486718569092,16666666,486722778474,486722811054,486722856224,486723759414,486736960257,12385523,94420,486734786687,486736960257,486753734422,486723759414,
10-28 15:37:09.532  2523  2540 I System.out: 17 0,14477,486734670011,486734670011,0,486734950537,486734950807,486737405388,486737431178,486768003343,486734949597,16666666,486739269928,486739306828,486739359638,486740210178,486753569952,12299913,102970,486751501061,486753569952,486770013097,486740210178,
10-28 15:37:09.532  2523  2540 I System.out: 18 0,14506,486751336677,486751336677,0,486751554642,486751554882,486755274333,486755299673,486784670009,486751552962,16666666,486757092263,486757144713,486757209803,486757910723,486770824497,11974293,97811,486768163566,486770824497,486786696761,486757910723,
10-28 15:37:09.532  2523  2540 I System.out: 19 0,14535,486768003343,486768003343,0,486768309776,486768309916,486768947556,486768966926,486801336675,486768309196,16666666,486769908407,486770864497,486770919537,486771162757,486786949361,14777014,118450,486784828901,486786949361,486802520336,486771162757,
10-28 15:37:09.532  2523  2540 I System.out: 20 0,14550,486784670009,486784670009,0,486786816231,486786816611,486787390111,486787411541,486818003341,486786814831,16666666,486788326792,486788359612,486788410052,486788676732,486802787776,13145824,123080,486789582362,486802787776,486820176911,486788676732,
10-28 15:37:09.532  2523  2540 I System.out: 21 0,14572,486801336675,486801336675,0,486801468395,486801468735,486801976646,486801992846,486834670007,486801467325,16666666,486803005406,486803407766,486803451506,486803666596,486820322351,15661985,160670,486818132090,486820322351,486835617705,486803666596,
10-28 15:37:09.532  2523  2540 I System.out: 22 0,14587,486818003341,486818003341,0,486818193550,486818194080,486819178300,486819204130,486851336673,486818192410,16666666,486820288761,486820346731,486820389751,486820635171,486836027385,14356974,186010,486834757685,486836027385,486852444710,486820635171,
10-28 15:37:09.532  2523  2540 I System.out: 23 0,14595,486834670007,486834670007,0,486834804065,486834804395,486837010385,486837034635,486868003339,486834803055,16666666,486838407516,486838443386,486838493226,486838962776,486852639030,12640274,201830,486851462799,486852639030,486869588804,486838962776,
10-28 15:37:09.532  2523  2540 I System.out: 24 0,14617,486851336673,486851336673,0,486851597509,486851597809,486854025780,486854051320,486884670005,486851596579,16666666,486855287390,486855330790,486855376140,486855853030,486869716274,12947553,209080,486868108354,486869716274,486886560709,486855853030,
10-28 15:37:09.532  2523  2540 I System.out: 25 0,14632,486868003339,486868003339,0,486868221494,486868222264,486869569844,486869601734,486901336671,486868194414,16666666,486870931865,486871000735,486871052905,486871615605,486886656499,14230444,123750,486884776139,486886656499,486903526424,486871615605,
10-28 15:37:09.532  2523  2540 I System.out: 26 0,14647,486884670005,486884670005,0,486884827199,486884827979,486885588919,486885608979,486918003337,486884826379,16666666,486886615359,486886680099,486886719559,486887086099,486903548674,15549295,164010,486901463443,486903548674,486919738398,486887086099,
10-28 15:37:09.532  2523  2540 I System.out: 27 0,14662,486901336671,486901336671,0,486901582723,486901583263,486902078723,486902104773,486934670003,486901581473,16666666,486902158423,486903575594,486903618804,486904208324,486920333778,15217254,105000,486918141978,486920333778,436502847754,486904208324,
10-28 15:37:09.533  2523  2540 I System.out: 28 0,14686,486918003337,486918003337,0,486918182328,486918182698,486918596348,486920091588,486951336669,486918180898,16666666,486920251078,486920361258,486920416918,486920872369,486935769283,13781874,152940,486921942829,486935769283,0,486920872369,
10-28 15:37:09.533  2523  2540 I System.out: 29 0,14707,486934670003,486934670003,0,486935015582,486935015742,486936838993,486936859763,486968003335,486935014402,16666666,486938067763,486938154653,486938207503,486938724343,486953260498,13712434,111170,486951435717,486953260498,0,486938724343,
10-28 15:37:09.533  2523  2540 I System.out: 30 0,14735,486951336669,486951336669,0,486951560897,486951561347,486953017017,486953037397,486984670001,486951559487,16666666,486953555738,486953596538,486953637178,486953979528,486969145452,14262394,136670,486954843288,486969145452,0,486953979528,
10-28 15:37:09.533  2523  2540 I System.out: 31 8,14750,486968003335,486968003335,0,486968180912,486968181252,486968181442,486968193422,486984670001,486968180082,16666666,486968197742,486969179412,436536818074,436537241814,436552864168,14629304,179190,436551405478,436552864168,0,436537241814,
10-28 15:37:09.533  2523  2540 D Benchmark: Starting activity with command: am start  -W "intent:#Intent;action=android.intent.action.MAIN;category=android.intent.category.LAUNCHER;launchFlags=0x10008000;package=org.nayestane.ustad;component=org.nayestane.ustad/com.ustadmobile.port.android.view.AppActivity;end"
10-28 15:37:09.535  1495  2589 W MediaProvider: isAppCloneUserPair for user 0: false
10-28 15:37:09.535  1495  2589 V MediaProvider: Inserted id:1000000083 less than next row id backup:1000001000.
10-28 15:37:09.567   870   926 D SplashScreenView: Build android.window.SplashScreenView{b84750b V.E...... ......ID 0,0-0,0}
10-28 15:37:09.567   870   926 D SplashScreenView: Icon: view: null drawable: null size: 0
10-28 15:37:09.567   870   926 D SplashScreenView: Branding: view: android.view.View{4915fe8 G.ED..... ......I. 0,0-0,0 #10204db android:id/splashscreen_branding_view} drawable: null size w: 0 h: 0
10-28 15:37:09.575  2617  2617 D AppActivity$onDestroy: AppActivity#onDestroy
10-28 15:37:09.577   582   938 W InputManager-JNI: Input channel object '52ce44d org.nayestane.ustad/com.ustadmobile.port.android.view.AppActivity (client)' was disposed without first being removed with the input manager!
10-28 15:37:09.582  2617  2617 W CustomTabsClient: Unable to find any Custom Tabs packages, you may need to add a <queries> element to your manifest. See the docs for CustomTabsClient#getPackageName.
10-28 15:37:09.582  2617  2617 W AppActivity$bindCustomTabsService: CustomTabs: Service NOT supported
10-28 15:37:09.594   870   976 W Parcel  : Expecting binder but got null!
10-28 15:37:09.596  2617  2617 D AutofillManager: Fill dialog is enabled:false, hints=[]
10-28 15:37:09.600  2617  2617 W OnBackInvokedCallback: OnBackInvokedCallback is not enabled for the application.
10-28 15:37:09.600  2617  2617 W OnBackInvokedCallback: Set 'android:enableOnBackInvokedCallback="true"' in the application manifest.
10-28 15:37:09.608   582   862 D ConnectivityService: requestNetwork for uid/pid:10126/2617 activeRequest: null callbackRequest: 66 [NetworkRequest [ REQUEST id=67, [ Capabilities: INTERNET&NOT_RESTRICTED&TRUSTED&NOT_VCN_MANAGED Uid: 10126 RequestorUid: 10126 RequestorPkg: org.nayestane.ustad UnderlyingNetworks: Null] ]] callback flags: 0 order: 2147483647
10-28 15:37:09.609   582   809 D ConnectivityService: NetReassign [67 : null → 100]
10-28 15:37:09.609   582   802 D WifiNetworkFactory: got request NetworkRequest [ REQUEST id=67, [ Capabilities: INTERNET&NOT_RESTRICTED&TRUSTED&NOT_VCN_MANAGED Uid: 10126 RequestorUid: 10126 RequestorPkg: org.nayestane.ustad UnderlyingNetworks: Null] ]
10-28 15:37:09.610   582   802 D UntrustedWifiNetworkFactory: got request NetworkRequest [ REQUEST id=67, [ Capabilities: INTERNET&NOT_RESTRICTED&TRUSTED&NOT_VCN_MANAGED Uid: 10126 RequestorUid: 10126 RequestorPkg: org.nayestane.ustad UnderlyingNetworks: Null] ]
10-28 15:37:09.610   582   802 D OemPaidWifiNetworkFactory: got request NetworkRequest [ REQUEST id=67, [ Capabilities: INTERNET&NOT_RESTRICTED&TRUSTED&NOT_VCN_MANAGED Uid: 10126 RequestorUid: 10126 RequestorPkg: org.nayestane.ustad UnderlyingNetworks: Null] ]
10-28 15:37:09.610   582   802 D MultiInternetWifiNetworkFactory: got request NetworkRequest [ REQUEST id=67, [ Capabilities: INTERNET&NOT_RESTRICTED&TRUSTED&NOT_VCN_MANAGED Uid: 10126 RequestorUid: 10126 RequestorPkg: org.nayestane.ustad UnderlyingNetworks: Null] ]
10-28 15:37:09.614   399   399 E android.hardware.power.stats@1.0-service-mock: Failed to getEnergyData
10-28 15:37:09.616  2617  2669 W Parcel  : Expecting binder but got null!
10-28 15:37:09.618   582   602 I ActivityTaskManager: Displayed org.nayestane.ustad/com.ustadmobile.port.android.view.AppActivity: +51ms
10-28 15:37:09.621   422   465 W TransactionTracing: Could not find layer handle 0x7b315a688530
10-28 15:37:09.622  2617  2617 D UstadViewModelFunKt$ustadViewModel$viewModel$invoke: ustadViewModel(): create viewmodel for: com.ustadmobile.core.viewmodel.redirect.RedirectViewModel
10-28 15:37:09.623  2617  2617 I System.out: com.ustadmobile.core.db.UmAppDatabase_DoorWrapper@efea2f7
10-28 15:37:09.627  2617  2617 D UstadNavControllerPreCompose$onCollectNavCommand: NavCommandEffect: Navigate: Go to Login
10-28 15:37:09.638  2523  2540 D Benchmark: Result: Starting: Intent { act=android.intent.action.MAIN cat=[android.intent.category.LAUNCHER] flg=0x10008000 pkg=org.nayestane.ustad cmp=org.nayestane.ustad/com.ustadmobile.port.android.view.AppActivity }
10-28 15:37:09.638  2523  2540 D Benchmark: Status: ok
10-28 15:37:09.638  2523  2540 D Benchmark: LaunchState: WARM
10-28 15:37:09.638  2523  2540 D Benchmark: Activity: org.nayestane.ustad/com.ustadmobile.port.android.view.AppActivity
10-28 15:37:09.638  2523  2540 D Benchmark: TotalTime: 51
10-28 15:37:09.638  2523  2540 D Benchmark: WaitTime: 53
10-28 15:37:09.638  2523  2540 D Benchmark: Complete
10-28 15:37:09.641  2617  2617 D UstadViewModelFunKt$ustadViewModel$viewModel$invoke: ustadViewModel(): create viewmodel for: com.ustadmobile.core.viewmodel.login.LoginViewModel
10-28 15:37:09.646  2617  2719 V UstadCache: OKHttp-CacheInterceptor:  intercept: GET https://dars.nayestane.org/v2/Site/verify
10-28 15:37:09.646  2617  2719 I UstadCache: UstadCache(): Retrieve https://dars.nayestane.org/v2/Site/verify
10-28 15:37:09.647  2617  2719 D UstadCache: UstadCache(): FOUND https://dars.nayestane.org/v2/Site/verify
10-28 15:37:09.649  2617  2719 D TrafficStats: tagSocket(102) with statsTag=0xffffffff, statsUid=-1
10-28 15:37:09.663  1495  1688 W MediaProvider: isAppCloneUserPair for user 0: false
10-28 15:37:09.664  1495  1688 V MediaProvider: Inserted id:1000000084 less than next row id backup:1000001000.
10-28 15:37:09.702   582   863 D WifiNl80211Manager: Scan result ready event
10-28 15:37:09.702   582   863 D WifiNative: Scan result ready event
10-28 15:37:09.719  2523  2540 I System.out: 0 Flags,FrameTimelineVsyncId,IntendedVsync,Vsync,InputEventId,HandleInputStart,AnimationStart,PerformTraversalsStart,DrawStart,FrameDeadline,FrameInterval,FrameStartTime,SyncQueued,SyncStart,IssueDrawCommandsStart,SwapBuffers,FrameCompleted,DequeueBufferDuration,QueueBufferDuration,GpuCompleted,SwapBuffersCompleted,DisplayPresentTime,CommandSubmissionCompleted,
10-28 15:37:09.719  2523  2540 I System.out: 1 1,15026,510501335727,510518002393,0,510526924436,510526924626,510526924766,510545893521,510518002393,510526922716,16666666,510546139961,510546322471,510546381701,510546553551,510547454571,1970,219300,510547435791,510547454571,460888708928,510546553551,
10-28 15:37:09.719  2523  2540 I System.out: 2 0,15091,510534669059,510534669059,0,510550571282,510550571942,510555923614,510555941894,510568002391,510550569342,16666666,510556490774,510556502174,510556538244,510556608654,510568134737,2080,64030,510568134737,510557893604,460903584472,510556608654,
10-28 15:37:09.719  2523  2540 I System.out: 3 0,15163,510568002391,510568002391,0,510568330167,510568330557,510593540494,510593565794,510601335723,510568328667,16666666,510600712296,510600759546,510600801236,510600865836,510602085106,2390,673030,510601531366,510602085106,460937051861,510600865836,
10-28 15:37:09.719  2523  2540 I System.out: 4 0,15206,510584669057,510601335723,0,510603093607,510603093977,510613214439,510613239609,510601335723,510603092547,16666666,510623278182,510623346282,510623432332,510623778502,460951468925,3890,188000,460951468925,510624661033,460953602306,510623778502,
10-28 15:37:09.719  2523  2540 D UiDevice: Waiting 10000ms for SearchCondition[hasObject=BySelector [TEXT='\QGet Started\E']].
10-28 15:37:09.719  2523  2540 D UiDevice: Searching for node with selector: BySelector [TEXT='\QGet Started\E'].
10-28 15:37:09.742  2617  2719 D UstadCache: OKHttp-CacheInterceptor:  MISS(invalid) https://dars.nayestane.org/v2/Site/verify
10-28 15:37:09.742  2617  2719 D UstadCache: OKHttp-CacheInterceptor:  newCacheAndStoreResponse: GET https://dars.nayestane.org/v2/Site/verify 200 ()
10-28 15:37:09.742  2617  2719 V UstadCache: OKHttp-CacheInterceptor:  https://dars.nayestane.org/v2/Site/verify MISS(invalid) can store/update 200  (contentType=application/json; charset=UTF-8, content-encoding=null content-length=180)
10-28 15:37:09.745  2617  2730 D UstadCache: UstadCache(): storerequest 1 entries
10-28 15:37:09.746  2617  2730 V UstadCache: UstadCache(): copied request data for https://dars.nayestane.org/v2/Site/verify to /data/user/0/org.nayestane.ustad/files/httpfiles/tmpwork/11.tmp (integrity=sha256-VTW/47g5E/UMinnUcaDGC+8yXE8lgnmbnOjHxekFxd4=)
10-28 15:37:09.746  2617  2730 V UstadCache: UstadCache(): cacheEntries created 1 entries
10-28 15:37:09.746  2617  2730 D UstadCache: UstadCache(): deleting 1 tmp files
10-28 15:37:09.746  2617  2730 D UstadCache: UstadCache(): db transaction completed
10-28 15:37:09.870   422   465 W TransactionTracing: Could not find layer handle 0x7b315a68d270
10-28 15:37:09.887   422   465 W TransactionTracing: Could not find layer handle 0x7b315a68b950
10-28 15:37:09.888   422   465 W TransactionTracing: Could not find layer handle 0x7b315a68be30
10-28 15:37:09.888   422   465 W TransactionTracing: Could not find layer handle 0x7b315a687330
10-28 15:37:09.888   422   465 W TransactionTracing: Could not find layer handle 0x7b315a68c430
10-28 15:37:09.888   422   465 W TransactionTracing: Could not find layer handle 0x7b315a68e3b0
10-28 15:37:09.907   582   938 W InputManager-JNI: Input channel object '43c52e6 Splash Screen org.nayestane.ustad (client)' was disposed without first being removed with the input manager!
10-28 15:37:09.936   422   465 W TransactionTracing: Could not find layer handle 0x7b315a68c370
10-28 15:37:09.940  1133  1133 W FrameTracker: Missed SF frame:PREDICTION_ERROR, 14909, 5745530, CUJ=J<LAUNCHER_APP_CLOSE_TO_HOME>
10-28 15:37:09.940  1133  1133 W FrameTracker: Missed SF frame:PREDICTION_ERROR, 14938, 8061549, CUJ=J<LAUNCHER_APP_CLOSE_TO_HOME>
10-28 15:37:09.940  1133  1133 W FrameTracker: Missed SF frame:PREDICTION_ERROR, 14960, 7751508, CUJ=J<LAUNCHER_APP_CLOSE_TO_HOME>
10-28 15:37:09.940  1133  1133 W FrameTracker: Missed SF frame:PREDICTION_ERROR, 14975, 2787435, CUJ=J<LAUNCHER_APP_CLOSE_TO_HOME>
10-28 15:37:09.940  1133  1133 W FrameTracker: Missing HWUI jank callback for vsyncId: 14990, CUJ=J<LAUNCHER_APP_CLOSE_TO_HOME>
10-28 15:37:09.940  1133  1133 W FrameTracker: Missed SF frame:PREDICTION_ERROR, 15019, 5641783, CUJ=J<LAUNCHER_APP_CLOSE_TO_HOME>
10-28 15:37:09.940  1133  1133 W FrameTracker: Missed SF frame:PREDICTION_ERROR, 15120, 5664219, CUJ=J<LAUNCHER_APP_CLOSE_TO_HOME>
10-28 15:37:09.940  1133  1133 W FrameTracker: Missing SF jank callback for vsyncId: 15552, CUJ=J<LAUNCHER_APP_CLOSE_TO_HOME>
10-28 15:37:09.940  1133  1815 V PerfettoTrigger: Not triggering com.android.telemetry.interaction-jank-monitor-9 - not enough time since last trigger
10-28 15:37:09.957   870   925 W FrameTracker: Missed SF frame:PREDICTION_ERROR, 15149, 8168078, CUJ=J<SPLASHSCREEN_EXIT_ANIM>
10-28 15:37:09.957   870   925 W FrameTracker: Missed SF frame:PREDICTION_ERROR, 15372, 4925089, CUJ=J<SPLASHSCREEN_EXIT_ANIM>
10-28 15:37:09.957   870   925 W FrameTracker: Missed SF frame:PREDICTION_ERROR, 15408, 4930898, CUJ=J<SPLASHSCREEN_EXIT_ANIM>
10-28 15:37:09.957   870   925 W FrameTracker: Missed SF frame:PREDICTION_ERROR, 15437, 4167286, CUJ=J<SPLASHSCREEN_EXIT_ANIM>
10-28 15:37:09.957   870   925 W FrameTracker: Missed SF frame:PREDICTION_ERROR, 15480, 3880425, CUJ=J<SPLASHSCREEN_EXIT_ANIM>
