10-28 15:34:46.506  2523  2540 D UiDevice: Searching for node with selector: BySelector [TEXT='\QGet Started\E'].
10-28 15:34:46.610  2523  2540 D UiDevice: Searching for node with selector: BySelector [TEXT='\QGet Started\E'].
10-28 15:34:46.713  2523  2540 D UiDevice: Searching for node with selector: BySelector [TEXT='\QGet Started\E'].
10-28 15:34:46.817  2523  2540 D UiDevice: Searching for node with selector: BySelector [TEXT='\QGet Started\E'].
10-28 15:34:46.920  2523  2540 D UiDevice: Searching for node with selector: BySelector [TEXT='\QGet Started\E'].
10-28 15:34:47.023  2523  2540 D UiDevice: Searching for node with selector: BySelector [TEXT='\QGet Started\E'].
10-28 15:34:47.126  2523  2540 D UiDevice: Searching for node with selector: BySelector [TEXT='\QGet Started\E'].
10-28 15:34:47.230  2523  2540 D UiDevice: Searching for node with selector: BySelector [TEXT='\QGet Started\E'].
10-28 15:34:47.333  2523  2540 D UiDevice: Searching for node with selector: BySelector [TEXT='\QGet Started\E'].
10-28 15:34:47.436  2523  2540 D UiDevice: Searching for node with selector: BySelector [TEXT='\QGet Started\E'].
10-28 15:34:47.539  2523  2540 D UiDevice: Searching for node with selector: BySelector [TEXT='\QGet Started\E'].
10-28 15:34:47.642  2523  2540 D UiDevice: Searching for node with selector: BySelector [TEXT='\QGet Started\E'].
10-28 15:34:47.745  2523  2540 D UiDevice: Searching for node with selector: BySelector [TEXT='\QGet Started\E'].
10-28 15:34:47.848  2523  2540 D UiDevice: Searching for node with selector: BySelector [TEXT='\QGet Started\E'].
10-28 15:34:47.951  2523  2540 D UiDevice: Searching for node with selector: BySelector [TEXT='\QGet Started\E'].
10-28 15:34:48.054  2523  2540 D UiDevice: Searching for node with selector: BySelector [TEXT='\QGet Started\E'].
10-28 15:34:48.158  2523  2540 D UiDevice: Searching for node with selector: BySelector [TEXT='\QGet Started\E'].
10-28 15:34:48.261  2523  2540 D UiDevice: Searching for node with selector: BySelector [TEXT='\QGet Started\E'].
10-28 15:34:48.364  2523  2540 D UiDevice: Searching for node with selector: BySelector [TEXT='\QGet Started\E'].
10-28 15:34:48.467  2523  2540 D UiDevice: Searching for node with selector: BySelector [TEXT='\QGet Started\E'].
10-28 15:34:48.571  2523  2540 D UiDevice: Searching for node with selector: BySelector [TEXT='\QGet Started\E'].
10-28 15:34:48.674  2523  2540 D UiDevice: Searching for node with selector: BySelector [TEXT='\QGet Started\E'].
10-28 15:34:48.777  2523  2540 D UiDevice: Searching for node with selector: BySelector [TEXT='\QGet Started\E'].
10-28 15:34:48.880  2523  2540 D UiDevice: Searching for node with selector: BySelector [TEXT='\QGet Started\E'].
10-28 15:34:48.984  2523  2540 D UiDevice: Searching for node with selector: BySelector [TEXT='\QGet Started\E'].
10-28 15:34:49.087  2523  2540 D UiDevice: Searching for node with selector: BySelector [TEXT='\QGet Started\E'].
10-28 15:34:49.190  2523  2540 D UiDevice: Searching for node with selector: BySelector [TEXT='\QGet Started\E'].
10-28 15:34:49.293  2523  2540 D UiDevice: Searching for node with selector: BySelector [TEXT='\QGet Started\E'].
10-28 15:34:49.396  2523  2540 D UiDevice: Searching for node with selector: BySelector [TEXT='\QGet Started\E'].
10-28 15:34:49.500  2523  2540 D UiDevice: Searching for node with selector: BySelector [TEXT='\QGet Started\E'].
10-28 15:34:49.603  2523  2540 D UiDevice: Searching for node with selector: BySelector [TEXT='\QGet Started\E'].
10-28 15:34:49.706  2523  2540 D UiDevice: Searching for node with selector: BySelector [TEXT='\QGet Started\E'].
10-28 15:34:49.809  2523  2540 D UiDevice: Searching for node with selector: BySelector [TEXT='\QGet Started\E'].
10-28 15:34:49.912  2523  2540 D UiDevice: Searching for node with selector: BySelector [TEXT='\QGet Started\E'].
10-28 15:34:50.015  2523  2540 D UiDevice: Searching for node with selector: BySelector [TEXT='\QGet Started\E'].
10-28 15:34:50.118  2523  2540 D UiDevice: Searching for node with selector: BySelector [TEXT='\QGet Started\E'].
10-28 15:34:50.222  2523  2540 D UiDevice: Searching for node with selector: BySelector [TEXT='\QGet Started\E'].
10-28 15:34:50.325  2523  2540 D UiDevice: Searching for node with selector: BySelector [TEXT='\QGet Started\E'].
10-28 15:34:50.428  2523  2540 D UiDevice: Searching for node with selector: BySelector [TEXT='\QGet Started\E'].
10-28 15:34:50.531  2523  2540 D UiDevice: Searching for node with selector: BySelector [TEXT='\QGet Started\E'].
10-28 15:34:50.634  2523  2540 D UiDevice: Searching for node with selector: BySelector [TEXT='\QGet Started\E'].
10-28 15:34:50.738  2523  2540 D UiDevice: Searching for node with selector: BySelector [TEXT='\QGet Started\E'].
10-28 15:34:50.841  2523  2540 D UiDevice: Searching for node with selector: BySelector [TEXT='\QGet Started\E'].
10-28 15:34:50.944  2523  2540 D UiDevice: Searching for node with selector: BySelector [TEXT='\QGet Started\E'].
10-28 15:34:51.047  2523  2540 D UiDevice: Searching for node with selector: BySelector [TEXT='\QGet Started\E'].
10-28 15:34:51.150  2523  2540 D UiDevice: Searching for node with selector: BySelector [TEXT='\QGet Started\E'].
10-28 15:34:51.253  2523  2540 D UiDevice: Searching for node with selector: BySelector [TEXT='\QGet Started\E'].
10-28 15:34:51.356  2523  2540 D UiDevice: Searching for node with selector: BySelector [TEXT='\QGet Started\E'].
10-28 15:34:51.460  2523  2540 D UiDevice: Searching for node with selector: BySelector [TEXT='\QGet Started\E'].
10-28 15:34:51.563  2523  2540 D UiDevice: Searching for node with selector: BySelector [TEXT='\QGet Started\E'].
10-28 15:34:51.666  2523  2540 D UiDevice: Searching for node with selector: BySelector [TEXT='\QGet Started\E'].
10-28 15:34:52.669  2523  2540 D UiDevice: Retrieving node with selector: BySelector [TEXT='\QGet Started\E'].
10-28 15:34:52.672  2523  2540 D UiDevice: Node not found with selector: BySelector [TEXT='\QGet Started\E'].
10-28 15:34:57.672  2523  2540 D Benchmark: Profile Installer - Save Profile
10-28 15:34:57.688  2617  2617 I Process : Sending signal. PID: 2617 SIG: 10
10-28 15:34:57.688  2617  2617 D ProfileInstaller:
10-28 15:34:57.688  2617  2622 I nayestane.ustad: Thread[6,tid=2622,WaitingInMainSignalCatcherLoop,Thread*=0x7f5acd2a1200,peer=0x13741d50,"Signal Catcher"]: reacting to signal 10
10-28 15:34:57.688  2617  2622 I nayestane.ustad:
10-28 15:34:57.688  2617  2622 I nayestane.ustad: SIGUSR1 forcing GC (no HPROF) and profile save
10-28 15:34:57.708  2617  2622 I nayestane.ustad: Explicit concurrent copying GC freed 179334(6874KB) AllocSpace objects, 11(292KB) LOS objects, 49% free, 7880KB/15MB, paused 27us,10us total 19.768ms
10-28 15:34:57.710  2617  2628 W System  : A resource failed to call close.
10-28 15:34:58.189  2523  2540 D Benchmark: Killing process org.nayestane.ustad
10-28 15:34:58.190  2523  2540 D UiDevice: Executing shell command: killall org.nayestane.ustad
10-28 15:34:58.204  1495  1688 W MediaProvider: isAppCloneUserPair for user 0: false
10-28 15:34:58.205  1495  1688 V MediaProvider: Inserted id:1000000049 less than next row id backup:1000001000.
10-28 15:34:58.238   582  1645 I PackageDexOptimizer: Running dexopt (dexoptNeeded=-3) on: /data/app/~~ZJQ7sXylsANplpuIJprZpw==/org.nayestane.ustad-MZAU5CLP1yOCe01YQZ7TaA==/base.apk pkg=org.nayestane.ustad isa=x86_64 dexoptFlags=boot_complete,profile_guided,force,enable_hidden_api_checks targetFilter=speed-profile oatDir=/data/app/~~ZJQ7sXylsANplpuIJprZpw==/org.nayestane.ustad-MZAU5CLP1yOCe01YQZ7TaA==/oat classLoaderContext=PCL[]{PCL[/system_ext/framework/androidx.window.extensions.jar]#PCL[/system_ext/framework/androidx.window.sidecar.jar]}
10-28 15:34:58.239   502   665 V installd: DexInv: --- BEGIN '/data/app/~~ZJQ7sXylsANplpuIJprZpw==/org.nayestane.ustad-MZAU5CLP1yOCe01YQZ7TaA==/base.apk' ---
10-28 15:34:58.239   502   665 V installd: Running /apex/com.android.art/bin/dex2oat64 in=base.apk out=/data/app/~~ZJQ7sXylsANplpuIJprZpw==/org.nayestane.ustad-MZAU5CLP1yOCe01YQZ7TaA==/oat/x86_64/base.odex
10-28 15:34:58.247  3210  3210 W dex2oat64: Unexpected CPU variant for x86: x86_64.
10-28 15:34:58.247  3210  3210 W dex2oat64: Known variants: atom, sandybridge, silvermont, kabylake, default
10-28 15:34:58.248  3210  3210 W dex2oat64: Mismatch between dex2oat instruction set features to use (ISA: X86_64 Feature string: -ssse3,-sse4.1,-sse4.2,-avx,-avx2,-popcnt) and those from CPP defines (ISA: X86_64 Feature string: ssse3,sse4.1,sse4.2,-avx,-avx2,popcnt) for the command line:
10-28 15:34:58.248  3210  3210 W dex2oat64: /apex/com.android.art/bin/dex2oat64 --zip-fd=8 --zip-location=base.apk --oat-fd=9 --oat-location=/data/app/~~ZJQ7sXylsANplpuIJprZpw==/org.nayestane.ustad-MZAU5CLP1yOCe01YQZ7TaA==/oat/x86_64/base.odex --input-vdex-fd=11 --output-vdex-fd=10 --app-image-fd=14 --image-format=lz4 --profile-file-fd=13 --swap-fd=12 --classpath-dir=/data/app/~~ZJQ7sXylsANplpuIJprZpw==/org.nayestane.ustad-MZAU5CLP1yOCe01YQZ7TaA== --class-loader-context=PCL[]{PCL[/system_ext/framework/androidx.window.extensions.jar]#PCL[/system_ext/framework/androidx.window.sidecar.jar]} --instruction-set=x86_64 --instruction-set-features=default --instruction-set-variant=x86_64 --compiler-filter=speed-profile --compilation-reason=cmdline --max-image-block-size=524288 --resolve-startup-const-strings=true --generate-mini-debug-info --runtime-arg -Xtarget-sdk-version:34 --runtime-arg -Xhidden-api-policy:enabled --runtime-arg -Xms64m --runtime-arg -Xmx512m
10-28 15:34:58.250  3210  3210 I dex2oat64: /apex/com.android.art/bin/dex2oat64 --input-vdex-fd=11 --output-vdex-fd=10 --profile-file-fd=13 --classpath-dir=/data/app/~~ZJQ7sXylsANplpuIJprZpw==/org.nayestane.ustad-MZAU5CLP1yOCe01YQZ7TaA== --class-loader-context=PCL[]{PCL[/system_ext/framework/androidx.window.extensions.jar]#PCL[/system_ext/framework/androidx.window.sidecar.jar]} --compiler-filter=speed-profile --compilation-reason=cmdline --max-image-block-size=524288 --resolve-startup-const-strings=true --generate-mini-debug-info
10-28 15:35:00.029   870   976 D EGL_emulation: app_time_stats: avg=643.58ms min=12.12ms max=17922.68ms count=29
10-28 15:35:01.893  3210  3213 W dex2oat64: Accessing hidden method Landroid/window/BackEvent;->getProgress()F (blocked, linking, denied)
10-28 15:35:01.893  3210  3213 W dex2oat64: Accessing hidden method Landroid/window/BackEvent;->getSwipeEdge()I (blocked, linking, denied)
10-28 15:35:01.893  3210  3213 W dex2oat64: Accessing hidden method Landroid/window/BackEvent;->getTouchX()F (blocked, linking, denied)
10-28 15:35:01.894  3210  3213 W dex2oat64: Accessing hidden method Landroid/window/BackEvent;->getTouchY()F (blocked, linking, denied)
10-28 15:35:02.128  3210  3213 W dex2oat64: Method java.lang.Object androidx.compose.runtime.snapshots.SnapshotStateMap.mutate(kotlin.jvm.functions.Function1) failed lock verification and will run slower.
10-28 15:35:02.128  3210  3213 W dex2oat64: Common causes for lock verification issues are non-optimized dex code
10-28 15:35:02.128  3210  3213 W dex2oat64: and incorrect proguard optimizations.
10-28 15:35:02.128  3210  3213 W dex2oat64: Method void androidx.compose.runtime.snapshots.SnapshotStateMap.update(kotlin.jvm.functions.Function1) failed lock verification and will run slower.
10-28 15:35:02.129  3210  3213 W dex2oat64: Method boolean androidx.compose.runtime.snapshots.SnapshotStateMap.removeIf$runtime_release(kotlin.jvm.functions.Function1) failed lock verification and will run slower.
10-28 15:35:02.148  3210  3213 W dex2oat64: Method boolean androidx.compose.runtime.snapshots.SnapshotStateList.conditionalUpdate(boolean, kotlin.jvm.functions.Function1) failed lock verification and will run slower.
10-28 15:35:02.148  3210  3213 W dex2oat64: Method boolean androidx.compose.runtime.snapshots.SnapshotStateList.conditionalUpdate$default(androidx.compose.runtime.snapshots.SnapshotStateList, boolean, kotlin.jvm.functions.Function1, int, java.lang.Object) failed lock verification and will run slower.
10-28 15:35:02.148  3210  3213 W dex2oat64: Method java.lang.Object androidx.compose.runtime.snapshots.SnapshotStateList.mutate(kotlin.jvm.functions.Function1) failed lock verification and will run slower.
10-28 15:35:02.148  3210  3213 W dex2oat64: Method void androidx.compose.runtime.snapshots.SnapshotStateList.update(boolean, kotlin.jvm.functions.Function1) failed lock verification and will run slower.
10-28 15:35:02.148  3210  3213 W dex2oat64: Method void androidx.compose.runtime.snapshots.SnapshotStateList.update$default(androidx.compose.runtime.snapshots.SnapshotStateList, boolean, kotlin.jvm.functions.Function1, int, java.lang.Object) failed lock verification and will run slower.
10-28 15:35:03.360  3210  3210 I dex2oat64: Explicit concurrent copying GC freed 197105(31MB) AllocSpace objects, 0(0B) LOS objects, 49% free, 2157KB/4315KB, paused 16us,3us total 7.557ms
10-28 15:35:03.675  3210  3210 I dex2oat64: dex2oat took 5.428s (8.890s cpu) (threads: 4) arena alloc=10MB (11293680B) java alloc=2157KB (2209576B) native alloc=22MB (23448784B) free=145MB (152744640B)
10-28 15:35:03.704   502   665 V installd: DexInv: --- END '/data/app/~~ZJQ7sXylsANplpuIJprZpw==/org.nayestane.ustad-MZAU5CLP1yOCe01YQZ7TaA==/base.apk' (success) ---
10-28 15:35:03.755  1495  2589 W MediaProvider: isAppCloneUserPair for user 0: false
10-28 15:35:03.756  1495  2589 V MediaProvider: Inserted id:1000000050 less than next row id backup:1000001000.
10-28 15:35:04.592  3230  3230 W profman : profman took 806.138ms
10-28 15:35:04.685  1495  2589 W MediaProvider: isAppCloneUserPair for user 0: false
10-28 15:35:04.687  1495  2589 V MediaProvider: Inserted id:1000000051 less than next row id backup:1000001000.
10-28 15:35:05.308  1495  2561 I MediaProvider: Deleted 0 0 0 0 0 0 0 items on external_primary due to com.ustadmobile.app_android_baselineprofile
10-28 15:35:06.172  2523  2540 D Benchmark: Unstable profiles during iteration 5
10-28 15:35:06.172  2523  2540 D Benchmark: Killing package org.nayestane.ustad
10-28 15:35:06.172  2523  2540 D Benchmark: Killing process org.nayestane.ustad
10-28 15:35:06.172  2523  2540 D UiDevice: Executing shell command: killall org.nayestane.ustad
10-28 15:35:06.186  2523  2540 D Benchmark: Compile iteration (6) for org.nayestane.ustad
10-28 15:35:06.187  2523  2540 D UiDevice: Pressing home button.
10-28 15:35:06.214   870   870 V ShadeControllerImpl: NotificationShadeWindow: com.android.systemui.shade.NotificationShadeWindowView{963422f I.E...... ......ID 0,0-320,640} canPanelBeCollapsed(): false
10-28 15:35:06.221  1133  1133 D TaplTarget: Launcher.onNewIntent: Intent { act=android.intent.action.MAIN cat=[android.intent.category.HOME] flg=0x10400100 cmp=com.android.launcher3/.uioverrides.QuickstepLauncher (has extras) }
10-28 15:35:06.224   870   870 V ShadeControllerImpl: NotificationShadeWindow: com.android.systemui.shade.NotificationShadeWindowView{963422f I.E...... ......ID 0,0-320,640} canPanelBeCollapsed(): false
10-28 15:35:06.236   422   422 I BpBinder: onLastStrongRef automatically unlinking death recipients: <uncached descriptor>
10-28 15:35:06.263   870   976 D EGL_emulation: app_time_stats: avg=6233.62ms min=6233.62ms max=6233.62ms count=1
10-28 15:35:06.264  1495  2589 W MediaProvider: isAppCloneUserPair for user 0: false
10-28 15:35:06.265  1495  2589 V MediaProvider: Inserted id:1000000052 less than next row id backup:1000001000.
10-28 15:35:06.286   422   465 W TransactionTracing: Could not find layer handle 0x7b315a688170
10-28 15:35:06.319  2523  2540 I System.out: 0 Flags,FrameTimelineVsyncId,IntendedVsync,Vsync,InputEventId,HandleInputStart,AnimationStart,PerformTraversalsStart,DrawStart,FrameDeadline,FrameInterval,FrameStartTime,SyncQueued,SyncStart,IssueDrawCommandsStart,SwapBuffers,FrameCompleted,DequeueBufferDuration,QueueBufferDuration,GpuCompleted,SwapBuffersCompleted,DisplayPresentTime,CommandSubmissionCompleted,
10-28 15:35:06.319  2523  2540 I System.out: 1 1,7654,362384674985,362401341651,0,362401742951,362401743121,362401854481,362427462908,362401341651,362401741381,16666666,362428068859,362428186179,362428271999,362428411889,362428809149,1280,107810,362428791329,362428809149,362436680351,362428411889,
10-28 15:35:06.319  2523  2540 I System.out: 2 0,7726,362418008317,362418008317,0,362432495040,362432495770,362442030172,362442049872,362451341649,362432493490,16666666,362443331343,362443355113,362443376703,362443465223,362451440745,1630,74330,362451440745,362443841363,362453132456,362443465223,
10-28 15:35:06.319  2523  2540 I System.out: 3 0,7798,362451341649,362451341649,0,362456386716,362456387276,362488622895,362488644935,362484674981,362456340186,16666666,362504765000,362504794930,362504832990,362504876460,362518120794,1860,527981,362518120794,362507221451,362520227714,362504876460,
10-28 15:35:06.319  2523  2540 I System.out: 4 0,7838,362468008315,362501341647,0,362508178681,362508179061,362523743205,362523759685,362551341645,362508177021,16666666,362532481598,362532519308,362532564278,362533047858,362534784168,3190,127670,362534784168,362533696018,362536893229,362533047858,
10-28 15:35:06.319  2523  2540 I System.out: 5 0,7942,362518008313,362534674979,0,362536976249,362536976699,362540155780,362540178630,362568008311,362536974449,16666666,362541962170,362542024120,362542094200,362543334661,362544114071,2340,219120,362544084711,362544114071,362553019243,362543334661,
10-28 15:35:06.319  2523  2540 I System.out: 6 0,8007,362551341645,362551341645,0,362554935324,362554935544,362558258805,362558279325,362584674977,362554933084,16666666,362560599765,362560657595,362560709755,362561526866,362562248746,2690,199360,362562214366,362562248746,362572343159,362561526866,
10-28 15:35:06.319  2523  2540 I System.out: 7 0,8043,362568008311,362568008311,0,362573008759,362573009169,362583508852,362583526492,362601341643,362573007239,16666666,362588628813,362588769683,362588991603,362590163034,362597752696,3450,126650,362597752696,362590969774,362603795077,362590163034,
10-28 15:35:06.319  2523  2540 I System.out: 8 0,8079,362584674977,362584674977,0,362591712534,362591712964,362595115285,362595139415,362618008309,362591711074,16666666,362596794755,362596818345,362596844015,362597302706,362603395347,5590261,65040,362601486707,362603395347,362620200482,362597302706,
10-28 15:35:06.319  2523  2540 I System.out: 9 0,8115,362601341643,362601341643,0,362601634187,362601634277,362603449457,362603468397,362634674975,362601633727,16666666,362605417308,362605456288,362605512118,362606709678,362620131532,12048334,142490,362618138621,362620131532,362640017917,362606709678,
10-28 15:35:06.319  2523  2540 I System.out: 10 0,8151,362618008309,362618008309,0,362618391071,362618391191,362622598833,362622628023,362651341641,362618390271,16666666,362625611403,362625659143,362625708403,362626483034,362640291818,12904733,93990,362634813896,362640291818,362655445342,362626483034,
10-28 15:35:06.319  2523  2540 I System.out: 11 0,8187,362634674975,362634674975,0,362635242056,362635242276,362640891848,362640919858,362668008307,362635241296,16666666,362643195208,362643293118,362643366408,362644347369,362657980672,12669673,191720,362651532321,362657980672,362671286376,362644347369,
10-28 15:35:06.319  2523  2540 I System.out: 12 0,8216,362651341641,362651341641,0,362651647151,362651647271,362654974342,362655000852,362684674973,362651646641,16666666,362658131892,362658169302,362658215742,362658917413,362672564706,12619223,74970,362668127835,362672564706,362686171230,362658917413,
10-28 15:35:06.319  2523  2540 I System.out: 13 0,8238,362668008307,362668008307,0,362668165385,362668165945,362673488257,362673512517,362701341639,362668163525,16666666,362675313207,362675351197,362675405817,362676221887,362688537551,11485883,88700,362684817400,362688537551,362704975875,362676221887,
10-28 15:35:06.319  2523  2540 I System.out: 14 0,8274,362684674973,362684674973,0,362685155830,362685155980,362687759961,362687777051,362718008305,362685154990,16666666,362689654711,362689694431,362689736641,362690463511,362705235976,13885774,141390,362691308042,362705235976,362720134610,362690463511,
10-28 15:35:06.319  2523  2540 I System.out: 15 0,8303,362701341639,362701341639,0,362702294305,362702294655,362706047476,362706072676,362734674971,362702292925,16666666,362708304746,362708338996,362708397116,362709031407,362720756870,10931323,86590,362718122729,362720756870,362736867354,362709031407,
10-28 15:35:06.319  2523  2540 I System.out: 16 0,8325,362718008305,362718008305,0,362718838739,362718838939,362719952340,362719977180,362751341637,362718837809,16666666,362721605050,362721649760,362721699240,362721946190,362737284074,14300024,88540,362734815594,362737284074,362753516109,362721946190,
10-28 15:35:06.319  2523  2540 I System.out: 17 0,8361,362734674971,362734674971,0,362735259944,362735260164,362737287834,362737312674,362768008303,362735259204,16666666,362738813275,362738842365,362738886475,362739097835,362753781409,13687974,115890,362751467798,362753781409,362769287513,362739097835,
10-28 15:35:06.319  2523  2540 I System.out: 18 0,8370,362751341637,362751341637,0,362751545718,362751546138,362752858389,362752886679,362784674969,362751543418,16666666,362754756769,362754797279,362754844119,362755100099,362769738773,13478683,109250,362768125053,362769738773,362786082468,362755100099,
10-28 15:35:06.319  2523  2540 I System.out: 19 0,8391,362768008303,362768008303,0,362768182673,362768183003,362768957243,362768980813,362801341635,362768181623,16666666,362770713634,362770773674,362770819574,362771082224,362786612488,14510684,106030,362784765028,362786612488,362802912493,362771082224,
10-28 15:35:06.319  2523  2540 I System.out: 20 0,8420,362784674969,362784674969,0,362784965018,362784965268,362785721738,362785745178,362818008301,362784963838,16666666,362787356278,362787401808,362787451358,362787717658,362803274433,14445534,191790,362801476962,362803274433,362818995957,362787717658,
10-28 15:35:06.319  2523  2540 I System.out: 21 0,8435,362801341635,362801341635,0,362801556152,362801556562,362802359903,362802382193,362834674967,362801554832,16666666,362803783973,362803828443,362803869703,362804134193,362819273267,13978254,174650,362805253813,362819273267,362835750032,362804134193,
10-28 15:35:06.319  2523  2540 I System.out: 22 0,8450,362818008301,362818008301,0,362818196437,362818196717,362818996057,362819016007,362851341633,362818195527,16666666,362820358528,362820412338,362820460368,362820751218,362835958222,14193364,89520,362834780692,362835958222,362852421196,362820751218,
10-28 15:35:06.319  2523  2540 I System.out: 23 0,8458,362834674967,362834674967,0,362834865842,362834866442,362838169552,362838193252,362868008299,362834864462,16666666,362839953773,362840007783,362840059663,362840614143,362852830297,11165944,154000,362851439616,362852830297,362869338311,362840614143,
10-28 15:35:06.319  2523  2540 I System.out: 24 0,8473,362851341633,362851341633,0,362851529296,362851529886,362854785797,362854811467,362884674965,362851527836,16666666,362856623588,362856722978,362856777098,362857272218,362870439181,12335513,129950,362868108661,362870439181,362885922236,362857272218,
10-28 15:35:06.319  2523  2540 I System.out: 25 0,8488,362868008299,362868008299,0,362868242461,362868243081,362869842681,362869867921,362901341631,362868241071,16666666,362871481592,362871521872,362871562072,362871950362,362887149846,14421294,104630,362884805805,362887149846,362905221871,362871950362,
10-28 15:35:06.320  2523  2540 I System.out: 26 0,8509,362884674965,362884674965,0,362884844945,362884845245,362885686736,362885706696,362918008297,362884844195,16666666,362886919796,362887192856,362887269106,362887788016,362904050891,15464765,115900,362901481560,362904050891,362921205656,362887788016,
10-28 15:35:06.322  2523  2540 I System.out: 27 0,8532,362901341631,362901341631,0,362901824380,362901824630,362902761000,362902780720,362934674963,362901823240,16666666,362902842820,362904077021,362904167911,362904671051,362919130835,13384424,221080,362905695991,362919130835,0,362904671051,
10-28 15:35:06.322  2523  2540 I System.out: 28 0,8561,362918008297,362918008297,0,362918355235,362918355375,362918845555,362921018895,362951341629,362918354435,16666666,362921286976,362921364626,362921414146,362922926976,362936065610,12377584,83630,362934807109,362936065610,72057628414509824,362922926976,
10-28 15:35:06.322  2523  2540 I System.out: 29 0,8576,362934674963,362934674963,0,362934898319,362934898479,362938953640,362938973260,362968008295,362934897109,16666666,362941680031,362941708581,362941748011,362942059071,362952461504,9688192,127111,362942712552,362952461504,0,362942059071,
10-28 15:35:06.322  2523  2540 I System.out: 30 0,8598,362951341629,362951341629,0,362951516704,362951517074,362952957204,362952971434,362984674961,362951515384,16666666,362953428524,362953463264,362953518725,362954009435,362969211969,14230314,144410,362968101749,362969211969,72904454231819660,362954009435,
10-28 15:35:06.322  2523  2540 I System.out: 31 8,8613,362968008295,362968008295,0,362968243389,362968243839,362968244139,362968259759,362984674961,362968242019,16666666,362968265649,362969241679,0,0,0,72057628414509844,72902040460263732,0,0,0,72057628414509845,
10-28 15:35:06.322  2523  2540 D Benchmark: Starting activity with command: am start  -W "intent:#Intent;action=android.intent.action.MAIN;category=android.intent.category.LAUNCHER;launchFlags=0x10008000;package=org.nayestane.ustad;component=org.nayestane.ustad/com.ustadmobile.port.android.view.AppActivity;end"
10-28 15:35:06.325  1495  2589 W MediaProvider: isAppCloneUserPair for user 0: false
10-28 15:35:06.325  1495  2589 V MediaProvider: Inserted id:1000000053 less than next row id backup:1000001000.
10-28 15:35:06.352   870   926 D SplashScreenView: Build android.window.SplashScreenView{858c8c8 V.E...... ......ID 0,0-0,0}
10-28 15:35:06.352   870   926 D SplashScreenView: Icon: view: null drawable: null size: 0
10-28 15:35:06.352   870   926 D SplashScreenView: Branding: view: android.view.View{daa9d61 G.ED..... ......I. 0,0-0,0 #10204db android:id/splashscreen_branding_view} drawable: null size w: 0 h: 0
10-28 15:35:06.359  2617  2617 D AppActivity$onDestroy: AppActivity#onDestroy
10-28 15:35:06.361   582  1645 W InputManager-JNI: Input channel object '2a05212 org.nayestane.ustad/com.ustadmobile.port.android.view.AppActivity (client)' was disposed without first being removed with the input manager!
10-28 15:35:06.364   870   976 W Parcel  : Expecting binder but got null!
10-28 15:35:06.375  2617  2617 W CustomTabsClient: Unable to find any Custom Tabs packages, you may need to add a <queries> element to your manifest. See the docs for CustomTabsClient#getPackageName.
10-28 15:35:06.375  2617  2617 W AppActivity$bindCustomTabsService: CustomTabs: Service NOT supported
10-28 15:35:06.383  2617  2617 D AutofillManager: Fill dialog is enabled:false, hints=[]
10-28 15:35:06.393  2617  2617 W OnBackInvokedCallback: OnBackInvokedCallback is not enabled for the application.
10-28 15:35:06.393  2617  2617 W OnBackInvokedCallback: Set 'android:enableOnBackInvokedCallback="true"' in the application manifest.
10-28 15:35:06.399   582   995 D ConnectivityService: requestNetwork for uid/pid:10126/2617 activeRequest: null callbackRequest: 56 [NetworkRequest [ REQUEST id=57, [ Capabilities: INTERNET&NOT_RESTRICTED&TRUSTED&NOT_VCN_MANAGED Uid: 10126 RequestorUid: 10126 RequestorPkg: org.nayestane.ustad UnderlyingNetworks: Null] ]] callback flags: 0 order: 2147483647
10-28 15:35:06.399   582   809 D ConnectivityService: NetReassign [57 : null → 100]
10-28 15:35:06.400   582   802 D WifiNetworkFactory: got request NetworkRequest [ REQUEST id=57, [ Capabilities: INTERNET&NOT_RESTRICTED&TRUSTED&NOT_VCN_MANAGED Uid: 10126 RequestorUid: 10126 RequestorPkg: org.nayestane.ustad UnderlyingNetworks: Null] ]
10-28 15:35:06.400   582   802 D UntrustedWifiNetworkFactory: got request NetworkRequest [ REQUEST id=57, [ Capabilities: INTERNET&NOT_RESTRICTED&TRUSTED&NOT_VCN_MANAGED Uid: 10126 RequestorUid: 10126 RequestorPkg: org.nayestane.ustad UnderlyingNetworks: Null] ]
10-28 15:35:06.400   582   802 D OemPaidWifiNetworkFactory: got request NetworkRequest [ REQUEST id=57, [ Capabilities: INTERNET&NOT_RESTRICTED&TRUSTED&NOT_VCN_MANAGED Uid: 10126 RequestorUid: 10126 RequestorPkg: org.nayestane.ustad UnderlyingNetworks: Null] ]
10-28 15:35:06.400   582   802 D MultiInternetWifiNetworkFactory: got request NetworkRequest [ REQUEST id=57, [ Capabilities: INTERNET&NOT_RESTRICTED&TRUSTED&NOT_VCN_MANAGED Uid: 10126 RequestorUid: 10126 RequestorPkg: org.nayestane.ustad UnderlyingNetworks: Null] ]
10-28 15:35:06.412  2617  2669 W Parcel  : Expecting binder but got null!
10-28 15:35:06.415   582   602 I ActivityTaskManager: Displayed org.nayestane.ustad/com.ustadmobile.port.android.view.AppActivity: +66ms
10-28 15:35:06.418  2617  2617 D UstadViewModelFunKt$ustadViewModel$viewModel$invoke: ustadViewModel(): create viewmodel for: com.ustadmobile.core.viewmodel.redirect.RedirectViewModel
10-28 15:35:06.418  2617  2617 I System.out: com.ustadmobile.core.db.UmAppDatabase_DoorWrapper@efea2f7
10-28 15:35:06.421   422   465 W TransactionTracing: Could not find layer handle 0x7b315a6879f0
10-28 15:35:06.426  2617  2617 D UstadNavControllerPreCompose$onCollectNavCommand: NavCommandEffect: Navigate: Go to Login
10-28 15:35:06.430  2617  2617 D UstadViewModelFunKt$ustadViewModel$viewModel$invoke: ustadViewModel(): create viewmodel for: com.ustadmobile.core.viewmodel.login.LoginViewModel
10-28 15:35:06.434  2617  2719 V UstadCache: OKHttp-CacheInterceptor:  intercept: GET https://dars.nayestane.org/v2/Site/verify
10-28 15:35:06.434  2617  2719 I UstadCache: UstadCache(): Retrieve https://dars.nayestane.org/v2/Site/verify
10-28 15:35:06.435  2617  2719 D UstadCache: UstadCache(): FOUND https://dars.nayestane.org/v2/Site/verify
10-28 15:35:06.441  2523  2540 D Benchmark: Result: Starting: Intent { act=android.intent.action.MAIN cat=[android.intent.category.LAUNCHER] flg=0x10008000 pkg=org.nayestane.ustad cmp=org.nayestane.ustad/com.ustadmobile.port.android.view.AppActivity }
10-28 15:35:06.441  2523  2540 D Benchmark: Status: ok
10-28 15:35:06.441  2523  2540 D Benchmark: LaunchState: WARM
10-28 15:35:06.441  2523  2540 D Benchmark: Activity: org.nayestane.ustad/com.ustadmobile.port.android.view.AppActivity
10-28 15:35:06.441  2523  2540 D Benchmark: TotalTime: 66
10-28 15:35:06.441  2523  2540 D Benchmark: WaitTime: 67
10-28 15:35:06.441  2523  2540 D Benchmark: Complete
10-28 15:35:06.443  2617  2719 D TrafficStats: tagSocket(102) with statsTag=0xffffffff, statsUid=-1
10-28 15:35:06.458  1495  2561 W MediaProvider: isAppCloneUserPair for user 0: false
10-28 15:35:06.459  1495  2561 V MediaProvider: Inserted id:1000000054 less than next row id backup:1000001000.
10-28 15:35:06.533  2523  2540 I System.out: 0 Flags,FrameTimelineVsyncId,IntendedVsync,Vsync,InputEventId,HandleInputStart,AnimationStart,PerformTraversalsStart,DrawStart,FrameDeadline,FrameInterval,FrameStartTime,SyncQueued,SyncStart,IssueDrawCommandsStart,SwapBuffers,FrameCompleted,DequeueBufferDuration,QueueBufferDuration,GpuCompleted,SwapBuffersCompleted,DisplayPresentTime,CommandSubmissionCompleted,
10-28 15:35:06.533  2523  2540 I System.out: 1 1,8895,387284673989,387301340655,0,387313115851,387313116171,387313116361,387341234179,387301340655,387313114141,16666666,387341919819,387342100499,387342197059,387342444659,387343340969,3600,395070,387343303269,387343340969,337942237787,387342444659,
10-28 15:35:06.533  2523  2540 I System.out: 2 0,8965,387318007321,387334673987,0,387346869950,387346870490,387351403691,387351423991,387368007319,387346867890,16666666,387356550213,387356582083,387356604373,387356672603,387368178546,2460,74400,387368178546,387357156463,337954197491,387356672603,
10-28 15:35:06.533  2523  2540 I System.out: 3 0,9032,387351340653,387351340653,0,387358577673,387358577953,387393867923,387393893383,387401340651,387358576473,16666666,387406533877,387406741377,387406822487,387406937827,387407591157,3540,177410,387407551687,387407591157,338019324879,387406937827,
10-28 15:35:06.533  2523  2540 I System.out: 4 0,9068,387368007319,387401340651,0,387409986598,387409987108,387429144103,387429184463,387384673985,387409984608,16666666,387440060656,387440102336,387440148306,387440607136,338050918957,2540,178910,338050918957,387441495436,338054608558,387440607136,
10-28 15:35:06.534  2523  2540 D UiDevice: Waiting 10000ms for SearchCondition[hasObject=BySelector [TEXT='\QGet Started\E']].
10-28 15:35:06.534  2523  2540 D UiDevice: Searching for node with selector: BySelector [TEXT='\QGet Started\E'].
10-28 15:35:06.541  2617  2719 D UstadCache: OKHttp-CacheInterceptor:  MISS(invalid) https://dars.nayestane.org/v2/Site/verify
10-28 15:35:06.542  2617  2719 D UstadCache: OKHttp-CacheInterceptor:  newCacheAndStoreResponse: GET https://dars.nayestane.org/v2/Site/verify 200 ()
10-28 15:35:06.544  2617  2719 V UstadCache: OKHttp-CacheInterceptor:  https://dars.nayestane.org/v2/Site/verify MISS(invalid) can store/update 200  (contentType=application/json; charset=UTF-8, content-encoding=null content-length=180)
10-28 15:35:06.545  2617  2730 D UstadCache: UstadCache(): storerequest 1 entries
10-28 15:35:06.546  2617  2730 V UstadCache: UstadCache(): copied request data for https://dars.nayestane.org/v2/Site/verify to /data/user/0/org.nayestane.ustad/files/httpfiles/tmpwork/6.tmp (integrity=sha256-VTW/47g5E/UMinnUcaDGC+8yXE8lgnmbnOjHxekFxd4=)
10-28 15:35:06.546  2617  2730 V UstadCache: UstadCache(): cacheEntries created 1 entries
10-28 15:35:06.547  2617  2730 D UstadCache: UstadCache(): deleting 1 tmp files
10-28 15:35:06.547  2617  2730 D UstadCache: UstadCache(): db transaction completed
10-28 15:35:06.636   422   465 W TransactionTracing: Could not find layer handle 0x7b315a684f30
10-28 15:35:06.653   422   465 W TransactionTracing: Could not find layer handle 0x7b315a688ef0
10-28 15:35:06.653   422   465 W TransactionTracing: Could not find layer handle 0x7b315a689490
10-28 15:35:06.653   422   465 W TransactionTracing: Could not find layer handle 0x7b315a683730
10-28 15:35:06.653   422   465 W TransactionTracing: Could not find layer handle 0x7b315a68b770
10-28 15:35:06.653   422   465 W TransactionTracing: Could not find layer handle 0x7b315a6887d0
10-28 15:35:06.653   422   465 W TransactionTracing: Could not find layer handle 0x7b315a6887d0
10-28 15:35:06.653   422   465 W TransactionTracing: Could not find layer handle 0x7b315a683730
10-28 15:35:06.654   422   465 W TransactionTracing: Could not find layer handle 0x7b315a688ef0
10-28 15:35:06.707  1133  1133 W FrameTracker: Missed SF frame:PREDICTION_ERROR, 8807, 5079951, CUJ=J<LAUNCHER_APP_CLOSE_TO_HOME>
10-28 15:35:06.707  1133  1133 W FrameTracker: Missed SF frame:PREDICTION_ERROR, 8953, 4452342, CUJ=J<LAUNCHER_APP_CLOSE_TO_HOME>
10-28 15:35:06.707  1133  1133 W FrameTracker: Missed SF frame:PREDICTION_ERROR, 9025, 3526319, CUJ=J<LAUNCHER_APP_CLOSE_TO_HOME>
10-28 15:35:06.707  1133  1133 W FrameTracker: Missed SF frame:PREDICTION_ERROR, 9212, 4891993, CUJ=J<LAUNCHER_APP_CLOSE_TO_HOME>
10-28 15:35:06.707  1133  1133 W FrameTracker: Missed SF frame:PREDICTION_ERROR, 9277, 4181930, CUJ=J<LAUNCHER_APP_CLOSE_TO_HOME>
10-28 15:35:06.707  1133  1133 W FrameTracker: Missed SF frame:PREDICTION_ERROR, 9313, 3893159, CUJ=J<LAUNCHER_APP_CLOSE_TO_HOME>
10-28 15:35:06.707  1133  1133 W FrameTracker: Missing SF jank callback for vsyncId: 9385, CUJ=J<LAUNCHER_APP_CLOSE_TO_HOME>
10-28 15:35:06.708  1133  1815 V PerfettoTrigger: Not triggering com.android.telemetry.interaction-jank-monitor-9 - not enough time since last trigger
10-28 15:35:06.708   582  1645 W InputManager-JNI: Input channel object 'aefc8f7 Splash Screen org.nayestane.ustad (client)' was disposed without first being removed with the input manager!
10-28 15:35:06.736   422   465 W TransactionTracing: Could not find layer handle 0x7b315a687d50
10-28 15:35:06.758   870   925 W FrameTracker: Missed SF frame:PREDICTION_ERROR, 9104, 0, CUJ=J<SPLASHSCREEN_EXIT_ANIM>
10-28 15:35:06.758   870   925 W FrameTracker: Missing HWUI jank callback for vsyncId: 9104, CUJ=J<SPLASHSCREEN_EXIT_ANIM>
10-28 15:35:06.758   870   925 W FrameTracker: Missed SF frame:PREDICTION_ERROR, 9140, 4487586, CUJ=J<SPLASHSCREEN_EXIT_ANIM>
10-28 15:35:06.758   870   925 W FrameTracker: Missing HWUI jank callback for vsyncId: 9166, CUJ=J<SPLASHSCREEN_EXIT_ANIM>
10-28 15:35:06.758   870   925 W FrameTracker: Missed SF frame:PREDICTION_ERROR, 9205, 5283103, CUJ=J<SPLASHSCREEN_EXIT_ANIM>
10-28 15:35:06.758   870   925 W FrameTracker: Missed SF frame:PREDICTION_ERROR, 9537, 0, CUJ=J<SPLASHSCREEN_EXIT_ANIM>
10-28 15:35:06.758   870   925 W FrameTracker: Missing HWUI jank callback for vsyncId: 9537, CUJ=J<SPLASHSCREEN_EXIT_ANIM>
10-28 15:35:06.758   870   925 W FrameTracker: Missing SF jank callback for vsyncId: 9566, CUJ=J<SPLASHSCREEN_EXIT_ANIM>
10-28 15:35:06.758   870   915 V PerfettoTrigger: Not triggering com.android.telemetry.interaction-jank-monitor-39 - not enough time since last trigger
10-28 15:35:06.886   422   465 W TransactionTracing: Could not find layer handle 0x7b315a689370
10-28 15:35:06.886   422   465 W TransactionTracing: Could not find layer handle 0x7b315a684270
10-28 15:35:06.886   422   465 W TransactionTracing: Could not find layer handle 0x7b315a684270
10-28 15:35:06.998  2523  2540 D UiDevice: Searching for node with selector: BySelector [TEXT='\QGet Started\E'].
10-28 15:35:07.587  2523  2540 D UiDevice: Searching for node with selector: BySelector [TEXT='\QGet Started\E'].
10-28 15:35:07.690  2523  2540 D UiDevice: Searching for node with selector: BySelector [TEXT='\QGet Started\E'].
10-28 15:35:07.793  2523  2540 D UiDevice: Searching for node with selector: BySelector [TEXT='\QGet Started\E'].
10-28 15:35:07.896  2523  2540 D UiDevice: Searching for node with selector: BySelector [TEXT='\QGet Started\E'].
10-28 15:35:07.999  2523  2540 D UiDevice: Searching for node with selector: BySelector [TEXT='\QGet Started\E'].
10-28 15:35:08.103  2523  2540 D UiDevice: Searching for node with selector: BySelector [TEXT='\QGet Started\E'].
10-28 15:35:08.206  2523  2540 D UiDevice: Searching for node with selector: BySelector [TEXT='\QGet Started\E'].
10-28 15:35:08.309  2523  2540 D UiDevice: Searching for node with selector: BySelector [TEXT='\QGet Started\E'].
10-28 15:35:08.412  2523  2540 D UiDevice: Searching for node with selector: BySelector [TEXT='\QGet Started\E'].
10-28 15:35:08.515  2523  2540 D UiDevice: Searching for node with selector: BySelector [TEXT='\QGet Started\E'].
10-28 15:35:08.618  2523  2540 D UiDevice: Searching for node with selector: BySelector [TEXT='\QGet Started\E'].
10-28 15:35:08.721  2523  2540 D UiDevice: Searching for node with selector: BySelector [TEXT='\QGet Started\E'].
10-28 15:35:08.824  2523  2540 D UiDevice: Searching for node with selector: BySelector [TEXT='\QGet Started\E'].
10-28 15:35:08.843  2617  2681 D UstadCache: CacheTrimmer:  Trim cache run: max (evictable) size = 100000000 bytes
10-28 15:35:08.843  2617  2681 V UstadCache: CacheTrimmer:  deleting
10-28 15:35:08.926  2523  2540 D UiDevice: Searching for node with selector: BySelector [TEXT='\QGet Started\E'].
10-28 15:35:09.030  2523  2540 D UiDevice: Searching for node with selector: BySelector [TEXT='\QGet Started\E'].
10-28 15:35:09.132  2523  2540 D UiDevice: Searching for node with selector: BySelector [TEXT='\QGet Started\E'].
10-28 15:35:09.235  2523  2540 D UiDevice: Searching for node with selector: BySelector [TEXT='\QGet Started\E'].
10-28 15:35:09.338  2523  2540 D UiDevice: Searching for node with selector: BySelector [TEXT='\QGet Started\E'].
10-28 15:35:09.441  2523  2540 D UiDevice: Searching for node with selector: BySelector [TEXT='\QGet Started\E'].
10-28 15:35:09.544  2523  2540 D UiDevice: Searching for node with selector: BySelector [TEXT='\QGet Started\E'].
10-28 15:35:09.615   399   399 E android.hardware.power.stats@1.0-service-mock: Failed to getEnergyData
10-28 15:35:09.646  2523  2540 D UiDevice: Searching for node with selector: BySelector [TEXT='\QGet Started\E'].
10-28 15:35:09.749  2523  2540 D UiDevice: Searching for node with selector: BySelector [TEXT='\QGet Started\E'].
10-28 15:35:09.855  2523  2540 D UiDevice: Searching for node with selector: BySelector [TEXT='\QGet Started\E'].
10-28 15:35:09.958  2523  2540 D UiDevice: Searching for node with selector: BySelector [TEXT='\QGet Started\E'].
10-28 15:35:10.061  2523  2540 D UiDevice: Searching for node with selector: BySelector [TEXT='\QGet Started\E'].
10-28 15:35:10.164  2523  2540 D UiDevice: Searching for node with selector: BySelector [TEXT='\QGet Started\E'].
10-28 15:35:10.267  2523  2540 D UiDevice: Searching for node with selector: BySelector [TEXT='\QGet Started\E'].
10-28 15:35:10.370  2523  2540 D UiDevice: Searching for node with selector: BySelector [TEXT='\QGet Started\E'].
10-28 15:35:10.473  2523  2540 D UiDevice: Searching for node with selector: BySelector [TEXT='\QGet Started\E'].
10-28 15:35:10.576  2523  2540 D UiDevice: Searching for node with selector: BySelector [TEXT='\QGet Started\E'].
10-28 15:35:10.679  2523  2540 D UiDevice: Searching for node with selector: BySelector [TEXT='\QGet Started\E'].
10-28 15:35:10.782  2523  2540 D UiDevice: Searching for node with selector: BySelector [TEXT='\QGet Started\E'].
10-28 15:35:10.886  2523  2540 D UiDevice: Searching for node with selector: BySelector [TEXT='\QGet Started\E'].
10-28 15:35:10.989  2523  2540 D UiDevice: Searching for node with selector: BySelector [TEXT='\QGet Started\E'].
10-28 15:35:11.092  2523  2540 D UiDevice: Searching for node with selector: BySelector [TEXT='\QGet Started\E'].
10-28 15:35:11.195  2523  2540 D UiDevice: Searching for node with selector: BySelector [TEXT='\QGet Started\E'].
10-28 15:35:11.298  2523  2540 D UiDevice: Searching for node with selector: BySelector [TEXT='\QGet Started\E'].
10-28 15:35:11.401  2523  2540 D UiDevice: Searching for node with selector: BySelector [TEXT='\QGet Started\E'].
10-28 15:35:11.504  2523  2540 D UiDevice: Searching for node with selector: BySelector [TEXT='\QGet Started\E'].
10-28 15:35:11.607  2523  2540 D UiDevice: Searching for node with selector: BySelector [TEXT='\QGet Started\E'].
10-28 15:35:11.710  2523  2540 D UiDevice: Searching for node with selector: BySelector [TEXT='\QGet Started\E'].
10-28 15:35:11.813  2523  2540 D UiDevice: Searching for node with selector: BySelector [TEXT='\QGet Started\E'].
10-28 15:35:11.916  2523  2540 D UiDevice: Searching for node with selector: BySelector [TEXT='\QGet Started\E'].
10-28 15:35:12.019  2523  2540 D UiDevice: Searching for node with selector: BySelector [TEXT='\QGet Started\E'].
10-28 15:35:12.122  2523  2540 D UiDevice: Searching for node with selector: BySelector [TEXT='\QGet Started\E'].
10-28 15:35:12.226  2523  2540 D UiDevice: Searching for node with selector: BySelector [TEXT='\QGet Started\E'].
10-28 15:35:12.328  2523  2540 D UiDevice: Searching for node with selector: BySelector [TEXT='\QGet Started\E'].
10-28 15:35:12.431  2523  2540 D UiDevice: Searching for node with selector: BySelector [TEXT='\QGet Started\E'].
10-28 15:35:12.534  2523  2540 D UiDevice: Searching for node with selector: BySelector [TEXT='\QGet Started\E'].
10-28 15:35:12.637  2523  2540 D UiDevice: Searching for node with selector: BySelector [TEXT='\QGet Started\E'].
10-28 15:35:12.740  2523  2540 D UiDevice: Searching for node with selector: BySelector [TEXT='\QGet Started\E'].
10-28 15:35:12.843  2523  2540 D UiDevice: Searching for node with selector: BySelector [TEXT='\QGet Started\E'].
10-28 15:35:12.945  2523  2540 D UiDevice: Searching for node with selector: BySelector [TEXT='\QGet Started\E'].
10-28 15:35:13.048  2523  2540 D UiDevice: Searching for node with selector: BySelector [TEXT='\QGet Started\E'].
10-28 15:35:13.151  2523  2540 D UiDevice: Searching for node with selector: BySelector [TEXT='\QGet Started\E'].
10-28 15:35:13.254  2523  2540 D UiDevice: Searching for node with selector: BySelector [TEXT='\QGet Started\E'].
10-28 15:35:13.357  2523  2540 D UiDevice: Searching for node with selector: BySelector [TEXT='\QGet Started\E'].
10-28 15:35:13.460  2523  2540 D UiDevice: Searching for node with selector: BySelector [TEXT='\QGet Started\E'].
10-28 15:35:13.563  2523  2540 D UiDevice: Searching for node with selector: BySelector [TEXT='\QGet Started\E'].
10-28 15:35:13.666  2523  2540 D UiDevice: Searching for node with selector: BySelector [TEXT='\QGet Started\E'].
10-28 15:35:13.768  2523  2540 D UiDevice: Searching for node with selector: BySelector [TEXT='\QGet Started\E'].
10-28 15:35:13.871  2523  2540 D UiDevice: Searching for node with selector: BySelector [TEXT='\QGet Started\E'].
10-28 15:35:13.973  2523  2540 D UiDevice: Searching for node with selector: BySelector [TEXT='\QGet Started\E'].
10-28 15:35:14.076  2523  2540 D UiDevice: Searching for node with selector: BySelector [TEXT='\QGet Started\E'].
10-28 15:35:14.179  2523  2540 D UiDevice: Searching for node with selector: BySelector [TEXT='\QGet Started\E'].
10-28 15:35:14.282  2523  2540 D UiDevice: Searching for node with selector: BySelector [TEXT='\QGet Started\E'].
10-28 15:35:14.384  2523  2540 D UiDevice: Searching for node with selector: BySelector [TEXT='\QGet Started\E'].
10-28 15:35:14.488  2523  2540 D UiDevice: Searching for node with selector: BySelector [TEXT='\QGet Started\E'].
10-28 15:35:14.591  2523  2540 D UiDevice: Searching for node with selector: BySelector [TEXT='\QGet Started\E'].
10-28 15:35:14.694  2523  2540 D UiDevice: Searching for node with selector: BySelector [TEXT='\QGet Started\E'].
10-28 15:35:14.797  2523  2540 D UiDevice: Searching for node with selector: BySelector [TEXT='\QGet Started\E'].
10-28 15:35:14.900  2523  2540 D UiDevice: Searching for node with selector: BySelector [TEXT='\QGet Started\E'].
10-28 15:35:15.003  2523  2540 D UiDevice: Searching for node with selector: BySelector [TEXT='\QGet Started\E'].
10-28 15:35:15.106  2523  2540 D UiDevice: Searching for node with selector: BySelector [TEXT='\QGet Started\E'].
10-28 15:35:15.210  2523  2540 D UiDevice: Searching for node with selector: BySelector [TEXT='\QGet Started\E'].
10-28 15:35:15.312  2523  2540 D UiDevice: Searching for node with selector: BySelector [TEXT='\QGet Started\E'].
10-28 15:35:15.416  2523  2540 D UiDevice: Searching for node with selector: BySelector [TEXT='\QGet Started\E'].
10-28 15:35:15.518  2523  2540 D UiDevice: Searching for node with selector: BySelector [TEXT='\QGet Started\E'].
10-28 15:35:15.621  2523  2540 D UiDevice: Searching for node with selector: BySelector [TEXT='\QGet Started\E'].
10-28 15:35:15.724  2523  2540 D UiDevice: Searching for node with selector: BySelector [TEXT='\QGet Started\E'].
10-28 15:35:15.827  2523  2540 D UiDevice: Searching for node with selector: BySelector [TEXT='\QGet Started\E'].
10-28 15:35:15.930  2523  2540 D UiDevice: Searching for node with selector: BySelector [TEXT='\QGet Started\E'].
10-28 15:35:16.033  2523  2540 D UiDevice: Searching for node with selector: BySelector [TEXT='\QGet Started\E'].
10-28 15:35:16.136  2523  2540 D UiDevice: Searching for node with selector: BySelector [TEXT='\QGet Started\E'].
10-28 15:35:16.239  2523  2540 D UiDevice: Searching for node with selector: BySelector [TEXT='\QGet Started\E'].
10-28 15:35:16.342  2523  2540 D UiDevice: Searching for node with selector: BySelector [TEXT='\QGet Started\E'].
10-28 15:35:16.445  2523  2540 D UiDevice: Searching for node with selector: BySelector [TEXT='\QGet Started\E'].
10-28 15:35:16.548  2523  2540 D UiDevice: Searching for node with selector: BySelector [TEXT='\QGet Started\E'].
10-28 15:35:17.551  2523  2540 D UiDevice: Retrieving node with selector: BySelector [TEXT='\QGet Started\E'].
10-28 15:35:17.555  2523  2540 D UiDevice: Node not found with selector: BySelector [TEXT='\QGet Started\E'].
10-28 15:35:22.555  2523  2540 D Benchmark: Profile Installer - Save Profile
10-28 15:35:22.572  2617  2617 I Process : Sending signal. PID: 2617 SIG: 10
10-28 15:35:22.572  2617  2617 D ProfileInstaller:
10-28 15:35:22.572  2617  2622 I nayestane.ustad: Thread[6,tid=2622,WaitingInMainSignalCatcherLoop,Thread*=0x7f5acd2a1200,peer=0x13c81d50,"Signal Catcher"]: reacting to signal 10
10-28 15:35:22.572  2617  2622 I nayestane.ustad:
10-28 15:35:22.572  2617  2622 I nayestane.ustad: SIGUSR1 forcing GC (no HPROF) and profile save
10-28 15:35:22.600  2617  2622 I nayestane.ustad: Explicit concurrent copying GC freed 186187(7106KB) AllocSpace objects, 11(292KB) LOS objects, 49% free, 7919KB/15MB, paused 89us,10us total 27.432ms
10-28 15:35:22.602  2617  2628 W System  : A resource failed to call close.
10-28 15:35:23.074  2523  2540 D Benchmark: Killing process org.nayestane.ustad
10-28 15:35:23.074  2523  2540 D UiDevice: Executing shell command: killall org.nayestane.ustad
10-28 15:35:23.088  1495  1688 W MediaProvider: isAppCloneUserPair for user 0: false
10-28 15:35:23.088  1495  1688 V MediaProvider: Inserted id:1000000055 less than next row id backup:1000001000.
10-28 15:35:23.123   582   960 I PackageDexOptimizer: Running dexopt (dexoptNeeded=-3) on: /data/app/~~ZJQ7sXylsANplpuIJprZpw==/org.nayestane.ustad-MZAU5CLP1yOCe01YQZ7TaA==/base.apk pkg=org.nayestane.ustad isa=x86_64 dexoptFlags=boot_complete,profile_guided,force,enable_hidden_api_checks targetFilter=speed-profile oatDir=/data/app/~~ZJQ7sXylsANplpuIJprZpw==/org.nayestane.ustad-MZAU5CLP1yOCe01YQZ7TaA==/oat classLoaderContext=PCL[]{PCL[/system_ext/framework/androidx.window.extensions.jar]#PCL[/system_ext/framework/androidx.window.sidecar.jar]}
