10-28 15:35:54.979   870   976 D EGL_emulation: app_time_stats: avg=840.87ms min=12.11ms max=23638.86ms count=29
10-28 15:35:55.003   422   465 W TransactionTracing: Could not find layer handle 0x7b315a688b30
10-28 15:35:55.010  2523  2540 I System.out: 0 Flags,FrameTimelineVsyncId,IntendedVsync,Vsync,InputEventId,HandleInputStart,AnimationStart,PerformTraversalsStart,DrawStart,FrameDeadline,FrameInterval,FrameStartTime,SyncQueued,SyncStart,IssueDrawCommandsStart,SwapBuffers,FrameCompleted,DequeueBufferDuration,QueueBufferDuration,GpuCompleted,SwapBuffersCompleted,DisplayPresentTime,CommandSubmissionCompleted,
10-28 15:35:55.010  2523  2540 I System.out: 1 1,10114,411618006349,411634673015,0,411636342117,411636342287,411636492287,411657670183,411634673015,411636340527,16666666,411658238833,411658397473,411658446033,411658507573,411659203143,2520,301140,411659175703,411659203143,-2,411658507573,
10-28 15:35:55.010  2523  2540 I System.out: 2 0,10186,411651339681,411651339681,0,411662395364,411662395714,411666803015,411666820395,411684673013,411662394444,16666666,411667246946,411667281176,411667310916,411667397036,411668155306,2910,128610,411668155306,411667875976,411671094947,411667397036,
10-28 15:35:55.010  2523  2540 I System.out: 3 0,10222,411668006347,411668006347,0,411672771407,411672771977,411698250174,411698280474,411701339679,411672769967,16666666,411710831528,411711071548,411711118798,411711186258,411718099260,3210,121770,411718099260,411711705248,411719330830,411711186258,
10-28 15:35:55.010  2523  2540 I System.out: 4 0,10265,411684673013,411701339679,0,411715322019,411715322529,411732347764,411732369984,411751339677,411715320339,16666666,411740413906,411740480196,411740528616,411740821836,411747068078,3170,127550,411747068078,411742157026,411753349039,411740821836,
10-28 15:35:55.010  2523  2540 I System.out: 5 0,10344,411718006345,411734673011,0,411742529306,411742529586,411744197007,411744213637,411768006343,411742527346,16666666,411745404807,411745503597,411745556517,411746433048,411754217310,7100562,233510,411751454529,411754217310,411769209454,411746433048,
10-28 15:35:55.010  2523  2540 I System.out: 6 0,10409,411751339677,411751339677,0,411756266500,411756267070,411759066601,411759090691,411784673009,411756227220,16666666,411760583381,411760643742,411760690172,411761405352,411772375515,10347093,145190,411768124904,411772375515,411786858579,411761405352,
10-28 15:35:55.010  2523  2540 I System.out: 7 0,10445,411768006343,411768006343,0,411768336134,411768336204,411771226034,411771246914,411801339675,411768335384,16666666,411775367226,411775435776,411775493566,411776365496,411786290759,7572342,140731,411778668567,411786290759,411804996174,411776365496,
10-28 15:35:55.011  2523  2540 I System.out: 8 0,10481,411784673009,411784673009,0,411785380668,411785380858,411797402502,411797423262,411818006341,411785378478,16666666,411800900403,411800932413,411800984303,411801851483,411807769165,2833421,95550,411807769165,411805333784,411821415958,411801851483,
10-28 15:35:55.011  2523  2540 I System.out: 9 0,10517,411801339675,411801339675,0,411802085953,411802086193,411804123454,411804139794,411834673007,411802085113,16666666,411805562654,411805598784,411805641844,411806500814,411821652308,13842263,61280,411807775975,411821652308,411837803863,411806500814,
10-28 15:35:55.011  2523  2540 I System.out: 10 0,10553,411818006341,411818006341,0,411818397268,411818397378,411820731078,411820751058,411851339673,411818396738,16666666,411822451529,411822485469,411822535759,411823414739,411838288443,13701634,89080,411834774692,411838288443,411854272988,411823414739,
10-28 15:35:55.011  2523  2540 I System.out: 11 0,10589,411834673007,411834673007,0,411835033052,411835033432,411837621863,411837647963,411868006339,411835031002,16666666,411839611413,411839664473,411839717293,411840628384,411854639648,12812684,97550,411851471447,411854639648,411870265042,411840628384,
10-28 15:35:55.011  2523  2540 I System.out: 12 0,10625,411851339673,411851339673,0,411851543147,411851543347,411854759398,411854781648,411884673005,411851541547,16666666,411856490378,411856538798,411856592958,411857402428,411871933342,13656543,97540,411868139661,411871933342,411890231098,411857402428,
10-28 15:35:55.011  2523  2540 I System.out: 13 0,10654,411868006339,411868006339,0,411868374491,411868374671,411872109082,411872138602,411901339671,411868373781,16666666,411874425263,411874497623,411874554453,411875550813,411887963917,11273573,118360,411884804356,411887963917,411905351192,411875550813,
10-28 15:35:55.011  2523  2540 I System.out: 14 0,10690,411884673005,411884673005,0,411885243056,411885243276,411888429147,411888455477,411918006337,411885241466,16666666,411890687898,411890743608,411890799318,411891781298,411905984702,13048514,127150,411901455791,411905984702,411921619626,411891781298,
10-28 15:35:55.011  2523  2540 I System.out: 15 0,10719,411901339671,411901339671,0,411901578361,411901578501,411905717712,411905746612,411934673003,411901576851,16666666,411908057652,411908088452,411908134232,411909100103,411920985316,11026373,86630,411918187095,411920985316,411940604171,411909100103,
10-28 15:35:55.011  2523  2540 I System.out: 16 0,10755,411918006337,411918006337,0,411920505626,411920505916,411923000657,411923022077,411951339669,411920503626,16666666,411924563377,411924597587,411924651447,411925751957,411937840871,10936933,205140,411934806990,411937840871,411952717375,411925751957,
10-28 15:35:55.011  2523  2540 I System.out: 17 0,10777,411934673003,411934673003,0,411937427771,411937428131,411939183961,411939203141,411968006335,411937425771,16666666,411940576251,411940603811,411940650512,411941360742,411952965505,10749143,77730,411951486295,411952965505,411970337950,411941360742,
10-28 15:35:55.011  2523  2540 I System.out: 18 0,10799,411951339669,411951339669,0,411951702035,411951702195,411954115275,411954132755,411984673001,411951701485,16666666,411955507906,411955665046,411955723296,411956746706,411970348840,12475914,95000,411968165379,411970348840,411986989424,411956746706,
10-28 15:35:55.011  2523  2540 I System.out: 19 0,10821,411968006335,411968006335,0,411968351899,411968352009,411970361250,411970389660,412001339667,411968350269,16666666,411972323360,411972362560,411972407140,411972643280,411987200464,13629043,91410,411984776834,411987200464,412003710979,411972643280,
10-28 15:35:55.011  2523  2540 I System.out: 20 0,10850,411984673001,411984673001,0,411984842724,411984843024,411985733884,411985755734,412018006333,411984841544,16666666,411986837744,411987224164,411987272304,411987575315,412003978349,15516664,85130,412001511458,412003978349,412020159724,411987575315,
10-28 15:35:55.011  2523  2540 I System.out: 21 0,10865,412001339667,412001339667,0,412001589548,412001590108,412002492019,412002516569,412034672999,412001588038,16666666,412004063449,412004097159,412004156069,412004371759,412020416974,15043885,143320,412018120733,412020416974,412035834748,412004371759,
10-28 15:35:55.011  2523  2540 I System.out: 22 0,10894,412018006333,412018006333,0,412018186093,412018186413,412018673253,412018690383,412051339665,412018185163,16666666,412019801423,412020450514,412020501414,412020776824,412035973748,13973284,187560,412034765128,412035973748,412053635883,412020776824,
10-28 15:35:55.011  2523  2540 I System.out: 23 0,10909,412034672999,412034672999,0,412034821598,412034821938,412036763138,412036779518,412068006331,412034820808,16666666,412037991099,412038025939,412038070929,412038421929,412053844983,14631294,89020,412051458432,412053844983,412070177867,412038421929,
10-28 15:35:55.011  2523  2540 I System.out: 24 0,10924,412051339665,412051339665,0,412051499352,412051499602,412053415463,412053432743,412084672997,412051498652,16666666,412054671813,412054710753,412054746983,412055034063,412070434178,14618435,124020,412055750243,412070434178,412086104912,412055034063,
10-28 15:35:55.011  2523  2540 I System.out: 25 0,10932,412068006331,412068006331,0,412070286178,412070286598,412071464268,412071492328,412101339663,412070283918,16666666,412072691768,412072734068,412072783178,412073299898,412086925612,12729863,119930,412084802152,412086925612,412102402746,412073299898,
10-28 15:35:55.011  2523  2540 I System.out: 26 0,10954,412084672997,412084672997,0,412084858702,412084859012,412085593982,412085614172,412118006329,412084857322,16666666,412086735402,412086964162,412087008002,412087428012,412102628787,14454134,120220,412101432706,412102628787,412119798471,412087428012,
10-28 15:35:55.011  2523  2540 I System.out: 27 0,10969,412101339663,412101339663,0,412101473616,412101474026,412101693156,412101706376,412134672995,412101472696,16666666,412101734036,412102651787,412102691817,412103144087,412120088031,16099904,96300,412118084541,412120088031,0,412103144087,
10-28 15:35:55.011  2523  2540 I System.out: 28 0,10984,412118006329,412118006329,0,412118253931,412118254521,412118882241,412118900021,412151339661,412118252611,16666666,412120490951,412120565861,412120618612,412121071072,412137277276,15193764,110260,412134823895,412137277276,72057628414509824,412121071072,
10-28 15:35:55.011  2523  2540 I System.out: 29 0,11013,412134672995,412134672995,0,412134921265,412134921375,412138000226,412138030716,412168006327,412134920535,16666666,412140342157,412140378737,412140416847,412140733257,412152575600,11050423,85300,412151454600,412152575600,0,412140733257,
10-28 15:35:55.011  2523  2540 I System.out: 30 0,11035,412151339661,412151339661,0,412152004950,412152005370,412153265401,412153865801,412184672993,412152004070,16666666,412153933381,412153981531,412154022401,412154368261,412169718835,14433824,212320,412155238141,412169718835,72904454231819660,412154368261,
10-28 15:35:55.012  2523  2540 D Benchmark: Starting activity with command: am start  -W "intent:#Intent;action=android.intent.action.MAIN;category=android.intent.category.LAUNCHER;launchFlags=0x10008000;package=org.nayestane.ustad;component=org.nayestane.ustad/com.ustadmobile.port.android.view.AppActivity;end"
10-28 15:35:55.013  1495  1681 W MediaProvider: isAppCloneUserPair for user 0: false
10-28 15:35:55.014  1495  1681 V MediaProvider: Inserted id:1000000065 less than next row id backup:1000001000.
10-28 15:35:55.044   870   926 D SplashScreenView: Build android.window.SplashScreenView{a9ace72 V.E...... ......ID 0,0-0,0}
10-28 15:35:55.044   870   926 D SplashScreenView: Icon: view: null drawable: null size: 0
10-28 15:35:55.044   870   926 D SplashScreenView: Branding: view: android.view.View{cfcd2c3 G.ED..... ......I. 0,0-0,0 #10204db android:id/splashscreen_branding_view} drawable: null size w: 0 h: 0
10-28 15:35:55.048  2617  2617 D AppActivity$onDestroy: AppActivity#onDestroy
10-28 15:35:55.050   582  1645 W InputManager-JNI: Input channel object 'da5e9fa org.nayestane.ustad/com.ustadmobile.port.android.view.AppActivity (client)' was disposed without first being removed with the input manager!
10-28 15:35:55.061  2617  2617 W CustomTabsClient: Unable to find any Custom Tabs packages, you may need to add a <queries> element to your manifest. See the docs for CustomTabsClient#getPackageName.
10-28 15:35:55.061  2617  2617 W AppActivity$bindCustomTabsService: CustomTabs: Service NOT supported
10-28 15:35:55.062   870   976 W Parcel  : Expecting binder but got null!
10-28 15:35:55.067  2617  2617 D AutofillManager: Fill dialog is enabled:false, hints=[]
10-28 15:35:55.074  2617  2617 W OnBackInvokedCallback: OnBackInvokedCallback is not enabled for the application.
10-28 15:35:55.074  2617  2617 W OnBackInvokedCallback: Set 'android:enableOnBackInvokedCallback="true"' in the application manifest.
10-28 15:35:55.081   582  1659 D ConnectivityService: requestNetwork for uid/pid:10126/2617 activeRequest: null callbackRequest: 60 [NetworkRequest [ REQUEST id=61, [ Capabilities: INTERNET&NOT_RESTRICTED&TRUSTED&NOT_VCN_MANAGED Uid: 10126 RequestorUid: 10126 RequestorPkg: org.nayestane.ustad UnderlyingNetworks: Null] ]] callback flags: 0 order: 2147483647
10-28 15:35:55.081   582   809 D ConnectivityService: NetReassign [61 : null → 100]
10-28 15:35:55.082   582   802 D WifiNetworkFactory: got request NetworkRequest [ REQUEST id=61, [ Capabilities: INTERNET&NOT_RESTRICTED&TRUSTED&NOT_VCN_MANAGED Uid: 10126 RequestorUid: 10126 RequestorPkg: org.nayestane.ustad UnderlyingNetworks: Null] ]
10-28 15:35:55.082   582   802 D UntrustedWifiNetworkFactory: got request NetworkRequest [ REQUEST id=61, [ Capabilities: INTERNET&NOT_RESTRICTED&TRUSTED&NOT_VCN_MANAGED Uid: 10126 RequestorUid: 10126 RequestorPkg: org.nayestane.ustad UnderlyingNetworks: Null] ]
10-28 15:35:55.082   582   802 D OemPaidWifiNetworkFactory: got request NetworkRequest [ REQUEST id=61, [ Capabilities: INTERNET&NOT_RESTRICTED&TRUSTED&NOT_VCN_MANAGED Uid: 10126 RequestorUid: 10126 RequestorPkg: org.nayestane.ustad UnderlyingNetworks: Null] ]
10-28 15:35:55.082   582   802 D MultiInternetWifiNetworkFactory: got request NetworkRequest [ REQUEST id=61, [ Capabilities: INTERNET&NOT_RESTRICTED&TRUSTED&NOT_VCN_MANAGED Uid: 10126 RequestorUid: 10126 RequestorPkg: org.nayestane.ustad UnderlyingNetworks: Null] ]
10-28 15:35:55.094  2617  2669 W Parcel  : Expecting binder but got null!
10-28 15:35:55.096   582   602 I ActivityTaskManager: Displayed org.nayestane.ustad/com.ustadmobile.port.android.view.AppActivity: +54ms
10-28 15:35:55.101  2617  2617 D UstadViewModelFunKt$ustadViewModel$viewModel$invoke: ustadViewModel(): create viewmodel for: com.ustadmobile.core.viewmodel.redirect.RedirectViewModel
10-28 15:35:55.101  2617  2617 I System.out: com.ustadmobile.core.db.UmAppDatabase_DoorWrapper@efea2f7
10-28 15:35:55.115  2617  2617 D UstadNavControllerPreCompose$onCollectNavCommand: NavCommandEffect: Navigate: Go to Login
10-28 15:35:55.119  2617  2617 D UstadViewModelFunKt$ustadViewModel$viewModel$invoke: ustadViewModel(): create viewmodel for: com.ustadmobile.core.viewmodel.login.LoginViewModel
10-28 15:35:55.123  2523  2540 D Benchmark: Result: Starting: Intent { act=android.intent.action.MAIN cat=[android.intent.category.LAUNCHER] flg=0x10008000 pkg=org.nayestane.ustad cmp=org.nayestane.ustad/com.ustadmobile.port.android.view.AppActivity }
10-28 15:35:55.123  2523  2540 D Benchmark: Status: ok
10-28 15:35:55.123  2523  2540 D Benchmark: LaunchState: WARM
10-28 15:35:55.123  2523  2540 D Benchmark: Activity: org.nayestane.ustad/com.ustadmobile.port.android.view.AppActivity
10-28 15:35:55.123  2523  2540 D Benchmark: TotalTime: 54
10-28 15:35:55.123  2523  2540 D Benchmark: WaitTime: 54
10-28 15:35:55.123  2523  2540 D Benchmark: Complete
10-28 15:35:55.125  2617  2719 V UstadCache: OKHttp-CacheInterceptor:  intercept: GET https://dars.nayestane.org/v2/Site/verify
10-28 15:35:55.125  2617  2719 I UstadCache: UstadCache(): Retrieve https://dars.nayestane.org/v2/Site/verify
10-28 15:35:55.126  2617  2719 D UstadCache: UstadCache(): FOUND https://dars.nayestane.org/v2/Site/verify
10-28 15:35:55.128  2617  2719 D TrafficStats: tagSocket(99) with statsTag=0xffffffff, statsUid=-1
10-28 15:35:55.141  1495  2589 W MediaProvider: isAppCloneUserPair for user 0: false
10-28 15:35:55.142  1495  2589 V MediaProvider: Inserted id:1000000066 less than next row id backup:1000001000.
10-28 15:35:55.214  2523  2540 I System.out: 0 Flags,FrameTimelineVsyncId,IntendedVsync,Vsync,InputEventId,HandleInputStart,AnimationStart,PerformTraversalsStart,DrawStart,FrameDeadline,FrameInterval,FrameStartTime,SyncQueued,SyncStart,IssueDrawCommandsStart,SwapBuffers,FrameCompleted,DequeueBufferDuration,QueueBufferDuration,GpuCompleted,SwapBuffersCompleted,DisplayPresentTime,CommandSubmissionCompleted,
10-28 15:35:55.214  2523  2540 I System.out: 1 1,11325,435984672041,435984672041,0,435998044034,435998044294,435998091964,436023811611,436001338707,435998042664,16666666,436024362291,436024571081,436024664761,436024832611,436025390861,2180,121900,436025363871,436025390861,387352603692,436024832611,
10-28 15:35:55.214  2523  2540 I System.out: 2 0,11368,436001338707,436018005373,0,436029285893,436029286403,436034117114,436034137534,436051338705,436029283943,16666666,436034640174,436034665694,436034691464,436035194094,436051406699,2310,88450,436051406699,436035669184,387371544567,436035194094,
10-28 15:35:55.214  2523  2540 I System.out: 3 0,11440,436034672039,436034672039,0,436047233758,436047234188,436074353005,436074380535,436084672037,436047231838,16666666,436083189998,436083239208,436083292088,436083383028,436084821788,3840,129380,436084821788,436084018258,387420142381,436083383028,
10-28 15:35:55.214  2523  2540 I System.out: 4 0,11477,436051338705,436084672037,0,436090859890,436090860380,436106585074,436106603084,436068005371,436090857680,16666666,436113922146,436113968716,436114015956,436114465546,387447881578,2500,131910,387447881578,436115208206,387453319280,436114465546,
10-28 15:35:55.214  2523  2540 D UiDevice: Waiting 10000ms for SearchCondition[hasObject=BySelector [TEXT='\QGet Started\E']].
10-28 15:35:55.214  2523  2540 D UiDevice: Searching for node with selector: BySelector [TEXT='\QGet Started\E'].
10-28 15:35:55.219  2617  2719 D UstadCache: OKHttp-CacheInterceptor:  MISS(invalid) https://dars.nayestane.org/v2/Site/verify
10-28 15:35:55.220  2617  2719 D UstadCache: OKHttp-CacheInterceptor:  newCacheAndStoreResponse: GET https://dars.nayestane.org/v2/Site/verify 200 ()
10-28 15:35:55.220  2617  2719 V UstadCache: OKHttp-CacheInterceptor:  https://dars.nayestane.org/v2/Site/verify MISS(invalid) can store/update 200  (contentType=application/json; charset=UTF-8, content-encoding=null content-length=180)
10-28 15:35:55.226  2617  2730 D UstadCache: UstadCache(): storerequest 1 entries
10-28 15:35:55.227  2617  2730 V UstadCache: UstadCache(): copied request data for https://dars.nayestane.org/v2/Site/verify to /data/user/0/org.nayestane.ustad/files/httpfiles/tmpwork/8.tmp (integrity=sha256-VTW/47g5E/UMinnUcaDGC+8yXE8lgnmbnOjHxekFxd4=)
10-28 15:35:55.227  2617  2730 V UstadCache: UstadCache(): cacheEntries created 1 entries
10-28 15:35:55.228  2617  2730 D UstadCache: UstadCache(): deleting 1 tmp files
10-28 15:35:55.228  2617  2730 D UstadCache: UstadCache(): db transaction completed
10-28 15:35:55.339   422   465 W TransactionTracing: Could not find layer handle 0x7b315a688230
10-28 15:35:55.339   422   465 W TransactionTracing: Could not find layer handle 0x7b315a689190
10-28 15:35:55.339   422   465 W TransactionTracing: Could not find layer handle 0x7b315a688230
10-28 15:35:55.357  1133  1133 W FrameTracker: Missed SF frame:PREDICTION_ERROR, 11230, 3738506, CUJ=J<LAUNCHER_APP_CLOSE_TO_HOME>
10-28 15:35:55.357  1133  1133 W FrameTracker: Missed SF frame:PREDICTION_ERROR, 11361, 4390249, CUJ=J<LAUNCHER_APP_CLOSE_TO_HOME>
10-28 15:35:55.357  1133  1133 W FrameTracker: Missed SF frame:PREDICTION_ERROR, 11397, 4599028, CUJ=J<LAUNCHER_APP_CLOSE_TO_HOME>
10-28 15:35:55.357  1133  1133 W FrameTracker: Missed SF frame:PREDICTION_ERROR, 11470, 3448075, CUJ=J<LAUNCHER_APP_CLOSE_TO_HOME>
10-28 15:35:55.357  1133  1133 W FrameTracker: Missed SF frame:PREDICTION_ERROR, 11519, 4272943, CUJ=J<LAUNCHER_APP_CLOSE_TO_HOME>
10-28 15:35:55.357  1133  1133 W FrameTracker: Missed SF frame:PREDICTION_ERROR, 11548, 6663523, CUJ=J<LAUNCHER_APP_CLOSE_TO_HOME>
10-28 15:35:55.357  1133  1133 W FrameTracker: Missed SF frame:PREDICTION_ERROR, 11613, 6552900, CUJ=J<LAUNCHER_APP_CLOSE_TO_HOME>
10-28 15:35:55.357  1133  1133 W FrameTracker: Missed SF frame:PREDICTION_ERROR, 11721, 4613015, CUJ=J<LAUNCHER_APP_CLOSE_TO_HOME>
10-28 15:35:55.357  1133  1133 W FrameTracker: Missed SF frame:PREDICTION_ERROR, 11757, 5455714, CUJ=J<LAUNCHER_APP_CLOSE_TO_HOME>
10-28 15:35:55.357  1133  1133 W FrameTracker: Missed SF frame:PREDICTION_ERROR, 11793, 4830353, CUJ=J<LAUNCHER_APP_CLOSE_TO_HOME>
10-28 15:35:55.357  1133  1133 W FrameTracker: Missed SF frame:PREDICTION_ERROR, 11822, 5276931, CUJ=J<LAUNCHER_APP_CLOSE_TO_HOME>
10-28 15:35:55.357  1133  1133 W FrameTracker: Missed SF frame:PREDICTION_ERROR, 11851, 5597730, CUJ=J<LAUNCHER_APP_CLOSE_TO_HOME>
10-28 15:35:55.357  1133  1133 W FrameTracker: Missed SF frame:PREDICTION_ERROR, 11880, 4057308, CUJ=J<LAUNCHER_APP_CLOSE_TO_HOME>
10-28 15:35:55.358  1133  1815 V PerfettoTrigger: Not triggering com.android.telemetry.interaction-jank-monitor-9 - not enough time since last trigger
10-28 15:35:55.370   422   465 W TransactionTracing: Could not find layer handle 0x7b315a6861f0
10-28 15:35:55.374   582   938 W InputManager-JNI: Input channel object 'a952c6a Splash Screen org.nayestane.ustad (client)' was disposed without first being removed with the input manager!
10-28 15:35:55.403   422   465 W TransactionTracing: Could not find layer handle 0x7b315a688a70
10-28 15:35:55.422   870   925 W FrameTracker: Missed SF frame:PREDICTION_ERROR, 11462, 0, CUJ=J<SPLASHSCREEN_EXIT_ANIM>
10-28 15:35:55.423   870   925 W FrameTracker: Missing HWUI jank callback for vsyncId: 11462, CUJ=J<SPLASHSCREEN_EXIT_ANIM>
10-28 15:35:55.423   870   925 W FrameTracker: Missed SF frame:PREDICTION_ERROR, 11512, 3878783, CUJ=J<SPLASHSCREEN_EXIT_ANIM>
10-28 15:35:55.423   870   925 W FrameTracker: Missed SF frame:PREDICTION_ERROR, 11541, 8035213, CUJ=J<SPLASHSCREEN_EXIT_ANIM>
10-28 15:35:55.423   870   925 W FrameTracker: Missed SF frame:PREDICTION_ERROR, 11606, 4586409, CUJ=J<SPLASHSCREEN_EXIT_ANIM>
10-28 15:35:55.423   870   925 W FrameTracker: Missed SF frame:PREDICTION_ERROR, 11642, 2995868, CUJ=J<SPLASHSCREEN_EXIT_ANIM>
10-28 15:35:55.423   870   925 W FrameTracker: Missed SF frame:PREDICTION_ERROR, 11678, 0, CUJ=J<SPLASHSCREEN_EXIT_ANIM>
10-28 15:35:55.423   870   925 W FrameTracker: Missing HWUI jank callback for vsyncId: 11678, CUJ=J<SPLASHSCREEN_EXIT_ANIM>
10-28 15:35:55.423   870   925 W FrameTracker: Missed SF frame:PREDICTION_ERROR, 11714, 4502395, CUJ=J<SPLASHSCREEN_EXIT_ANIM>
10-28 15:35:55.423   870   925 W FrameTracker: Missed SF frame:PREDICTION_ERROR, 11750, 7318425, CUJ=J<SPLASHSCREEN_EXIT_ANIM>
10-28 15:35:55.423   870   925 W FrameTracker: Missed SF frame:PREDICTION_ERROR, 11786, 0, CUJ=J<SPLASHSCREEN_EXIT_ANIM>
10-28 15:35:55.423   870   925 W FrameTracker: Missing HWUI jank callback for vsyncId: 11786, CUJ=J<SPLASHSCREEN_EXIT_ANIM>
10-28 15:35:55.423   870   925 W FrameTracker: Missing HWUI jank callback for vsyncId: 11945, CUJ=J<SPLASHSCREEN_EXIT_ANIM>
10-28 15:35:55.423   870   915 V PerfettoTrigger: Not triggering com.android.telemetry.interaction-jank-monitor-39 - not enough time since last trigger
10-28 15:35:55.554   422   465 W TransactionTracing: Could not find layer handle 0x7b315a68a810
10-28 15:35:55.554   422   465 W TransactionTracing: Could not find layer handle 0x7b315a68d030
10-28 15:35:55.554   422   465 W TransactionTracing: Could not find layer handle 0x7b315a68e290
10-28 15:35:55.554   422   465 W TransactionTracing: Could not find layer handle 0x7b315a68e290
10-28 15:35:55.554   422   465 W TransactionTracing: Could not find layer handle 0x7b315a68d030
10-28 15:35:55.678  2523  2540 D UiDevice: Searching for node with selector: BySelector [TEXT='\QGet Started\E'].
10-28 15:35:56.277  2523  2540 D UiDevice: Searching for node with selector: BySelector [TEXT='\QGet Started\E'].
10-28 15:35:56.380  2523  2540 D UiDevice: Searching for node with selector: BySelector [TEXT='\QGet Started\E'].
10-28 15:35:56.483  2523  2540 D UiDevice: Searching for node with selector: BySelector [TEXT='\QGet Started\E'].
10-28 15:35:56.586  2523  2540 D UiDevice: Searching for node with selector: BySelector [TEXT='\QGet Started\E'].
10-28 15:35:56.688  2523  2540 D UiDevice: Searching for node with selector: BySelector [TEXT='\QGet Started\E'].
10-28 15:35:56.791  2523  2540 D UiDevice: Searching for node with selector: BySelector [TEXT='\QGet Started\E'].
10-28 15:35:56.894  2523  2540 D UiDevice: Searching for node with selector: BySelector [TEXT='\QGet Started\E'].
10-28 15:35:56.997  2523  2540 D UiDevice: Searching for node with selector: BySelector [TEXT='\QGet Started\E'].
10-28 15:35:57.100  2523  2540 D UiDevice: Searching for node with selector: BySelector [TEXT='\QGet Started\E'].
10-28 15:35:57.203  2523  2540 D UiDevice: Searching for node with selector: BySelector [TEXT='\QGet Started\E'].
10-28 15:35:57.306  2523  2540 D UiDevice: Searching for node with selector: BySelector [TEXT='\QGet Started\E'].
10-28 15:35:57.409  2523  2540 D UiDevice: Searching for node with selector: BySelector [TEXT='\QGet Started\E'].
10-28 15:35:57.511  2523  2540 D UiDevice: Searching for node with selector: BySelector [TEXT='\QGet Started\E'].
10-28 15:35:57.614  2523  2540 D UiDevice: Searching for node with selector: BySelector [TEXT='\QGet Started\E'].
10-28 15:35:57.717  2523  2540 D UiDevice: Searching for node with selector: BySelector [TEXT='\QGet Started\E'].
10-28 15:35:57.820  2523  2540 D UiDevice: Searching for node with selector: BySelector [TEXT='\QGet Started\E'].
10-28 15:35:57.923  2523  2540 D UiDevice: Searching for node with selector: BySelector [TEXT='\QGet Started\E'].
10-28 15:35:58.027  2523  2540 D UiDevice: Searching for node with selector: BySelector [TEXT='\QGet Started\E'].
10-28 15:35:58.129  2523  2540 D UiDevice: Searching for node with selector: BySelector [TEXT='\QGet Started\E'].
10-28 15:35:58.232  2523  2540 D UiDevice: Searching for node with selector: BySelector [TEXT='\QGet Started\E'].
10-28 15:35:58.335  2523  2540 D UiDevice: Searching for node with selector: BySelector [TEXT='\QGet Started\E'].
10-28 15:35:58.438  2523  2540 D UiDevice: Searching for node with selector: BySelector [TEXT='\QGet Started\E'].
10-28 15:35:58.541  2523  2540 D UiDevice: Searching for node with selector: BySelector [TEXT='\QGet Started\E'].
10-28 15:35:58.643  2523  2540 D UiDevice: Searching for node with selector: BySelector [TEXT='\QGet Started\E'].
10-28 15:35:58.746  2523  2540 D UiDevice: Searching for node with selector: BySelector [TEXT='\QGet Started\E'].
10-28 15:35:58.849  2523  2540 D UiDevice: Searching for node with selector: BySelector [TEXT='\QGet Started\E'].
10-28 15:35:58.952  2523  2540 D UiDevice: Searching for node with selector: BySelector [TEXT='\QGet Started\E'].
10-28 15:35:59.055  2523  2540 D UiDevice: Searching for node with selector: BySelector [TEXT='\QGet Started\E'].
10-28 15:35:59.158  2523  2540 D UiDevice: Searching for node with selector: BySelector [TEXT='\QGet Started\E'].
10-28 15:35:59.261  2523  2540 D UiDevice: Searching for node with selector: BySelector [TEXT='\QGet Started\E'].
10-28 15:35:59.364  2523  2540 D UiDevice: Searching for node with selector: BySelector [TEXT='\QGet Started\E'].
10-28 15:35:59.467  2523  2540 D UiDevice: Searching for node with selector: BySelector [TEXT='\QGet Started\E'].
10-28 15:35:59.570  2523  2540 D UiDevice: Searching for node with selector: BySelector [TEXT='\QGet Started\E'].
10-28 15:35:59.673  2523  2540 D UiDevice: Searching for node with selector: BySelector [TEXT='\QGet Started\E'].
10-28 15:35:59.776  2523  2540 D UiDevice: Searching for node with selector: BySelector [TEXT='\QGet Started\E'].
10-28 15:35:59.880  2523  2540 D UiDevice: Searching for node with selector: BySelector [TEXT='\QGet Started\E'].
10-28 15:35:59.982  2523  2540 D UiDevice: Searching for node with selector: BySelector [TEXT='\QGet Started\E'].
10-28 15:36:00.011   870   976 D EGL_emulation: app_time_stats: avg=186.33ms min=11.51ms max=4321.16ms count=27
10-28 15:36:00.085  2523  2540 D UiDevice: Searching for node with selector: BySelector [TEXT='\QGet Started\E'].
10-28 15:36:00.707  2523  2540 D UiDevice: Searching for node with selector: BySelector [TEXT='\QGet Started\E'].
10-28 15:36:00.810  2523  2540 D UiDevice: Searching for node with selector: BySelector [TEXT='\QGet Started\E'].
10-28 15:36:00.913  2523  2540 D UiDevice: Searching for node with selector: BySelector [TEXT='\QGet Started\E'].
10-28 15:36:01.016  2523  2540 D UiDevice: Searching for node with selector: BySelector [TEXT='\QGet Started\E'].
10-28 15:36:01.119  2523  2540 D UiDevice: Searching for node with selector: BySelector [TEXT='\QGet Started\E'].
10-28 15:36:01.222  2523  2540 D UiDevice: Searching for node with selector: BySelector [TEXT='\QGet Started\E'].
10-28 15:36:01.324  2523  2540 D UiDevice: Searching for node with selector: BySelector [TEXT='\QGet Started\E'].
10-28 15:36:01.427  2523  2540 D UiDevice: Searching for node with selector: BySelector [TEXT='\QGet Started\E'].
10-28 15:36:01.530  2523  2540 D UiDevice: Searching for node with selector: BySelector [TEXT='\QGet Started\E'].
10-28 15:36:01.633  2523  2540 D UiDevice: Searching for node with selector: BySelector [TEXT='\QGet Started\E'].
10-28 15:36:01.736  2523  2540 D UiDevice: Searching for node with selector: BySelector [TEXT='\QGet Started\E'].
10-28 15:36:01.839  2523  2540 D UiDevice: Searching for node with selector: BySelector [TEXT='\QGet Started\E'].
10-28 15:36:01.942  2523  2540 D UiDevice: Searching for node with selector: BySelector [TEXT='\QGet Started\E'].
10-28 15:36:02.044  2523  2540 D UiDevice: Searching for node with selector: BySelector [TEXT='\QGet Started\E'].
10-28 15:36:02.147  2523  2540 D UiDevice: Searching for node with selector: BySelector [TEXT='\QGet Started\E'].
10-28 15:36:02.250  2523  2540 D UiDevice: Searching for node with selector: BySelector [TEXT='\QGet Started\E'].
10-28 15:36:02.352  2523  2540 D UiDevice: Searching for node with selector: BySelector [TEXT='\QGet Started\E'].
10-28 15:36:02.455  2523  2540 D UiDevice: Searching for node with selector: BySelector [TEXT='\QGet Started\E'].
10-28 15:36:02.558  2523  2540 D UiDevice: Searching for node with selector: BySelector [TEXT='\QGet Started\E'].
10-28 15:36:02.661  2523  2540 D UiDevice: Searching for node with selector: BySelector [TEXT='\QGet Started\E'].
10-28 15:36:02.763  2523  2540 D UiDevice: Searching for node with selector: BySelector [TEXT='\QGet Started\E'].
10-28 15:36:02.866  2523  2540 D UiDevice: Searching for node with selector: BySelector [TEXT='\QGet Started\E'].
10-28 15:36:02.969  2523  2540 D UiDevice: Searching for node with selector: BySelector [TEXT='\QGet Started\E'].
10-28 15:36:03.071  2523  2540 D UiDevice: Searching for node with selector: BySelector [TEXT='\QGet Started\E'].
10-28 15:36:03.174  2523  2540 D UiDevice: Searching for node with selector: BySelector [TEXT='\QGet Started\E'].
10-28 15:36:03.276  2523  2540 D UiDevice: Searching for node with selector: BySelector [TEXT='\QGet Started\E'].
10-28 15:36:03.379  2523  2540 D UiDevice: Searching for node with selector: BySelector [TEXT='\QGet Started\E'].
10-28 15:36:03.482  2523  2540 D UiDevice: Searching for node with selector: BySelector [TEXT='\QGet Started\E'].
10-28 15:36:03.585  2523  2540 D UiDevice: Searching for node with selector: BySelector [TEXT='\QGet Started\E'].
10-28 15:36:03.687  2523  2540 D UiDevice: Searching for node with selector: BySelector [TEXT='\QGet Started\E'].
10-28 15:36:03.790  2523  2540 D UiDevice: Searching for node with selector: BySelector [TEXT='\QGet Started\E'].
10-28 15:36:03.892  2523  2540 D UiDevice: Searching for node with selector: BySelector [TEXT='\QGet Started\E'].
10-28 15:36:03.995  2523  2540 D UiDevice: Searching for node with selector: BySelector [TEXT='\QGet Started\E'].
10-28 15:36:04.098  2523  2540 D UiDevice: Searching for node with selector: BySelector [TEXT='\QGet Started\E'].
10-28 15:36:04.200  2523  2540 D UiDevice: Searching for node with selector: BySelector [TEXT='\QGet Started\E'].
10-28 15:36:04.303  2523  2540 D UiDevice: Searching for node with selector: BySelector [TEXT='\QGet Started\E'].
10-28 15:36:04.406  2523  2540 D UiDevice: Searching for node with selector: BySelector [TEXT='\QGet Started\E'].
10-28 15:36:04.509  2523  2540 D UiDevice: Searching for node with selector: BySelector [TEXT='\QGet Started\E'].
10-28 15:36:04.613  2523  2540 D UiDevice: Searching for node with selector: BySelector [TEXT='\QGet Started\E'].
10-28 15:36:04.715  2523  2540 D UiDevice: Searching for node with selector: BySelector [TEXT='\QGet Started\E'].
10-28 15:36:04.818  2523  2540 D UiDevice: Searching for node with selector: BySelector [TEXT='\QGet Started\E'].
10-28 15:36:04.921  2523  2540 D UiDevice: Searching for node with selector: BySelector [TEXT='\QGet Started\E'].
10-28 15:36:05.023  2523  2540 D UiDevice: Searching for node with selector: BySelector [TEXT='\QGet Started\E'].
10-28 15:36:05.126  2523  2540 D UiDevice: Searching for node with selector: BySelector [TEXT='\QGet Started\E'].
10-28 15:36:05.229  2523  2540 D UiDevice: Searching for node with selector: BySelector [TEXT='\QGet Started\E'].
10-28 15:36:06.231  2523  2540 D UiDevice: Retrieving node with selector: BySelector [TEXT='\QGet Started\E'].
10-28 15:36:06.234  2523  2540 D UiDevice: Node not found with selector: BySelector [TEXT='\QGet Started\E'].
10-28 15:36:08.224   870   976 D EGL_emulation: app_time_stats: avg=8212.85ms min=8212.85ms max=8212.85ms count=1
10-28 15:36:08.849  2617  2681 D UstadCache: CacheTrimmer:  Trim cache run: max (evictable) size = 100000000 bytes
10-28 15:36:08.851  2617  2681 V UstadCache: CacheTrimmer:  deleting
10-28 15:36:11.235  2523  2540 D Benchmark: Profile Installer - Save Profile
10-28 15:36:11.270  2617  2617 I Process : Sending signal. PID: 2617 SIG: 10
10-28 15:36:11.270  2617  2617 D ProfileInstaller:
10-28 15:36:11.270  2617  2622 I nayestane.ustad: Thread[6,tid=2622,WaitingInMainSignalCatcherLoop,Thread*=0x7f5acd2a1200,peer=0x13c81d50,"Signal Catcher"]: reacting to signal 10
10-28 15:36:11.270  2617  2622 I nayestane.ustad:
10-28 15:36:11.270  2617  2622 I nayestane.ustad: SIGUSR1 forcing GC (no HPROF) and profile save
10-28 15:36:11.332  2617  2622 I nayestane.ustad: Explicit concurrent copying GC freed 183034(7041KB) AllocSpace objects, 11(292KB) LOS objects, 49% free, 7895KB/15MB, paused 76us,82us total 61.393ms
10-28 15:36:11.339  2617  2628 W System  : A resource failed to call close.
10-28 15:36:11.774  2523  2540 D Benchmark: Killing process org.nayestane.ustad
10-28 15:36:11.774  2523  2540 D UiDevice: Executing shell command: killall org.nayestane.ustad
10-28 15:36:11.799  1495  1688 W MediaProvider: isAppCloneUserPair for user 0: false
10-28 15:36:11.800  1495  1688 V MediaProvider: Inserted id:1000000067 less than next row id backup:1000001000.
10-28 15:36:11.850   582   938 I PackageDexOptimizer: Running dexopt (dexoptNeeded=-3) on: /data/app/~~ZJQ7sXylsANplpuIJprZpw==/org.nayestane.ustad-MZAU5CLP1yOCe01YQZ7TaA==/base.apk pkg=org.nayestane.ustad isa=x86_64 dexoptFlags=boot_complete,profile_guided,force,enable_hidden_api_checks targetFilter=speed-profile oatDir=/data/app/~~ZJQ7sXylsANplpuIJprZpw==/org.nayestane.ustad-MZAU5CLP1yOCe01YQZ7TaA==/oat classLoaderContext=PCL[]{PCL[/system_ext/framework/androidx.window.extensions.jar]#PCL[/system_ext/framework/androidx.window.sidecar.jar]}
10-28 15:36:11.851   502   665 V installd: DexInv: --- BEGIN '/data/app/~~ZJQ7sXylsANplpuIJprZpw==/org.nayestane.ustad-MZAU5CLP1yOCe01YQZ7TaA==/base.apk' ---
10-28 15:36:11.851   502   665 V installd: Running /apex/com.android.art/bin/dex2oat64 in=base.apk out=/data/app/~~ZJQ7sXylsANplpuIJprZpw==/org.nayestane.ustad-MZAU5CLP1yOCe01YQZ7TaA==/oat/x86_64/base.odex
10-28 15:36:11.867  3552  3552 W dex2oat64: Unexpected CPU variant for x86: x86_64.
10-28 15:36:11.867  3552  3552 W dex2oat64: Known variants: atom, sandybridge, silvermont, kabylake, default
10-28 15:36:11.868  3552  3552 W dex2oat64: Mismatch between dex2oat instruction set features to use (ISA: X86_64 Feature string: -ssse3,-sse4.1,-sse4.2,-avx,-avx2,-popcnt) and those from CPP defines (ISA: X86_64 Feature string: ssse3,sse4.1,sse4.2,-avx,-avx2,popcnt) for the command line:
10-28 15:36:11.868  3552  3552 W dex2oat64: /apex/com.android.art/bin/dex2oat64 --zip-fd=8 --zip-location=base.apk --oat-fd=9 --oat-location=/data/app/~~ZJQ7sXylsANplpuIJprZpw==/org.nayestane.ustad-MZAU5CLP1yOCe01YQZ7TaA==/oat/x86_64/base.odex --input-vdex-fd=11 --output-vdex-fd=10 --app-image-fd=14 --image-format=lz4 --profile-file-fd=13 --swap-fd=12 --classpath-dir=/data/app/~~ZJQ7sXylsANplpuIJprZpw==/org.nayestane.ustad-MZAU5CLP1yOCe01YQZ7TaA== --class-loader-context=PCL[]{PCL[/system_ext/framework/androidx.window.extensions.jar]#PCL[/system_ext/framework/androidx.window.sidecar.jar]} --instruction-set=x86_64 --instruction-set-features=default --instruction-set-variant=x86_64 --compiler-filter=speed-profile --compilation-reason=cmdline --max-image-block-size=524288 --resolve-startup-const-strings=true --generate-mini-debug-info --runtime-arg -Xtarget-sdk-version:34 --runtime-arg -Xhidden-api-policy:enabled --runtime-arg -Xms64m --runtime-arg -Xmx512m
10-28 15:36:11.871  3552  3552 I dex2oat64: /apex/com.android.art/bin/dex2oat64 --input-vdex-fd=11 --output-vdex-fd=10 --profile-file-fd=13 --classpath-dir=/data/app/~~ZJQ7sXylsANplpuIJprZpw==/org.nayestane.ustad-MZAU5CLP1yOCe01YQZ7TaA== --class-loader-context=PCL[]{PCL[/system_ext/framework/androidx.window.extensions.jar]#PCL[/system_ext/framework/androidx.window.sidecar.jar]} --compiler-filter=speed-profile --compilation-reason=cmdline --max-image-block-size=524288 --resolve-startup-const-strings=true --generate-mini-debug-info
10-28 15:36:15.795  3552  3556 W dex2oat64: Accessing hidden method Landroid/window/BackEvent;->getProgress()F (blocked, linking, denied)
10-28 15:36:15.795  3552  3556 W dex2oat64: Accessing hidden method Landroid/window/BackEvent;->getSwipeEdge()I (blocked, linking, denied)
10-28 15:36:15.795  3552  3556 W dex2oat64: Accessing hidden method Landroid/window/BackEvent;->getTouchX()F (blocked, linking, denied)
10-28 15:36:15.796  3552  3556 W dex2oat64: Accessing hidden method Landroid/window/BackEvent;->getTouchY()F (blocked, linking, denied)
10-28 15:36:16.028  3552  3554 W dex2oat64: Method java.lang.Object androidx.compose.runtime.snapshots.SnapshotStateMap.mutate(kotlin.jvm.functions.Function1) failed lock verification and will run slower.
10-28 15:36:16.028  3552  3554 W dex2oat64: Common causes for lock verification issues are non-optimized dex code
10-28 15:36:16.028  3552  3554 W dex2oat64: and incorrect proguard optimizations.
10-28 15:36:16.029  3552  3554 W dex2oat64: Method void androidx.compose.runtime.snapshots.SnapshotStateMap.update(kotlin.jvm.functions.Function1) failed lock verification and will run slower.
10-28 15:36:16.029  3552  3554 W dex2oat64: Method boolean androidx.compose.runtime.snapshots.SnapshotStateMap.removeIf$runtime_release(kotlin.jvm.functions.Function1) failed lock verification and will run slower.
10-28 15:36:16.047  3552  3555 W dex2oat64: Method boolean androidx.compose.runtime.snapshots.SnapshotStateList.conditionalUpdate(boolean, kotlin.jvm.functions.Function1) failed lock verification and will run slower.
10-28 15:36:16.048  3552  3555 W dex2oat64: Method boolean androidx.compose.runtime.snapshots.SnapshotStateList.conditionalUpdate$default(androidx.compose.runtime.snapshots.SnapshotStateList, boolean, kotlin.jvm.functions.Function1, int, java.lang.Object) failed lock verification and will run slower.
10-28 15:36:16.048  3552  3555 W dex2oat64: Method java.lang.Object androidx.compose.runtime.snapshots.SnapshotStateList.mutate(kotlin.jvm.functions.Function1) failed lock verification and will run slower.
10-28 15:36:16.048  3552  3555 W dex2oat64: Method void androidx.compose.runtime.snapshots.SnapshotStateList.update(boolean, kotlin.jvm.functions.Function1) failed lock verification and will run slower.
10-28 15:36:16.048  3552  3555 W dex2oat64: Method void androidx.compose.runtime.snapshots.SnapshotStateList.update$default(androidx.compose.runtime.snapshots.SnapshotStateList, boolean, kotlin.jvm.functions.Function1, int, java.lang.Object) failed lock verification and will run slower.
10-28 15:36:17.301  3552  3552 I dex2oat64: Explicit concurrent copying GC freed 197102(31MB) AllocSpace objects, 0(0B) LOS objects, 49% free, 2157KB/4315KB, paused 20us,2us total 7.888ms
10-28 15:36:17.620  3552  3552 I dex2oat64: dex2oat took 5.753s (9.179s cpu) (threads: 4) arena alloc=10MB (11247992B) java alloc=2157KB (2209576B) native alloc=22MB (23389088B) free=145MB (152709920B)
10-28 15:36:17.647   502   665 V installd: DexInv: --- END '/data/app/~~ZJQ7sXylsANplpuIJprZpw==/org.nayestane.ustad-MZAU5CLP1yOCe01YQZ7TaA==/base.apk' (success) ---
10-28 15:36:17.698  1495  2589 W MediaProvider: isAppCloneUserPair for user 0: false
10-28 15:36:17.699  1495  2589 V MediaProvider: Inserted id:1000000068 less than next row id backup:1000001000.
10-28 15:36:18.083  3572  3572 W profman : profman took 349.402ms
10-28 15:36:18.103  1495  1688 W MediaProvider: isAppCloneUserPair for user 0: false
10-28 15:36:18.104  1495  1688 V MediaProvider: Inserted id:1000000069 less than next row id backup:1000001000.
10-28 15:36:18.893  1495  1681 I MediaProvider: Deleted 0 0 0 0 0 0 0 items on external_primary due to com.ustadmobile.app_android_baselineprofile
10-28 15:36:19.706  2523  2540 D Benchmark: Unstable profiles during iteration 8
10-28 15:36:19.706  2523  2540 D Benchmark: Killing package org.nayestane.ustad
10-28 15:36:19.706  2523  2540 D Benchmark: Killing process org.nayestane.ustad
10-28 15:36:19.706  2523  2540 D UiDevice: Executing shell command: killall org.nayestane.ustad
10-28 15:36:19.720  2523  2540 D Benchmark: Compile iteration (9) for org.nayestane.ustad
10-28 15:36:19.720  2523  2540 D UiDevice: Pressing home button.
10-28 15:36:19.741   870   870 V ShadeControllerImpl: NotificationShadeWindow: com.android.systemui.shade.NotificationShadeWindowView{963422f I.E...... ......ID 0,0-320,640} canPanelBeCollapsed(): false
10-28 15:36:19.749  1133  1133 D TaplTarget: Launcher.onNewIntent: Intent { act=android.intent.action.MAIN cat=[android.intent.category.HOME] flg=0x10400100 cmp=com.android.launcher3/.uioverrides.QuickstepLauncher (has extras) }
10-28 15:36:19.752   870   870 V ShadeControllerImpl: NotificationShadeWindow: com.android.systemui.shade.NotificationShadeWindowView{963422f I.E...... ......ID 0,0-320,640} canPanelBeCollapsed(): false
10-28 15:36:19.770   422   422 I BpBinder: onLastStrongRef automatically unlinking death recipients: <uncached descriptor>
10-28 15:36:19.788   422   465 W TransactionTracing: Could not find layer handle 0x7b315a68c0d0
10-28 15:36:19.794   870   976 D EGL_emulation: app_time_stats: avg=11569.52ms min=11569.52ms max=11569.52ms count=1
10-28 15:36:19.796  1495  1688 W MediaProvider: isAppCloneUserPair for user 0: false
10-28 15:36:19.797  1495  1688 V MediaProvider: Inserted id:1000000070 less than next row id backup:1000001000.
10-28 15:36:19.824   422   465 W TransactionTracing: Could not find layer handle 0x7b315a683610
10-28 15:36:19.848  2523  2540 I System.out: 0 Flags,FrameTimelineVsyncId,IntendedVsync,Vsync,InputEventId,HandleInputStart,AnimationStart,PerformTraversalsStart,DrawStart,FrameDeadline,FrameInterval,FrameStartTime,SyncQueued,SyncStart,IssueDrawCommandsStart,SwapBuffers,FrameCompleted,DequeueBufferDuration,QueueBufferDuration,GpuCompleted,SwapBuffersCompleted,DisplayPresentTime,CommandSubmissionCompleted,
10-28 15:36:19.848  2523  2540 I System.out: 1 1,11325,435984672041,435984672041,0,435998044034,435998044294,435998091964,436023811611,436001338707,435998042664,16666666,436024362291,436024571081,436024664761,436024832611,436025390861,2180,121900,436025363871,436025390861,436037125395,436024832611,
10-28 15:36:19.848  2523  2540 I System.out: 2 0,11368,436001338707,436018005373,0,436029285893,436029286403,436034117114,436034137534,436051338705,436029283943,16666666,436034640174,436034665694,436034691464,436035194094,436051406699,2310,88450,436051406699,436035669184,436052840959,436035194094,
10-28 15:36:19.848  2523  2540 I System.out: 3 0,11440,436034672039,436034672039,0,436047233758,436047234188,436074353005,436074380535,436084672037,436047231838,16666666,436083189998,436083239208,436083292088,436083383028,436084821788,3840,129380,436084821788,436084018258,436086040768,436083383028,
10-28 15:36:19.848  2523  2540 I System.out: 4 0,11477,436051338705,436084672037,0,436090859890,436090860380,436106585074,436106603084,436118005369,436090857680,16666666,436113922146,436113968716,436114015956,436114465546,436115208206,2500,131910,436115180566,436115208206,436119124207,436114465546,
10-28 15:36:19.848  2523  2540 I System.out: 5 0,11584,436101338703,436101338703,0,436116162477,436116162957,436118260327,436118278987,436134672035,436116160637,16666666,436128754290,436128785370,436128830120,436129664770,436133847442,1960,75530,436133847442,436130240921,436135781412,436129664770,
10-28 15:36:19.848  2523  2540 I System.out: 6 0,11620,436118005369,436118005369,0,436129850410,436129850690,436131644191,436131664121,436151338701,436129849350,16666666,436132820921,436132842131,436132867161,436133388691,436136022132,2138520,56200,436134789622,436136022132,436153754887,436133388691,
10-28 15:36:19.848  2523  2540 I System.out: 7 0,11656,436134672035,436134672035,0,436135610312,436135610412,436137744713,436137762203,436168005367,436135609462,16666666,436139183523,436139239593,436139290853,436140108563,436154069807,13276334,103440,436151455526,436154069807,436169140771,436140108563,
10-28 15:36:19.848  2523  2540 I System.out: 8 0,11692,436151338701,436151338701,0,436153218587,436153218787,436155585458,436155605058,436184672033,436153217017,16666666,436158104228,436158287038,436158341948,436159818139,436169504381,8651912,144000,436160811299,436169504381,436187582217,436159818139,
10-28 15:36:19.848  2523  2540 I System.out: 9 0,11728,436168005367,436168005367,0,436168862801,436168862981,436181317855,436181341255,436201338699,436168861431,16666666,436184349136,436184390876,436184438276,436186012356,436192572728,361971,112330,436192572728,436187706987,436203768501,436186012356,
10-28 15:36:19.848  2523  2540 I System.out: 10 0,11764,436184672033,436184672033,0,436185980976,436185981196,436188302577,436188323607,436218005365,436185979966,16666666,436189582647,436189808257,436189865607,436191035877,436204743301,12104563,85850,436201465190,436204743301,436220602016,436191035877,
10-28 15:36:19.848  2523  2540 I System.out: 11 0,11800,436201338699,436201338699,0,436201656940,436201657270,436206163132,436206189592,436234672031,436201655460,16666666,436208026102,436208062882,436208117742,436209047952,436221190936,11235953,101850,436218140595,436221190936,436236816460,436209047952,
10-28 15:36:19.848  2523  2540 I System.out: 12 0,11829,436218005365,436218005365,0,436218363595,436218363685,436220427406,436220443086,436251338697,436218363085,16666666,436221924776,436222056026,436222110176,436223144996,436237322340,13215603,118810,436234793820,436237322340,436255173925,436223144996,
10-28 15:36:19.848  2523  2540 I System.out: 13 0,11858,436234672031,436234672031,0,436235243260,436235243530,436239459741,436239485791,436268005363,436235241920,16666666,436241399511,436241440861,436241485441,436242252692,436255422415,12199963,85550,436251423834,436255422415,436272169740,436242252692,
10-28 15:36:19.848  2523  2540 I System.out: 14 0,11887,436251338697,436251338697,0,436251660154,436251660234,436253637045,436253653115,436284672029,436251659474,16666666,436255028285,436255442595,436255492205,436256279736,436272990930,15570984,76930,436268137089,436272990930,436287467694,436256279736,
10-28 15:36:19.848  2523  2540 I System.out: 15 0,11923,436268005363,436268005363,0,436268661269,436268661419,436271404880,436271426450,436301338695,436268660429,16666666,436273196720,436273242920,436273299000,436274162251,436287374664,12188503,142460,436284807594,436287374664,436304114829,436274162251,
10-28 15:36:19.848  2523  2540 I System.out: 16 0,11959,436284672029,436284672029,0,436284967584,436284967904,436289745385,436289768965,436318005361,436284966944,16666666,436291883735,436291929595,436291984976,436293272466,436304480109,9990263,114840,436294449016,436304480109,436320320953,436293272466,
10-28 15:36:19.848  2523  2540 I System.out: 17 0,11981,436301338695,436301338695,0,436301746198,436301746408,436304979609,436305004569,436334672027,436301745438,16666666,436307071060,436307127500,436307188550,436308032160,436320576383,11550243,101560,436318163233,436320576383,436336083328,436308032160,
10-28 15:36:19.848  2523  2540 I System.out: 18 0,11996,436318005361,436318005361,0,436318392813,436318392993,436321333714,436321359354,436351338693,436318391973,16666666,436323656034,436323697164,436323750534,436324596495,436336316848,10724543,128840,436334779147,436336316848,436352392482,436324596495,
10-28 15:36:19.848  2523  2540 I System.out: 19 0,12026,436334672027,436334672027,0,436335310948,436335311138,436338630528,436338658108,436368005359,436335309118,16666666,436340576949,436340621319,436340680139,436341485859,436352598482,10218353,87120,436351429042,436352598482,436369190897,436341485859,
10-28 15:36:19.848  2523  2540 I System.out: 20 0,12054,436351338693,436351338693,0,436351537742,436351537822,436351919252,436351931752,436384672025,436351537392,16666666,436353227003,436353280943,436353324543,436353528793,436369476717,14952284,66160,436368108427,436369476717,436386963652,436353528793,
10-28 15:36:19.848  2523  2540 I System.out: 21 0,12076,436368005359,436368005359,0,436368690347,436368690707,436369315087,436369332537,436401338691,436368689287,16666666,436370524807,436370578297,436370638627,436370928147,436387335522,15327094,103490,436384786061,436387335522,436403371956,436370928147,
10-28 15:36:19.848  2523  2540 I System.out: 22 0,12091,436384672025,436384672025,0,436384953211,436384953451,436385444801,436385459131,436418005357,436384952751,16666666,436386447412,436387363972,436387411152,436387650792,436403532826,14780414,192140,436401465996,436403532826,436419170911,436387650792,
