10-28 15:35:23.124   502   665 V installd: DexInv: --- BEGIN '/data/app/~~ZJQ7sXylsANplpuIJprZpw==/org.nayestane.ustad-MZAU5CLP1yOCe01YQZ7TaA==/base.apk' ---
10-28 15:35:23.124   502   665 V installd: Running /apex/com.android.art/bin/dex2oat64 in=base.apk out=/data/app/~~ZJQ7sXylsANplpuIJprZpw==/org.nayestane.ustad-MZAU5CLP1yOCe01YQZ7TaA==/oat/x86_64/base.odex
10-28 15:35:23.136  3325  3325 W dex2oat64: Unexpected CPU variant for x86: x86_64.
10-28 15:35:23.136  3325  3325 W dex2oat64: Known variants: atom, sandybridge, silvermont, kabylake, default
10-28 15:35:23.137  3325  3325 W dex2oat64: Mismatch between dex2oat instruction set features to use (ISA: X86_64 Feature string: -ssse3,-sse4.1,-sse4.2,-avx,-avx2,-popcnt) and those from CPP defines (ISA: X86_64 Feature string: ssse3,sse4.1,sse4.2,-avx,-avx2,popcnt) for the command line:
10-28 15:35:23.137  3325  3325 W dex2oat64: /apex/com.android.art/bin/dex2oat64 --zip-fd=8 --zip-location=base.apk --oat-fd=9 --oat-location=/data/app/~~ZJQ7sXylsANplpuIJprZpw==/org.nayestane.ustad-MZAU5CLP1yOCe01YQZ7TaA==/oat/x86_64/base.odex --input-vdex-fd=11 --output-vdex-fd=10 --app-image-fd=14 --image-format=lz4 --profile-file-fd=13 --swap-fd=12 --classpath-dir=/data/app/~~ZJQ7sXylsANplpuIJprZpw==/org.nayestane.ustad-MZAU5CLP1yOCe01YQZ7TaA== --class-loader-context=PCL[]{PCL[/system_ext/framework/androidx.window.extensions.jar]#PCL[/system_ext/framework/androidx.window.sidecar.jar]} --instruction-set=x86_64 --instruction-set-features=default --instruction-set-variant=x86_64 --compiler-filter=speed-profile --compilation-reason=cmdline --max-image-block-size=524288 --resolve-startup-const-strings=true --generate-mini-debug-info --runtime-arg -Xtarget-sdk-version:34 --runtime-arg -Xhidden-api-policy:enabled --runtime-arg -Xms64m --runtime-arg -Xmx512m
10-28 15:35:23.140  3325  3325 I dex2oat64: /apex/com.android.art/bin/dex2oat64 --input-vdex-fd=11 --output-vdex-fd=10 --profile-file-fd=13 --classpath-dir=/data/app/~~ZJQ7sXylsANplpuIJprZpw==/org.nayestane.ustad-MZAU5CLP1yOCe01YQZ7TaA== --class-loader-context=PCL[]{PCL[/system_ext/framework/androidx.window.extensions.jar]#PCL[/system_ext/framework/androidx.window.sidecar.jar]} --compiler-filter=speed-profile --compilation-reason=cmdline --max-image-block-size=524288 --resolve-startup-const-strings=true --generate-mini-debug-info
10-28 15:35:26.922  3325  3329 W dex2oat64: Accessing hidden method Landroid/window/BackEvent;->getProgress()F (blocked, linking, denied)
10-28 15:35:26.923  3325  3329 W dex2oat64: Accessing hidden method Landroid/window/BackEvent;->getSwipeEdge()I (blocked, linking, denied)
10-28 15:35:26.923  3325  3329 W dex2oat64: Accessing hidden method Landroid/window/BackEvent;->getTouchX()F (blocked, linking, denied)
10-28 15:35:26.923  3325  3329 W dex2oat64: Accessing hidden method Landroid/window/BackEvent;->getTouchY()F (blocked, linking, denied)
10-28 15:35:27.155  3325  3327 W dex2oat64: Method java.lang.Object androidx.compose.runtime.snapshots.SnapshotStateMap.mutate(kotlin.jvm.functions.Function1) failed lock verification and will run slower.
10-28 15:35:27.155  3325  3327 W dex2oat64: Common causes for lock verification issues are non-optimized dex code
10-28 15:35:27.155  3325  3327 W dex2oat64: and incorrect proguard optimizations.
10-28 15:35:27.155  3325  3327 W dex2oat64: Method void androidx.compose.runtime.snapshots.SnapshotStateMap.update(kotlin.jvm.functions.Function1) failed lock verification and will run slower.
10-28 15:35:27.156  3325  3327 W dex2oat64: Method boolean androidx.compose.runtime.snapshots.SnapshotStateMap.removeIf$runtime_release(kotlin.jvm.functions.Function1) failed lock verification and will run slower.
10-28 15:35:27.174  3325  3327 W dex2oat64: Method boolean androidx.compose.runtime.snapshots.SnapshotStateList.conditionalUpdate(boolean, kotlin.jvm.functions.Function1) failed lock verification and will run slower.
10-28 15:35:27.174  3325  3327 W dex2oat64: Method boolean androidx.compose.runtime.snapshots.SnapshotStateList.conditionalUpdate$default(androidx.compose.runtime.snapshots.SnapshotStateList, boolean, kotlin.jvm.functions.Function1, int, java.lang.Object) failed lock verification and will run slower.
10-28 15:35:27.174  3325  3327 W dex2oat64: Method java.lang.Object androidx.compose.runtime.snapshots.SnapshotStateList.mutate(kotlin.jvm.functions.Function1) failed lock verification and will run slower.
10-28 15:35:27.174  3325  3327 W dex2oat64: Method void androidx.compose.runtime.snapshots.SnapshotStateList.update(boolean, kotlin.jvm.functions.Function1) failed lock verification and will run slower.
10-28 15:35:27.174  3325  3327 W dex2oat64: Method void androidx.compose.runtime.snapshots.SnapshotStateList.update$default(androidx.compose.runtime.snapshots.SnapshotStateList, boolean, kotlin.jvm.functions.Function1, int, java.lang.Object) failed lock verification and will run slower.
10-28 15:35:28.398  3325  3325 I dex2oat64: Explicit concurrent copying GC freed 197112(31MB) AllocSpace objects, 0(0B) LOS objects, 49% free, 2157KB/4315KB, paused 14us,2us total 7.422ms
10-28 15:35:28.714  3325  3325 I dex2oat64: dex2oat took 5.578s (8.930s cpu) (threads: 4) arena alloc=10MB (10978120B) java alloc=2157KB (2209576B) native alloc=22MB (23437584B) free=145MB (152744752B)
10-28 15:35:28.740   502   665 V installd: DexInv: --- END '/data/app/~~ZJQ7sXylsANplpuIJprZpw==/org.nayestane.ustad-MZAU5CLP1yOCe01YQZ7TaA==/base.apk' (success) ---
10-28 15:35:28.796  1495  3294 W MediaProvider: isAppCloneUserPair for user 0: false
10-28 15:35:28.797  1495  3294 V MediaProvider: Inserted id:1000000056 less than next row id backup:1000001000.
10-28 15:35:29.216  3345  3345 W profman : profman took 384.642ms
10-28 15:35:29.236  1495  1681 W MediaProvider: isAppCloneUserPair for user 0: false
10-28 15:35:29.237  1495  1681 V MediaProvider: Inserted id:1000000057 less than next row id backup:1000001000.
10-28 15:35:29.725  1495  1688 I MediaProvider: Deleted 0 0 0 0 0 0 0 items on external_primary due to com.ustadmobile.app_android_baselineprofile
10-28 15:35:30.524  2523  2540 D Benchmark: Unstable profiles during iteration 6
10-28 15:35:30.524  2523  2540 D Benchmark: Killing package org.nayestane.ustad
10-28 15:35:30.524  2523  2540 D Benchmark: Killing process org.nayestane.ustad
10-28 15:35:30.524  2523  2540 D UiDevice: Executing shell command: killall org.nayestane.ustad
10-28 15:35:30.536  2523  2540 D Benchmark: Compile iteration (7) for org.nayestane.ustad
10-28 15:35:30.537  2523  2540 D UiDevice: Pressing home button.
10-28 15:35:30.556   870   870 V ShadeControllerImpl: NotificationShadeWindow: com.android.systemui.shade.NotificationShadeWindowView{963422f I.E...... ......ID 0,0-320,640} canPanelBeCollapsed(): false
10-28 15:35:30.559  1133  1133 D TaplTarget: Launcher.onNewIntent: Intent { act=android.intent.action.MAIN cat=[android.intent.category.HOME] flg=0x10400100 cmp=com.android.launcher3/.uioverrides.QuickstepLauncher (has extras) }
10-28 15:35:30.562   870   870 V ShadeControllerImpl: NotificationShadeWindow: com.android.systemui.shade.NotificationShadeWindowView{963422f I.E...... ......ID 0,0-320,640} canPanelBeCollapsed(): false
10-28 15:35:30.586   422   422 I BpBinder: onLastStrongRef automatically unlinking death recipients: <uncached descriptor>
10-28 15:35:30.588   422   465 W TransactionTracing: Could not find layer handle 0x7b315a68cb50
10-28 15:35:30.594   870   976 D EGL_emulation: app_time_stats: avg=838.94ms min=6.27ms max=23569.98ms count=29
10-28 15:35:30.594  1495  3294 W MediaProvider: isAppCloneUserPair for user 0: false
10-28 15:35:30.595  1495  3294 V MediaProvider: Inserted id:1000000058 less than next row id backup:1000001000.
10-28 15:35:30.621   422   465 W TransactionTracing: Could not find layer handle 0x7b315a68d330
10-28 15:35:30.648  2523  2540 I System.out: 0 Flags,FrameTimelineVsyncId,IntendedVsync,Vsync,InputEventId,HandleInputStart,AnimationStart,PerformTraversalsStart,DrawStart,FrameDeadline,FrameInterval,FrameStartTime,SyncQueued,SyncStart,IssueDrawCommandsStart,SwapBuffers,FrameCompleted,DequeueBufferDuration,QueueBufferDuration,GpuCompleted,SwapBuffersCompleted,DisplayPresentTime,CommandSubmissionCompleted,
10-28 15:35:30.648  2523  2540 I System.out: 1 1,8895,387284673989,387301340655,0,387313115851,387313116171,387313116361,387341234179,387301340655,387313114141,16666666,387341919819,387342100499,387342197059,387342444659,387343340969,3600,395070,387343303269,387343340969,387352603692,387342444659,
10-28 15:35:30.648  2523  2540 I System.out: 2 0,8965,387318007321,387334673987,0,387346869950,387346870490,387351403691,387351423991,387368007319,387346867890,16666666,387356550213,387356582083,387356604373,387356672603,387368178546,2460,74400,387368178546,387357156463,387371544567,387356672603,
10-28 15:35:30.648  2523  2540 I System.out: 3 0,9032,387351340653,387351340653,0,387358577673,387358577953,387393867923,387393893383,387401340651,387358576473,16666666,387406533877,387406741377,387406822487,387406937827,387407591157,3540,177410,387407551687,387407591157,387420142381,387406937827,
10-28 15:35:30.648  2523  2540 I System.out: 4 0,9068,387368007319,387401340651,0,387409986598,387409987108,387429144103,387429184463,387434673983,387409984608,16666666,387440060656,387440102336,387440148306,387440607136,387447881578,2540,178910,387447881578,387441495436,387453319280,387440607136,
10-28 15:35:30.648  2523  2540 I System.out: 5 0,9183,387418007317,387434673983,0,387443070307,387443070587,387445127897,387445146617,387468007315,387443068717,16666666,387446373238,387446402808,387446450198,387447317078,387455490830,7566502,108890,387451440869,387455490830,387471115885,387447317078,
10-28 15:35:30.648  2523  2540 I System.out: 6 0,9248,387451340649,387451340649,0,387451905089,387451905289,387454124740,387454139790,387484673981,387451904669,16666666,387456070301,387456126151,387456174031,387457098061,387472396625,13981704,94860,387468127854,387472396625,387487377929,387457098061,
10-28 15:35:30.648  2523  2540 I System.out: 7 0,9284,387468007315,387468007315,0,387468652264,387468652624,387472843105,387472864865,387501340647,387468650424,16666666,387475214846,387475274966,387475330686,387476543906,387488360359,10942563,248310,387484781368,387488360359,387504293044,387476543906,
10-28 15:35:30.648  2523  2540 I System.out: 8 0,9320,387484673981,387484673981,0,387485020079,387485020279,387497642212,387497667872,387518007313,387485019429,16666666,387501279653,387501307703,387501365973,387502502033,387505575334,3680,121600,387505515704,387505575334,387521420689,387502502033,
10-28 15:35:30.648  2523  2540 I System.out: 9 0,9356,387501340647,387501340647,0,387506585045,387506585255,387508952695,387508969065,387534673979,387506584135,16666666,387510457806,387515209927,387515251327,387515930257,387521885159,5213702,153440,387518125798,387521885159,387538900574,387515930257,
10-28 15:35:30.648  2523  2540 I System.out: 10 0,9392,387518007313,387518007313,0,387521406379,387521407059,387524622430,387524644200,387551340645,387521363899,16666666,387526396650,387526434410,387526484170,387527178010,387537985563,10111313,80520,387534854402,387537985563,387555568638,387527178010,
10-28 15:35:30.648  2523  2540 I System.out: 11 0,9430,387534673979,387534673979,0,387535267853,387535268003,387538813003,387538838613,387568007311,387535267173,16666666,387540805294,387540848634,387540905394,387541847534,387555888748,13001883,132650,387551466267,387555888748,387573270733,387541847534,
10-28 15:35:30.648  2523  2540 I System.out: 12 0,9464,387551340645,387551340645,0,387551577427,387551577577,387555002928,387555026888,387584673977,387551576667,16666666,387557767069,387557823119,387557869509,387558924119,387573707223,13709094,89810,387568124732,387573707223,387586974887,387558924119,
10-28 15:35:30.648  2523  2540 I System.out: 13 0,9493,387568007311,387568007311,0,387568317702,387568317872,387574780543,387574808683,387601340643,387568280912,16666666,387577272154,387577314054,387577368314,387578197064,387586987527,7849802,146230,387584832666,387586987527,387605879822,387578197064,
10-28 15:35:30.648  2523  2540 I System.out: 14 0,9529,387584673977,387584673977,0,387585054846,387585054976,387587802447,387587829627,387618007309,387585054236,16666666,387590590168,387590631308,387590676408,387591378698,387606196162,13712344,142150,387592451858,387606196162,387621914497,387591378698,
10-28 15:35:30.648  2523  2540 I System.out: 15 0,9551,387601340643,387601340643,0,387601563641,387601564081,387605073902,387605101882,387634673975,387601560871,16666666,387607554043,387607620593,387607672803,387608421853,387622281927,13036784,100790,387618150746,387622281927,387636403771,387608421853,
10-28 15:35:30.648  2523  2540 I System.out: 16 0,9573,387618007309,387618007309,0,387618208056,387618208546,387620850086,387620871626,387651340641,387618206506,16666666,387622809347,387622849997,387622901167,387623648697,387636518811,11883904,162210,387624541557,387636518811,387653517455,387623648697,
10-28 15:35:30.648  2523  2540 I System.out: 17 0,9595,387634673975,387634673975,0,387634889740,387634890090,387638657631,387638686471,387668007307,387634888850,16666666,387640572612,387640607222,387640740902,387641559922,387653140395,10537753,90840,387651505225,387653140395,387669496530,387641559922,
10-28 15:35:30.648  2523  2540 I System.out: 18 0,9617,387651340641,387651340641,0,387651504485,387651504755,387654168876,387654188926,387684673973,387651503585,16666666,387655855206,387655896236,387655953476,387656713586,387670484710,12607643,154300,387668161339,387670484710,387686053574,387656713586,
10-28 15:35:30.648  2523  2540 I System.out: 19 0,9640,387668007307,387668007307,0,387668217569,387668218079,387669298850,387669323710,387701340639,387668216289,16666666,387670824360,387670855890,387670896220,387671103850,387686199354,14002383,160081,387684800964,387686199354,387703304689,387671103850,
10-28 15:35:30.648  2523  2540 I System.out: 20 0,9668,387684673973,387684673973,0,387684876004,387684876334,387685845484,387685879474,387718007305,387684873694,16666666,387687563475,387687605595,387687662385,387687953435,387703526579,14471134,192480,387701445379,387703526579,387719419874,387687953435,
10-28 15:35:30.648  2523  2540 I System.out: 21 0,9683,387701340639,387701340639,0,387701501289,387701501629,387702149849,387702170989,387734673971,387701500219,16666666,387703537359,387703551719,387703601579,387703833699,387719492484,14552474,176540,387718106503,387719492484,387736696418,387703833699,
10-28 15:35:30.648  2523  2540 I System.out: 22 0,9698,387718007305,387718007305,0,387718237833,387718238233,387718885844,387718904544,387751340637,387718236813,16666666,387720390384,387720442394,387720492714,387720783494,387736947699,15047505,216050,387721855334,387736947699,387752569323,387720783494,
10-28 15:35:30.648  2523  2540 I System.out: 23 0,9706,387734673971,387734673971,0,387734839098,387734839928,387737985599,387738006729,387768007303,387734837768,16666666,387739705899,387739744839,387739783489,387740149079,387753276243,12306583,178670,387740919650,387753276243,387770266498,387740149079,
10-28 15:35:30.648  2523  2540 I System.out: 24 0,9728,387751340637,387751340637,0,387751485603,387751486233,387753897753,387753920353,387784673969,387751484683,16666666,387755461054,387755489014,387755521394,387755839094,387770334008,13767564,136480,387768183747,387770334008,387785552352,387755839094,
10-28 15:35:30.648  2523  2540 I System.out: 25 0,9743,387768007303,387768007303,0,387768217607,387768217997,387769299628,387769321678,387801340635,387768216847,16666666,387771212388,387771280608,387771334648,387771774508,387785741202,13038524,140460,387784782652,387785741202,387803697397,387771774508,
10-28 15:35:30.648  2523  2540 I System.out: 26 0,9758,387784673969,387784673969,0,387784846682,387784846962,387785655662,387785674012,387818007301,387784845952,16666666,387786806182,387786839012,387786864522,387787150022,387803934357,16103474,71720,387801452436,387803934357,387821221462,387787150022,
10-28 15:35:30.648  2523  2540 I System.out: 27 0,9766,387801340635,387801340635,0,387801501096,387801501626,387801967177,387801986227,387834673967,387801499616,16666666,387802030867,387803964577,387804011297,387804474807,387820915482,15357634,118340,387818144751,387820915482,0,387804474807,
10-28 15:35:30.648  2523  2540 I System.out: 28 0,9802,387818007301,387818007301,0,387818419411,387818419721,387818971081,387820898722,387851340633,387818417981,16666666,387821128002,387821227402,387821281592,387822200362,387835814666,12600544,131700,387834791916,387835814666,0,387822200362,
10-28 15:35:30.648  2523  2540 I System.out: 29 0,9824,387834673967,387834673967,0,387834857226,387834857636,387837951557,387837976247,387868007299,387834855746,16666666,387840125897,387840178177,387840225897,387840596427,387852695091,11328753,169901,387841326528,387852695091,0,387840596427,
10-28 15:35:30.648  2523  2540 I System.out: 30 0,9846,387851340633,387851340633,0,387852048270,387852048590,387853190151,387853205941,387884673965,387852047350,16666666,387853574181,387853607921,387853633981,387853990251,387869256025,14344634,83790,387868127915,387869256025,0,387853990251,
10-28 15:35:30.648  2523  2540 I System.out: 31 8,9861,387868007299,387868007299,0,387868237465,387868237965,387868238215,387868263675,387884673965,387868235125,16666666,387868272945,387869288125,0,0,0,0,0,0,0,0,0,
10-28 15:35:30.649  2523  2540 D Benchmark: Starting activity with command: am start  -W "intent:#Intent;action=android.intent.action.MAIN;category=android.intent.category.LAUNCHER;launchFlags=0x10008000;package=org.nayestane.ustad;component=org.nayestane.ustad/com.ustadmobile.port.android.view.AppActivity;end"
10-28 15:35:30.651  1495  2589 W MediaProvider: isAppCloneUserPair for user 0: false
10-28 15:35:30.651  1495  2589 V MediaProvider: Inserted id:1000000059 less than next row id backup:1000001000.
10-28 15:35:30.680   870   926 D SplashScreenView: Build android.window.SplashScreenView{f01c637 V.E...... ......ID 0,0-0,0}
10-28 15:35:30.680   870   926 D SplashScreenView: Icon: view: null drawable: null size: 0
10-28 15:35:30.680   870   926 D SplashScreenView: Branding: view: android.view.View{3b057a4 G.ED..... ......I. 0,0-0,0 #10204db android:id/splashscreen_branding_view} drawable: null size w: 0 h: 0
10-28 15:35:30.685  2617  2617 D AppActivity$onDestroy: AppActivity#onDestroy
10-28 15:35:30.693   582  1257 W InputManager-JNI: Input channel object '6573fa6 org.nayestane.ustad/com.ustadmobile.port.android.view.AppActivity (client)' was disposed without first being removed with the input manager!
10-28 15:35:30.696   870   976 W Parcel  : Expecting binder but got null!
10-28 15:35:30.701  2617  2617 W CustomTabsClient: Unable to find any Custom Tabs packages, you may need to add a <queries> element to your manifest. See the docs for CustomTabsClient#getPackageName.
10-28 15:35:30.702  2617  2617 W AppActivity$bindCustomTabsService: CustomTabs: Service NOT supported
10-28 15:35:30.707  2617  2617 D AutofillManager: Fill dialog is enabled:false, hints=[]
10-28 15:35:30.712  2617  2617 W OnBackInvokedCallback: OnBackInvokedCallback is not enabled for the application.
10-28 15:35:30.712  2617  2617 W OnBackInvokedCallback: Set 'android:enableOnBackInvokedCallback="true"' in the application manifest.
10-28 15:35:30.716   582  1257 D ConnectivityService: requestNetwork for uid/pid:10126/2617 activeRequest: null callbackRequest: 58 [NetworkRequest [ REQUEST id=59, [ Capabilities: INTERNET&NOT_RESTRICTED&TRUSTED&NOT_VCN_MANAGED Uid: 10126 RequestorUid: 10126 RequestorPkg: org.nayestane.ustad UnderlyingNetworks: Null] ]] callback flags: 0 order: 2147483647
10-28 15:35:30.716   582   809 D ConnectivityService: NetReassign [59 : null → 100]
10-28 15:35:30.717   582   802 D WifiNetworkFactory: got request NetworkRequest [ REQUEST id=59, [ Capabilities: INTERNET&NOT_RESTRICTED&TRUSTED&NOT_VCN_MANAGED Uid: 10126 RequestorUid: 10126 RequestorPkg: org.nayestane.ustad UnderlyingNetworks: Null] ]
10-28 15:35:30.717   582   802 D UntrustedWifiNetworkFactory: got request NetworkRequest [ REQUEST id=59, [ Capabilities: INTERNET&NOT_RESTRICTED&TRUSTED&NOT_VCN_MANAGED Uid: 10126 RequestorUid: 10126 RequestorPkg: org.nayestane.ustad UnderlyingNetworks: Null] ]
10-28 15:35:30.717   582   802 D OemPaidWifiNetworkFactory: got request NetworkRequest [ REQUEST id=59, [ Capabilities: INTERNET&NOT_RESTRICTED&TRUSTED&NOT_VCN_MANAGED Uid: 10126 RequestorUid: 10126 RequestorPkg: org.nayestane.ustad UnderlyingNetworks: Null] ]
10-28 15:35:30.717   582   802 D MultiInternetWifiNetworkFactory: got request NetworkRequest [ REQUEST id=59, [ Capabilities: INTERNET&NOT_RESTRICTED&TRUSTED&NOT_VCN_MANAGED Uid: 10126 RequestorUid: 10126 RequestorPkg: org.nayestane.ustad UnderlyingNetworks: Null] ]
10-28 15:35:30.728  2617  2669 W Parcel  : Expecting binder but got null!
10-28 15:35:30.730   582   602 I ActivityTaskManager: Displayed org.nayestane.ustad/com.ustadmobile.port.android.view.AppActivity: +52ms
10-28 15:35:30.733  2617  2617 D UstadViewModelFunKt$ustadViewModel$viewModel$invoke: ustadViewModel(): create viewmodel for: com.ustadmobile.core.viewmodel.redirect.RedirectViewModel
10-28 15:35:30.734  2617  2617 I System.out: com.ustadmobile.core.db.UmAppDatabase_DoorWrapper@efea2f7
10-28 15:35:30.739   422   465 W TransactionTracing: Could not find layer handle 0x7b315a68d9f0
10-28 15:35:30.740  2617  2617 D UstadNavControllerPreCompose$onCollectNavCommand: NavCommandEffect: Navigate: Go to Login
10-28 15:35:30.744  2617  2617 D UstadViewModelFunKt$ustadViewModel$viewModel$invoke: ustadViewModel(): create viewmodel for: com.ustadmobile.core.viewmodel.login.LoginViewModel
10-28 15:35:30.747  2617  2719 V UstadCache: OKHttp-CacheInterceptor:  intercept: GET https://dars.nayestane.org/v2/Site/verify
10-28 15:35:30.747  2617  2719 I UstadCache: UstadCache(): Retrieve https://dars.nayestane.org/v2/Site/verify
10-28 15:35:30.748  2617  2719 D UstadCache: UstadCache(): FOUND https://dars.nayestane.org/v2/Site/verify
10-28 15:35:30.752  2617  2719 D TrafficStats: tagSocket(99) with statsTag=0xffffffff, statsUid=-1
10-28 15:35:30.754  2523  2540 D Benchmark: Result: Starting: Intent { act=android.intent.action.MAIN cat=[android.intent.category.LAUNCHER] flg=0x10008000 pkg=org.nayestane.ustad cmp=org.nayestane.ustad/com.ustadmobile.port.android.view.AppActivity }
10-28 15:35:30.754  2523  2540 D Benchmark: Status: ok
10-28 15:35:30.754  2523  2540 D Benchmark: LaunchState: WARM
10-28 15:35:30.754  2523  2540 D Benchmark: Activity: org.nayestane.ustad/com.ustadmobile.port.android.view.AppActivity
10-28 15:35:30.754  2523  2540 D Benchmark: TotalTime: 52
10-28 15:35:30.754  2523  2540 D Benchmark: WaitTime: 53
10-28 15:35:30.754  2523  2540 D Benchmark: Complete
10-28 15:35:30.770  1495  1681 W MediaProvider: isAppCloneUserPair for user 0: false
10-28 15:35:30.771  1495  1681 V MediaProvider: Inserted id:1000000060 less than next row id backup:1000001000.
10-28 15:35:30.843  2523  2540 I System.out: 0 Flags,FrameTimelineVsyncId,IntendedVsync,Vsync,InputEventId,HandleInputStart,AnimationStart,PerformTraversalsStart,DrawStart,FrameDeadline,FrameInterval,FrameStartTime,SyncQueued,SyncStart,IssueDrawCommandsStart,SwapBuffers,FrameCompleted,DequeueBufferDuration,QueueBufferDuration,GpuCompleted,SwapBuffersCompleted,DisplayPresentTime,CommandSubmissionCompleted,
10-28 15:35:30.843  2523  2540 I System.out: 1 1,10114,411618006349,411634673015,0,411636342117,411636342287,411636492287,411657670183,411634673015,411636340527,16666666,411658238833,411658397473,411658446033,411658507573,411659203143,2520,301140,411659175703,411659203143,-2,411658507573,
10-28 15:35:30.843  2523  2540 I System.out: 2 0,10186,411651339681,411651339681,0,411662395364,411662395714,411666803015,411666820395,411684673013,411662394444,16666666,411667246946,411667281176,411667310916,411667397036,411668155306,2910,128610,411668155306,411667875976,362453132456,411667397036,
10-28 15:35:30.843  2523  2540 I System.out: 3 0,10222,411668006347,411668006347,0,411672771407,411672771977,411698250174,411698280474,411701339679,411672769967,16666666,411710831528,411711071548,411711118798,411711186258,411718099260,3210,121770,411718099260,411711705248,362520227714,411711186258,
10-28 15:35:30.843  2523  2540 I System.out: 4 0,10265,411684673013,411701339679,0,411715322019,411715322529,411732347764,411732369984,411751339677,411715320339,16666666,411740413906,411740480196,411740528616,411740821836,411747068078,3170,127550,411747068078,411742157026,362536893229,411740821836,
10-28 15:35:30.843  2523  2540 I System.out: 5 0,10344,411718006345,411734673011,0,411742529306,411742529586,411744197007,411744213637,411734673011,411742527346,16666666,411745404807,411745503597,411745556517,411746433048,362544114071,7100562,233510,362544084711,411754217310,362553019243,411746433048,
10-28 15:35:30.843  2523  2540 D UiDevice: Waiting 10000ms for SearchCondition[hasObject=BySelector [TEXT='\QGet Started\E']].
10-28 15:35:30.843  2523  2540 D UiDevice: Searching for node with selector: BySelector [TEXT='\QGet Started\E'].
10-28 15:35:30.845  2617  2719 D UstadCache: OKHttp-CacheInterceptor:  MISS(invalid) https://dars.nayestane.org/v2/Site/verify
10-28 15:35:30.845  2617  2719 D UstadCache: OKHttp-CacheInterceptor:  newCacheAndStoreResponse: GET https://dars.nayestane.org/v2/Site/verify 200 ()
10-28 15:35:30.845  2617  2719 V UstadCache: OKHttp-CacheInterceptor:  https://dars.nayestane.org/v2/Site/verify MISS(invalid) can store/update 200  (contentType=application/json; charset=UTF-8, content-encoding=null content-length=180)
10-28 15:35:30.848  2617  2730 D UstadCache: UstadCache(): storerequest 1 entries
10-28 15:35:30.848  2617  2730 V UstadCache: UstadCache(): copied request data for https://dars.nayestane.org/v2/Site/verify to /data/user/0/org.nayestane.ustad/files/httpfiles/tmpwork/7.tmp (integrity=sha256-VTW/47g5E/UMinnUcaDGC+8yXE8lgnmbnOjHxekFxd4=)
10-28 15:35:30.848  2617  2730 V UstadCache: UstadCache(): cacheEntries created 1 entries
10-28 15:35:30.849  2617  2730 D UstadCache: UstadCache(): deleting 1 tmp files
10-28 15:35:30.849  2617  2730 D UstadCache: UstadCache(): db transaction completed
10-28 15:35:31.024   582  1645 W InputManager-JNI: Input channel object '9a5a4a Splash Screen org.nayestane.ustad (client)' was disposed without first being removed with the input manager!
10-28 15:35:31.039  1133  1133 W FrameTracker: Missed SF frame:PREDICTION_ERROR, 10026, 4001539, CUJ=J<LAUNCHER_APP_CLOSE_TO_HOME>
10-28 15:35:31.039  1133  1133 W FrameTracker: Missed SF frame:PREDICTION_ERROR, 10078, 4011185, CUJ=J<LAUNCHER_APP_CLOSE_TO_HOME>
10-28 15:35:31.039  1133  1133 W FrameTracker: Missed SF frame:PREDICTION_ERROR, 10107, 4213814, CUJ=J<LAUNCHER_APP_CLOSE_TO_HOME>
10-28 15:35:31.039  1133  1133 W FrameTracker: Missed SF frame:PREDICTION_ERROR, 10150, 4720853, CUJ=J<LAUNCHER_APP_CLOSE_TO_HOME>
10-28 15:35:31.039  1133  1133 W FrameTracker: Missed SF frame:PREDICTION_ERROR, 10215, 4192490, CUJ=J<LAUNCHER_APP_CLOSE_TO_HOME>
10-28 15:35:31.039  1133  1133 W FrameTracker: Missed SF frame:PREDICTION_ERROR, 10300, 3504247, CUJ=J<LAUNCHER_APP_CLOSE_TO_HOME>
10-28 15:35:31.039  1133  1133 W FrameTracker: Missed SF frame:PREDICTION_ERROR, 10373, 3352204, CUJ=J<LAUNCHER_APP_CLOSE_TO_HOME>
10-28 15:35:31.039  1133  1133 W FrameTracker: Missed SF frame:PREDICTION_ERROR, 10510, 4258869, CUJ=J<LAUNCHER_APP_CLOSE_TO_HOME>
10-28 15:35:31.039  1133  1133 W FrameTracker: Missed SF frame:PREDICTION_ERROR, 10582, 3576776, CUJ=J<LAUNCHER_APP_CLOSE_TO_HOME>
10-28 15:35:31.039  1133  1133 W FrameTracker: Missing SF jank callback for vsyncId: 10647, CUJ=J<LAUNCHER_APP_CLOSE_TO_HOME>
10-28 15:35:31.039  1133  1815 V PerfettoTrigger: Not triggering com.android.telemetry.interaction-jank-monitor-9 - not enough time since last trigger
10-28 15:35:31.053   422   465 W TransactionTracing: Could not find layer handle 0x7b315a68bfb0
10-28 15:35:31.074   870   925 W FrameTracker: Missed SF frame:PREDICTION_ERROR, 10293, 0, CUJ=J<SPLASHSCREEN_EXIT_ANIM>
10-28 15:35:31.074   870   925 W FrameTracker: Missing HWUI jank callback for vsyncId: 10293, CUJ=J<SPLASHSCREEN_EXIT_ANIM>
10-28 15:35:31.074   870   925 W FrameTracker: Missed SF frame:PREDICTION_ERROR, 10330, 4992136, CUJ=J<SPLASHSCREEN_EXIT_ANIM>
10-28 15:35:31.074   870   925 W FrameTracker: Missed SF frame:PREDICTION_ERROR, 10395, 5156193, CUJ=J<SPLASHSCREEN_EXIT_ANIM>
10-28 15:35:31.074   870   925 W FrameTracker: Missed SF frame:PREDICTION_ERROR, 10467, 7791751, CUJ=J<SPLASHSCREEN_EXIT_ANIM>
10-28 15:35:31.074   870   925 W FrameTracker: Missed SF frame:PREDICTION_ERROR, 10503, 6191730, CUJ=J<SPLASHSCREEN_EXIT_ANIM>
10-28 15:35:31.074   870   925 W FrameTracker: Missed SF frame:PREDICTION_ERROR, 10539, 5284298, CUJ=J<SPLASHSCREEN_EXIT_ANIM>
10-28 15:35:31.074   870   925 W FrameTracker: Missed SF frame:PREDICTION_ERROR, 10575, 5381377, CUJ=J<SPLASHSCREEN_EXIT_ANIM>
10-28 15:35:31.074   870   925 W FrameTracker: Missed SF frame:PREDICTION_ERROR, 10669, 5610633, CUJ=J<SPLASHSCREEN_EXIT_ANIM>
10-28 15:35:31.074   870   925 W FrameTracker: Missed SF frame:PREDICTION_ERROR, 10741, 3354799, CUJ=J<SPLASHSCREEN_EXIT_ANIM>
10-28 15:35:31.074   870   925 W FrameTracker: Missing HWUI jank callback for vsyncId: 10770, CUJ=J<SPLASHSCREEN_EXIT_ANIM>
10-28 15:35:31.074   870   915 V PerfettoTrigger: Not triggering com.android.telemetry.interaction-jank-monitor-39 - not enough time since last trigger
10-28 15:35:31.203   422   465 W TransactionTracing: Could not find layer handle 0x7b315a688b90
10-28 15:35:31.203   422   465 W TransactionTracing: Could not find layer handle 0x7b315a68d390
10-28 15:35:31.203   422   465 W TransactionTracing: Could not find layer handle 0x7b315a687810
10-28 15:35:31.203   422   465 W TransactionTracing: Could not find layer handle 0x7b315a687810
10-28 15:35:31.203   422   465 W TransactionTracing: Could not find layer handle 0x7b315a68d390
10-28 15:35:31.328  2523  2540 D UiDevice: Searching for node with selector: BySelector [TEXT='\QGet Started\E'].
10-28 15:35:31.919  2523  2540 D UiDevice: Searching for node with selector: BySelector [TEXT='\QGet Started\E'].
10-28 15:35:32.022  2523  2540 D UiDevice: Searching for node with selector: BySelector [TEXT='\QGet Started\E'].
10-28 15:35:32.125  2523  2540 D UiDevice: Searching for node with selector: BySelector [TEXT='\QGet Started\E'].
10-28 15:35:32.228  2523  2540 D UiDevice: Searching for node with selector: BySelector [TEXT='\QGet Started\E'].
10-28 15:35:32.331  2523  2540 D UiDevice: Searching for node with selector: BySelector [TEXT='\QGet Started\E'].
10-28 15:35:32.434  2523  2540 D UiDevice: Searching for node with selector: BySelector [TEXT='\QGet Started\E'].
10-28 15:35:32.537  2523  2540 D UiDevice: Searching for node with selector: BySelector [TEXT='\QGet Started\E'].
10-28 15:35:32.639  2523  2540 D UiDevice: Searching for node with selector: BySelector [TEXT='\QGet Started\E'].
10-28 15:35:32.742  2523  2540 D UiDevice: Searching for node with selector: BySelector [TEXT='\QGet Started\E'].
10-28 15:35:32.845  2523  2540 D UiDevice: Searching for node with selector: BySelector [TEXT='\QGet Started\E'].
10-28 15:35:32.947  2523  2540 D UiDevice: Searching for node with selector: BySelector [TEXT='\QGet Started\E'].
10-28 15:35:33.050  2523  2540 D UiDevice: Searching for node with selector: BySelector [TEXT='\QGet Started\E'].
10-28 15:35:33.153  2523  2540 D UiDevice: Searching for node with selector: BySelector [TEXT='\QGet Started\E'].
10-28 15:35:33.256  2523  2540 D UiDevice: Searching for node with selector: BySelector [TEXT='\QGet Started\E'].
10-28 15:35:33.359  2523  2540 D UiDevice: Searching for node with selector: BySelector [TEXT='\QGet Started\E'].
10-28 15:35:33.462  2523  2540 D UiDevice: Searching for node with selector: BySelector [TEXT='\QGet Started\E'].
10-28 15:35:33.565  2523  2540 D UiDevice: Searching for node with selector: BySelector [TEXT='\QGet Started\E'].
10-28 15:35:33.668  2523  2540 D UiDevice: Searching for node with selector: BySelector [TEXT='\QGet Started\E'].
10-28 15:35:33.771  2523  2540 D UiDevice: Searching for node with selector: BySelector [TEXT='\QGet Started\E'].
10-28 15:35:33.874  2523  2540 D UiDevice: Searching for node with selector: BySelector [TEXT='\QGet Started\E'].
10-28 15:35:33.978  2523  2540 D UiDevice: Searching for node with selector: BySelector [TEXT='\QGet Started\E'].
10-28 15:35:34.081  2523  2540 D UiDevice: Searching for node with selector: BySelector [TEXT='\QGet Started\E'].
10-28 15:35:34.184  2523  2540 D UiDevice: Searching for node with selector: BySelector [TEXT='\QGet Started\E'].
10-28 15:35:34.287  2523  2540 D UiDevice: Searching for node with selector: BySelector [TEXT='\QGet Started\E'].
10-28 15:35:34.390  2523  2540 D UiDevice: Searching for node with selector: BySelector [TEXT='\QGet Started\E'].
10-28 15:35:34.493  2523  2540 D UiDevice: Searching for node with selector: BySelector [TEXT='\QGet Started\E'].
10-28 15:35:34.597  2523  2540 D UiDevice: Searching for node with selector: BySelector [TEXT='\QGet Started\E'].
10-28 15:35:34.700  2523  2540 D UiDevice: Searching for node with selector: BySelector [TEXT='\QGet Started\E'].
10-28 15:35:34.803  2523  2540 D UiDevice: Searching for node with selector: BySelector [TEXT='\QGet Started\E'].
10-28 15:35:34.907  2523  2540 D UiDevice: Searching for node with selector: BySelector [TEXT='\QGet Started\E'].
10-28 15:35:35.011  2523  2540 D UiDevice: Searching for node with selector: BySelector [TEXT='\QGet Started\E'].
10-28 15:35:35.114  2523  2540 D UiDevice: Searching for node with selector: BySelector [TEXT='\QGet Started\E'].
10-28 15:35:35.219  2523  2540 D UiDevice: Searching for node with selector: BySelector [TEXT='\QGet Started\E'].
10-28 15:35:35.322  2523  2540 D UiDevice: Searching for node with selector: BySelector [TEXT='\QGet Started\E'].
10-28 15:35:35.426  2523  2540 D UiDevice: Searching for node with selector: BySelector [TEXT='\QGet Started\E'].
10-28 15:35:35.529  2523  2540 D UiDevice: Searching for node with selector: BySelector [TEXT='\QGet Started\E'].
10-28 15:35:35.632  2523  2540 D UiDevice: Searching for node with selector: BySelector [TEXT='\QGet Started\E'].
10-28 15:35:35.735  2523  2540 D UiDevice: Searching for node with selector: BySelector [TEXT='\QGet Started\E'].
10-28 15:35:35.839  2523  2540 D UiDevice: Searching for node with selector: BySelector [TEXT='\QGet Started\E'].
10-28 15:35:35.942  2523  2540 D UiDevice: Searching for node with selector: BySelector [TEXT='\QGet Started\E'].
10-28 15:35:36.058  2523  2540 D UiDevice: Searching for node with selector: BySelector [TEXT='\QGet Started\E'].
10-28 15:35:36.193  2523  2540 D UiDevice: Searching for node with selector: BySelector [TEXT='\QGet Started\E'].
10-28 15:35:36.326  2523  2540 D UiDevice: Searching for node with selector: BySelector [TEXT='\QGet Started\E'].
10-28 15:35:36.445  2523  2540 D UiDevice: Searching for node with selector: BySelector [TEXT='\QGet Started\E'].
10-28 15:35:36.553  2523  2540 D UiDevice: Searching for node with selector: BySelector [TEXT='\QGet Started\E'].
10-28 15:35:36.657  2523  2540 D UiDevice: Searching for node with selector: BySelector [TEXT='\QGet Started\E'].
10-28 15:35:36.761  2523  2540 D UiDevice: Searching for node with selector: BySelector [TEXT='\QGet Started\E'].
10-28 15:35:36.866  2523  2540 D UiDevice: Searching for node with selector: BySelector [TEXT='\QGet Started\E'].
10-28 15:35:36.970  2523  2540 D UiDevice: Searching for node with selector: BySelector [TEXT='\QGet Started\E'].
10-28 15:35:37.073  2523  2540 D UiDevice: Searching for node with selector: BySelector [TEXT='\QGet Started\E'].
10-28 15:35:37.177  2523  2540 D UiDevice: Searching for node with selector: BySelector [TEXT='\QGet Started\E'].
10-28 15:35:37.280  2523  2540 D UiDevice: Searching for node with selector: BySelector [TEXT='\QGet Started\E'].
10-28 15:35:37.384  2523  2540 D UiDevice: Searching for node with selector: BySelector [TEXT='\QGet Started\E'].
10-28 15:35:37.487  2523  2540 D UiDevice: Searching for node with selector: BySelector [TEXT='\QGet Started\E'].
10-28 15:35:37.591  2523  2540 D UiDevice: Searching for node with selector: BySelector [TEXT='\QGet Started\E'].
10-28 15:35:37.695  2523  2540 D UiDevice: Searching for node with selector: BySelector [TEXT='\QGet Started\E'].
10-28 15:35:37.798  2523  2540 D UiDevice: Searching for node with selector: BySelector [TEXT='\QGet Started\E'].
10-28 15:35:37.902  2523  2540 D UiDevice: Searching for node with selector: BySelector [TEXT='\QGet Started\E'].
10-28 15:35:38.006  2523  2540 D UiDevice: Searching for node with selector: BySelector [TEXT='\QGet Started\E'].
10-28 15:35:38.109  2523  2540 D UiDevice: Searching for node with selector: BySelector [TEXT='\QGet Started\E'].
10-28 15:35:38.213  2523  2540 D UiDevice: Searching for node with selector: BySelector [TEXT='\QGet Started\E'].
10-28 15:35:38.316  2523  2540 D UiDevice: Searching for node with selector: BySelector [TEXT='\QGet Started\E'].
10-28 15:35:38.420  2523  2540 D UiDevice: Searching for node with selector: BySelector [TEXT='\QGet Started\E'].
10-28 15:35:38.524  2523  2540 D UiDevice: Searching for node with selector: BySelector [TEXT='\QGet Started\E'].
10-28 15:35:38.628  2523  2540 D UiDevice: Searching for node with selector: BySelector [TEXT='\QGet Started\E'].
10-28 15:35:38.732  2523  2540 D UiDevice: Searching for node with selector: BySelector [TEXT='\QGet Started\E'].
10-28 15:35:38.836  2523  2540 D UiDevice: Searching for node with selector: BySelector [TEXT='\QGet Started\E'].
10-28 15:35:38.844  2617  2681 D UstadCache: CacheTrimmer:  Trim cache run: max (evictable) size = 100000000 bytes
10-28 15:35:38.846  2617  2681 V UstadCache: CacheTrimmer:  deleting
10-28 15:35:38.939  2523  2540 D UiDevice: Searching for node with selector: BySelector [TEXT='\QGet Started\E'].
10-28 15:35:39.043  2523  2540 D UiDevice: Searching for node with selector: BySelector [TEXT='\QGet Started\E'].
10-28 15:35:39.147  2523  2540 D UiDevice: Searching for node with selector: BySelector [TEXT='\QGet Started\E'].
10-28 15:35:39.250  2523  2540 D UiDevice: Searching for node with selector: BySelector [TEXT='\QGet Started\E'].
10-28 15:35:39.354  2523  2540 D UiDevice: Searching for node with selector: BySelector [TEXT='\QGet Started\E'].
10-28 15:35:39.457  2523  2540 D UiDevice: Searching for node with selector: BySelector [TEXT='\QGet Started\E'].
10-28 15:35:39.561  2523  2540 D UiDevice: Searching for node with selector: BySelector [TEXT='\QGet Started\E'].
10-28 15:35:39.664  2523  2540 D UiDevice: Searching for node with selector: BySelector [TEXT='\QGet Started\E'].
10-28 15:35:39.768  2523  2540 D UiDevice: Searching for node with selector: BySelector [TEXT='\QGet Started\E'].
10-28 15:35:39.872  2523  2540 D UiDevice: Searching for node with selector: BySelector [TEXT='\QGet Started\E'].
10-28 15:35:39.975  2523  2540 D UiDevice: Searching for node with selector: BySelector [TEXT='\QGet Started\E'].
10-28 15:35:40.080  2523  2540 D UiDevice: Searching for node with selector: BySelector [TEXT='\QGet Started\E'].
10-28 15:35:40.183  2523  2540 D UiDevice: Searching for node with selector: BySelector [TEXT='\QGet Started\E'].
10-28 15:35:40.303  2523  2540 D UiDevice: Searching for node with selector: BySelector [TEXT='\QGet Started\E'].
10-28 15:35:40.407  2523  2540 D UiDevice: Searching for node with selector: BySelector [TEXT='\QGet Started\E'].
10-28 15:35:40.510  2523  2540 D UiDevice: Searching for node with selector: BySelector [TEXT='\QGet Started\E'].
10-28 15:35:40.614  2523  2540 D UiDevice: Searching for node with selector: BySelector [TEXT='\QGet Started\E'].
10-28 15:35:40.718  2523  2540 D UiDevice: Searching for node with selector: BySelector [TEXT='\QGet Started\E'].
10-28 15:35:40.822  2523  2540 D UiDevice: Searching for node with selector: BySelector [TEXT='\QGet Started\E'].
10-28 15:35:40.925  2523  2540 D UiDevice: Searching for node with selector: BySelector [TEXT='\QGet Started\E'].
10-28 15:35:41.929  2523  2540 D UiDevice: Retrieving node with selector: BySelector [TEXT='\QGet Started\E'].
10-28 15:35:41.933  2523  2540 D UiDevice: Node not found with selector: BySelector [TEXT='\QGet Started\E'].
10-28 15:35:46.933  2523  2540 D Benchmark: Profile Installer - Save Profile
10-28 15:35:46.967  2617  2617 I Process : Sending signal. PID: 2617 SIG: 10
10-28 15:35:46.967  2617  2622 I nayestane.ustad: Thread[6,tid=2622,WaitingInMainSignalCatcherLoop,Thread*=0x7f5acd2a1200,peer=0x137c1d50,"Signal Catcher"]: reacting to signal 10
10-28 15:35:46.967  2617  2622 I nayestane.ustad:
10-28 15:35:46.967  2617  2622 I nayestane.ustad: SIGUSR1 forcing GC (no HPROF) and profile save
10-28 15:35:46.969  2617  2617 D ProfileInstaller:
10-28 15:35:47.020  2617  2622 I nayestane.ustad: Explicit concurrent copying GC freed 180448(6921KB) AllocSpace objects, 11(292KB) LOS objects, 49% free, 7903KB/15MB, paused 121us,36us total 52.483ms
10-28 15:35:47.025  2617  2628 W System  : A resource failed to call close.
10-28 15:35:47.474  2523  2540 D Benchmark: Killing process org.nayestane.ustad
10-28 15:35:47.474  2523  2540 D UiDevice: Executing shell command: killall org.nayestane.ustad
10-28 15:35:47.502  1495  1688 W MediaProvider: isAppCloneUserPair for user 0: false
10-28 15:35:47.504  1495  1688 V MediaProvider: Inserted id:1000000061 less than next row id backup:1000001000.
10-28 15:35:47.549   582   995 I PackageDexOptimizer: Running dexopt (dexoptNeeded=-3) on: /data/app/~~ZJQ7sXylsANplpuIJprZpw==/org.nayestane.ustad-MZAU5CLP1yOCe01YQZ7TaA==/base.apk pkg=org.nayestane.ustad isa=x86_64 dexoptFlags=boot_complete,profile_guided,force,enable_hidden_api_checks targetFilter=speed-profile oatDir=/data/app/~~ZJQ7sXylsANplpuIJprZpw==/org.nayestane.ustad-MZAU5CLP1yOCe01YQZ7TaA==/oat classLoaderContext=PCL[]{PCL[/system_ext/framework/androidx.window.extensions.jar]#PCL[/system_ext/framework/androidx.window.sidecar.jar]}
10-28 15:35:47.550   502   665 V installd: DexInv: --- BEGIN '/data/app/~~ZJQ7sXylsANplpuIJprZpw==/org.nayestane.ustad-MZAU5CLP1yOCe01YQZ7TaA==/base.apk' ---
10-28 15:35:47.550   502   665 V installd: Running /apex/com.android.art/bin/dex2oat64 in=base.apk out=/data/app/~~ZJQ7sXylsANplpuIJprZpw==/org.nayestane.ustad-MZAU5CLP1yOCe01YQZ7TaA==/oat/x86_64/base.odex
10-28 15:35:47.563  3437  3437 W dex2oat64: Unexpected CPU variant for x86: x86_64.
10-28 15:35:47.563  3437  3437 W dex2oat64: Known variants: atom, sandybridge, silvermont, kabylake, default
10-28 15:35:47.564  3437  3437 W dex2oat64: Mismatch between dex2oat instruction set features to use (ISA: X86_64 Feature string: -ssse3,-sse4.1,-sse4.2,-avx,-avx2,-popcnt) and those from CPP defines (ISA: X86_64 Feature string: ssse3,sse4.1,sse4.2,-avx,-avx2,popcnt) for the command line:
10-28 15:35:47.564  3437  3437 W dex2oat64: /apex/com.android.art/bin/dex2oat64 --zip-fd=8 --zip-location=base.apk --oat-fd=9 --oat-location=/data/app/~~ZJQ7sXylsANplpuIJprZpw==/org.nayestane.ustad-MZAU5CLP1yOCe01YQZ7TaA==/oat/x86_64/base.odex --input-vdex-fd=11 --output-vdex-fd=10 --app-image-fd=14 --image-format=lz4 --profile-file-fd=13 --swap-fd=12 --classpath-dir=/data/app/~~ZJQ7sXylsANplpuIJprZpw==/org.nayestane.ustad-MZAU5CLP1yOCe01YQZ7TaA== --class-loader-context=PCL[]{PCL[/system_ext/framework/androidx.window.extensions.jar]#PCL[/system_ext/framework/androidx.window.sidecar.jar]} --instruction-set=x86_64 --instruction-set-features=default --instruction-set-variant=x86_64 --compiler-filter=speed-profile --compilation-reason=cmdline --max-image-block-size=524288 --resolve-startup-const-strings=true --generate-mini-debug-info --runtime-arg -Xtarget-sdk-version:34 --runtime-arg -Xhidden-api-policy:enabled --runtime-arg -Xms64m --runtime-arg -Xmx512m
10-28 15:35:47.567  3437  3437 I dex2oat64: /apex/com.android.art/bin/dex2oat64 --input-vdex-fd=11 --output-vdex-fd=10 --profile-file-fd=13 --classpath-dir=/data/app/~~ZJQ7sXylsANplpuIJprZpw==/org.nayestane.ustad-MZAU5CLP1yOCe01YQZ7TaA== --class-loader-context=PCL[]{PCL[/system_ext/framework/androidx.window.extensions.jar]#PCL[/system_ext/framework/androidx.window.sidecar.jar]} --compiler-filter=speed-profile --compilation-reason=cmdline --max-image-block-size=524288 --resolve-startup-const-strings=true --generate-mini-debug-info
10-28 15:35:51.509  3437  3437 W dex2oat64: Accessing hidden method Landroid/window/BackEvent;->getProgress()F (blocked, linking, denied)
10-28 15:35:51.509  3437  3437 W dex2oat64: Accessing hidden method Landroid/window/BackEvent;->getSwipeEdge()I (blocked, linking, denied)
10-28 15:35:51.509  3437  3437 W dex2oat64: Accessing hidden method Landroid/window/BackEvent;->getTouchX()F (blocked, linking, denied)
10-28 15:35:51.509  3437  3437 W dex2oat64: Accessing hidden method Landroid/window/BackEvent;->getTouchY()F (blocked, linking, denied)
10-28 15:35:51.744  3437  3439 W dex2oat64: Method java.lang.Object androidx.compose.runtime.snapshots.SnapshotStateMap.mutate(kotlin.jvm.functions.Function1) failed lock verification and will run slower.
10-28 15:35:51.744  3437  3439 W dex2oat64: Common causes for lock verification issues are non-optimized dex code
10-28 15:35:51.744  3437  3439 W dex2oat64: and incorrect proguard optimizations.
10-28 15:35:51.745  3437  3439 W dex2oat64: Method void androidx.compose.runtime.snapshots.SnapshotStateMap.update(kotlin.jvm.functions.Function1) failed lock verification and will run slower.
10-28 15:35:51.745  3437  3439 W dex2oat64: Method boolean androidx.compose.runtime.snapshots.SnapshotStateMap.removeIf$runtime_release(kotlin.jvm.functions.Function1) failed lock verification and will run slower.
10-28 15:35:51.763  3437  3437 W dex2oat64: Method boolean androidx.compose.runtime.snapshots.SnapshotStateList.conditionalUpdate(boolean, kotlin.jvm.functions.Function1) failed lock verification and will run slower.
10-28 15:35:51.764  3437  3437 W dex2oat64: Method boolean androidx.compose.runtime.snapshots.SnapshotStateList.conditionalUpdate$default(androidx.compose.runtime.snapshots.SnapshotStateList, boolean, kotlin.jvm.functions.Function1, int, java.lang.Object) failed lock verification and will run slower.
10-28 15:35:51.764  3437  3437 W dex2oat64: Method java.lang.Object androidx.compose.runtime.snapshots.SnapshotStateList.mutate(kotlin.jvm.functions.Function1) failed lock verification and will run slower.
10-28 15:35:51.764  3437  3437 W dex2oat64: Method void androidx.compose.runtime.snapshots.SnapshotStateList.update(boolean, kotlin.jvm.functions.Function1) failed lock verification and will run slower.
10-28 15:35:51.765  3437  3437 W dex2oat64: Method void androidx.compose.runtime.snapshots.SnapshotStateList.update$default(androidx.compose.runtime.snapshots.SnapshotStateList, boolean, kotlin.jvm.functions.Function1, int, java.lang.Object) failed lock verification and will run slower.
10-28 15:35:52.958  3437  3437 I dex2oat64: Explicit concurrent copying GC freed 197107(31MB) AllocSpace objects, 0(0B) LOS objects, 49% free, 2157KB/4315KB, paused 15us,2us total 7.571ms
10-28 15:35:53.270  3437  3437 I dex2oat64: dex2oat took 5.707s (9.149s cpu) (threads: 4) arena alloc=11MB (11633848B) java alloc=2157KB (2209576B) native alloc=22MB (23415600B) free=145MB (152744544B)
10-28 15:35:53.303   502   665 V installd: DexInv: --- END '/data/app/~~ZJQ7sXylsANplpuIJprZpw==/org.nayestane.ustad-MZAU5CLP1yOCe01YQZ7TaA==/base.apk' (success) ---
10-28 15:35:53.355  1495  2561 W MediaProvider: isAppCloneUserPair for user 0: false
10-28 15:35:53.356  1495  2561 V MediaProvider: Inserted id:1000000062 less than next row id backup:1000001000.
10-28 15:35:53.764  3457  3457 W profman : profman took 376.426ms
10-28 15:35:53.788  1495  3294 W MediaProvider: isAppCloneUserPair for user 0: false
10-28 15:35:53.789  1495  3294 V MediaProvider: Inserted id:1000000063 less than next row id backup:1000001000.
10-28 15:35:54.022  1495  3294 I MediaProvider: Deleted 0 0 0 0 0 0 0 items on external_primary due to com.ustadmobile.app_android_baselineprofile
10-28 15:35:54.895  2523  2540 D Benchmark: Unstable profiles during iteration 7
10-28 15:35:54.895  2523  2540 D Benchmark: Killing package org.nayestane.ustad
10-28 15:35:54.895  2523  2540 D Benchmark: Killing process org.nayestane.ustad
10-28 15:35:54.895  2523  2540 D UiDevice: Executing shell command: killall org.nayestane.ustad
10-28 15:35:54.906  2523  2540 D Benchmark: Compile iteration (8) for org.nayestane.ustad
10-28 15:35:54.907  2523  2540 D UiDevice: Pressing home button.
10-28 15:35:54.927   870   870 V ShadeControllerImpl: NotificationShadeWindow: com.android.systemui.shade.NotificationShadeWindowView{963422f I.E...... ......ID 0,0-320,640} canPanelBeCollapsed(): false
10-28 15:35:54.933  1133  1133 D TaplTarget: Launcher.onNewIntent: Intent { act=android.intent.action.MAIN cat=[android.intent.category.HOME] flg=0x10400100 cmp=com.android.launcher3/.uioverrides.QuickstepLauncher (has extras) }
10-28 15:35:54.936   870   870 V ShadeControllerImpl: NotificationShadeWindow: com.android.systemui.shade.NotificationShadeWindowView{963422f I.E...... ......ID 0,0-320,640} canPanelBeCollapsed(): false
10-28 15:35:54.953   422   422 I BpBinder: onLastStrongRef automatically unlinking death recipients: <uncached descriptor>
10-28 15:35:54.953   422   465 W TransactionTracing: Could not find layer handle 0x7b315a684f30
10-28 15:35:54.962  1495  2561 W MediaProvider: isAppCloneUserPair for user 0: false
10-28 15:35:54.962  1495  2561 V MediaProvider: Inserted id:1000000064 less than next row id backup:1000001000.
