10-28 15:34:17.308  1133  1133 W FrameTracker: Missed SF frame:PREDICTION_ERROR, 6446, 3000648, CUJ=J<LAUNCHER_APP_CLOSE_TO_HOME>
10-28 15:34:17.308  1133  1133 W FrameTracker: Missed SF frame:PREDICTION_ERROR, 6462, 2774075, CUJ=J<LAUNCHER_APP_CLOSE_TO_HOME>
10-28 15:34:17.308  1133  1133 W FrameTracker: Missed SF frame:PREDICTION_ERROR, 6470, 3663534, CUJ=J<LAUNCHER_APP_CLOSE_TO_HOME>
10-28 15:34:17.308  1133  1133 W FrameTracker: Missed SF frame:PREDICTION_ERROR, 6478, 2444922, CUJ=J<LAUNCHER_APP_CLOSE_TO_HOME>
10-28 15:34:17.308  1133  1133 W FrameTracker: Missing SF jank callback for vsyncId: 6486, CUJ=J<LAUNCHER_APP_CLOSE_TO_HOME>
10-28 15:34:17.309  1133  1815 V PerfettoTrigger: Not triggering com.android.telemetry.interaction-jank-monitor-9 - not enough time since last trigger
10-28 15:34:17.320   422   465 W TransactionTracing: Could not find layer handle 0x7b315a68a1b0
10-28 15:34:17.339   870   925 W FrameTracker: Missed SF frame:PREDICTION_ERROR, 6757, 0, CUJ=J<SPLASHSCREEN_EXIT_ANIM>
10-28 15:34:17.339   870   925 W FrameTracker: Missing HWUI jank callback for vsyncId: 6757, CUJ=J<SPLASHSCREEN_EXIT_ANIM>
10-28 15:34:17.339   870   925 W FrameTracker: Missed SF frame:PREDICTION_ERROR, 6786, 4300576, CUJ=J<SPLASHSCREEN_EXIT_ANIM>
10-28 15:34:17.339   870   925 W FrameTracker: Missed SF frame:PREDICTION_ERROR, 6975, 4616317, CUJ=J<SPLASHSCREEN_EXIT_ANIM>
10-28 15:34:17.339   870   925 W FrameTracker: Missed SF frame:PREDICTION_ERROR, 7004, 5302306, CUJ=J<SPLASHSCREEN_EXIT_ANIM>
10-28 15:34:17.339   870   925 W FrameTracker: Missed SF frame:PREDICTION_ERROR, 7019, 5774005, CUJ=J<SPLASHSCREEN_EXIT_ANIM>
10-28 15:34:17.339   870   925 W FrameTracker: Missed SF frame:PREDICTION_ERROR, 7048, 2617062, CUJ=J<SPLASHSCREEN_EXIT_ANIM>
10-28 15:34:17.339   870   925 W FrameTracker: Missing HWUI jank callback for vsyncId: 7077, CUJ=J<SPLASHSCREEN_EXIT_ANIM>
10-28 15:34:17.340   870   915 V PerfettoTrigger: Not triggering com.android.telemetry.interaction-jank-monitor-39 - not enough time since last trigger
10-28 15:34:17.470   422   465 W TransactionTracing: Could not find layer handle 0x7b315a689c70
10-28 15:34:17.475   870   976 D EGL_emulation: app_time_stats: avg=51.57ms min=13.56ms max=434.97ms count=20
10-28 15:34:17.598  2523  2540 D UiDevice: Searching for node with selector: BySelector [TEXT='\QGet Started\E'].
10-28 15:34:18.192  2523  2540 D UiDevice: Searching for node with selector: BySelector [TEXT='\QGet Started\E'].
10-28 15:34:18.296  2523  2540 D UiDevice: Searching for node with selector: BySelector [TEXT='\QGet Started\E'].
10-28 15:34:18.400  2523  2540 D UiDevice: Searching for node with selector: BySelector [TEXT='\QGet Started\E'].
10-28 15:34:18.504  2523  2540 D UiDevice: Searching for node with selector: BySelector [TEXT='\QGet Started\E'].
10-28 15:34:18.607  2523  2540 D UiDevice: Searching for node with selector: BySelector [TEXT='\QGet Started\E'].
10-28 15:34:18.710  2523  2540 D UiDevice: Searching for node with selector: BySelector [TEXT='\QGet Started\E'].
10-28 15:34:18.813  2523  2540 D UiDevice: Searching for node with selector: BySelector [TEXT='\QGet Started\E'].
10-28 15:34:18.917  2523  2540 D UiDevice: Searching for node with selector: BySelector [TEXT='\QGet Started\E'].
10-28 15:34:19.020  2523  2540 D UiDevice: Searching for node with selector: BySelector [TEXT='\QGet Started\E'].
10-28 15:34:19.124  2523  2540 D UiDevice: Searching for node with selector: BySelector [TEXT='\QGet Started\E'].
10-28 15:34:19.227  2523  2540 D UiDevice: Searching for node with selector: BySelector [TEXT='\QGet Started\E'].
10-28 15:34:19.330  2523  2540 D UiDevice: Searching for node with selector: BySelector [TEXT='\QGet Started\E'].
10-28 15:34:19.433  2523  2540 D UiDevice: Searching for node with selector: BySelector [TEXT='\QGet Started\E'].
10-28 15:34:19.537  2523  2540 D UiDevice: Searching for node with selector: BySelector [TEXT='\QGet Started\E'].
10-28 15:34:19.640  2523  2540 D UiDevice: Searching for node with selector: BySelector [TEXT='\QGet Started\E'].
10-28 15:34:19.744  2523  2540 D UiDevice: Searching for node with selector: BySelector [TEXT='\QGet Started\E'].
10-28 15:34:19.847  2523  2540 D UiDevice: Searching for node with selector: BySelector [TEXT='\QGet Started\E'].
10-28 15:34:19.950  2523  2540 D UiDevice: Searching for node with selector: BySelector [TEXT='\QGet Started\E'].
10-28 15:34:20.054  2523  2540 D UiDevice: Searching for node with selector: BySelector [TEXT='\QGet Started\E'].
10-28 15:34:20.158  2523  2540 D UiDevice: Searching for node with selector: BySelector [TEXT='\QGet Started\E'].
10-28 15:34:20.261  2523  2540 D UiDevice: Searching for node with selector: BySelector [TEXT='\QGet Started\E'].
10-28 15:34:20.364  2523  2540 D UiDevice: Searching for node with selector: BySelector [TEXT='\QGet Started\E'].
10-28 15:34:20.467  2523  2540 D UiDevice: Searching for node with selector: BySelector [TEXT='\QGet Started\E'].
10-28 15:34:20.571  2523  2540 D UiDevice: Searching for node with selector: BySelector [TEXT='\QGet Started\E'].
10-28 15:34:20.674  2523  2540 D UiDevice: Searching for node with selector: BySelector [TEXT='\QGet Started\E'].
10-28 15:34:20.778  2523  2540 D UiDevice: Searching for node with selector: BySelector [TEXT='\QGet Started\E'].
10-28 15:34:20.881  2523  2540 D UiDevice: Searching for node with selector: BySelector [TEXT='\QGet Started\E'].
10-28 15:34:20.985  2523  2540 D UiDevice: Searching for node with selector: BySelector [TEXT='\QGet Started\E'].
10-28 15:34:21.089  2523  2540 D UiDevice: Searching for node with selector: BySelector [TEXT='\QGet Started\E'].
10-28 15:34:21.192  2523  2540 D UiDevice: Searching for node with selector: BySelector [TEXT='\QGet Started\E'].
10-28 15:34:21.296  2523  2540 D UiDevice: Searching for node with selector: BySelector [TEXT='\QGet Started\E'].
10-28 15:34:21.400  2523  2540 D UiDevice: Searching for node with selector: BySelector [TEXT='\QGet Started\E'].
10-28 15:34:21.503  2523  2540 D UiDevice: Searching for node with selector: BySelector [TEXT='\QGet Started\E'].
10-28 15:34:21.607  2523  2540 D UiDevice: Searching for node with selector: BySelector [TEXT='\QGet Started\E'].
10-28 15:34:21.710  2523  2540 D UiDevice: Searching for node with selector: BySelector [TEXT='\QGet Started\E'].
10-28 15:34:21.814  2523  2540 D UiDevice: Searching for node with selector: BySelector [TEXT='\QGet Started\E'].
10-28 15:34:21.917  2523  2540 D UiDevice: Searching for node with selector: BySelector [TEXT='\QGet Started\E'].
10-28 15:34:22.021  2523  2540 D UiDevice: Searching for node with selector: BySelector [TEXT='\QGet Started\E'].
10-28 15:34:22.125  2523  2540 D UiDevice: Searching for node with selector: BySelector [TEXT='\QGet Started\E'].
10-28 15:34:22.229  2523  2540 D UiDevice: Searching for node with selector: BySelector [TEXT='\QGet Started\E'].
10-28 15:34:22.332  2523  2540 D UiDevice: Searching for node with selector: BySelector [TEXT='\QGet Started\E'].
10-28 15:34:22.436  2523  2540 D UiDevice: Searching for node with selector: BySelector [TEXT='\QGet Started\E'].
10-28 15:34:22.540  2523  2540 D UiDevice: Searching for node with selector: BySelector [TEXT='\QGet Started\E'].
10-28 15:34:22.644  2523  2540 D UiDevice: Searching for node with selector: BySelector [TEXT='\QGet Started\E'].
10-28 15:34:22.748  2523  2540 D UiDevice: Searching for node with selector: BySelector [TEXT='\QGet Started\E'].
10-28 15:34:22.851  2523  2540 D UiDevice: Searching for node with selector: BySelector [TEXT='\QGet Started\E'].
10-28 15:34:22.954  2523  2540 D UiDevice: Searching for node with selector: BySelector [TEXT='\QGet Started\E'].
10-28 15:34:23.058  2523  2540 D UiDevice: Searching for node with selector: BySelector [TEXT='\QGet Started\E'].
10-28 15:34:23.161  2523  2540 D UiDevice: Searching for node with selector: BySelector [TEXT='\QGet Started\E'].
10-28 15:34:23.264  2523  2540 D UiDevice: Searching for node with selector: BySelector [TEXT='\QGet Started\E'].
10-28 15:34:23.367  2523  2540 D UiDevice: Searching for node with selector: BySelector [TEXT='\QGet Started\E'].
10-28 15:34:23.471  2523  2540 D UiDevice: Searching for node with selector: BySelector [TEXT='\QGet Started\E'].
10-28 15:34:23.574  2523  2540 D UiDevice: Searching for node with selector: BySelector [TEXT='\QGet Started\E'].
10-28 15:34:23.677  2523  2540 D UiDevice: Searching for node with selector: BySelector [TEXT='\QGet Started\E'].
10-28 15:34:23.780  2523  2540 D UiDevice: Searching for node with selector: BySelector [TEXT='\QGet Started\E'].
10-28 15:34:23.884  2523  2540 D UiDevice: Searching for node with selector: BySelector [TEXT='\QGet Started\E'].
10-28 15:34:23.987  2523  2540 D UiDevice: Searching for node with selector: BySelector [TEXT='\QGet Started\E'].
10-28 15:34:24.090  2523  2540 D UiDevice: Searching for node with selector: BySelector [TEXT='\QGet Started\E'].
10-28 15:34:24.194  2523  2540 D UiDevice: Searching for node with selector: BySelector [TEXT='\QGet Started\E'].
10-28 15:34:24.297  2523  2540 D UiDevice: Searching for node with selector: BySelector [TEXT='\QGet Started\E'].
10-28 15:34:24.400  2523  2540 D UiDevice: Searching for node with selector: BySelector [TEXT='\QGet Started\E'].
10-28 15:34:24.504  2523  2540 D UiDevice: Searching for node with selector: BySelector [TEXT='\QGet Started\E'].
10-28 15:34:24.608  2523  2540 D UiDevice: Searching for node with selector: BySelector [TEXT='\QGet Started\E'].
10-28 15:34:24.712  2523  2540 D UiDevice: Searching for node with selector: BySelector [TEXT='\QGet Started\E'].
10-28 15:34:24.815  2523  2540 D UiDevice: Searching for node with selector: BySelector [TEXT='\QGet Started\E'].
10-28 15:34:24.919  2523  2540 D UiDevice: Searching for node with selector: BySelector [TEXT='\QGet Started\E'].
10-28 15:34:25.022  2523  2540 D UiDevice: Searching for node with selector: BySelector [TEXT='\QGet Started\E'].
10-28 15:34:25.125  2523  2540 D UiDevice: Searching for node with selector: BySelector [TEXT='\QGet Started\E'].
10-28 15:34:25.228  2523  2540 D UiDevice: Searching for node with selector: BySelector [TEXT='\QGet Started\E'].
10-28 15:34:25.332  2523  2540 D UiDevice: Searching for node with selector: BySelector [TEXT='\QGet Started\E'].
10-28 15:34:25.435  2523  2540 D UiDevice: Searching for node with selector: BySelector [TEXT='\QGet Started\E'].
10-28 15:34:25.538  2523  2540 D UiDevice: Searching for node with selector: BySelector [TEXT='\QGet Started\E'].
10-28 15:34:25.641  2523  2540 D UiDevice: Searching for node with selector: BySelector [TEXT='\QGet Started\E'].
10-28 15:34:25.744  2523  2540 D UiDevice: Searching for node with selector: BySelector [TEXT='\QGet Started\E'].
10-28 15:34:25.847  2523  2540 D UiDevice: Searching for node with selector: BySelector [TEXT='\QGet Started\E'].
10-28 15:34:25.950  2523  2540 D UiDevice: Searching for node with selector: BySelector [TEXT='\QGet Started\E'].
10-28 15:34:26.053  2523  2540 D UiDevice: Searching for node with selector: BySelector [TEXT='\QGet Started\E'].
10-28 15:34:26.156  2523  2540 D UiDevice: Searching for node with selector: BySelector [TEXT='\QGet Started\E'].
10-28 15:34:26.259  2523  2540 D UiDevice: Searching for node with selector: BySelector [TEXT='\QGet Started\E'].
10-28 15:34:26.362  2523  2540 D UiDevice: Searching for node with selector: BySelector [TEXT='\QGet Started\E'].
10-28 15:34:26.465  2523  2540 D UiDevice: Searching for node with selector: BySelector [TEXT='\QGet Started\E'].
10-28 15:34:26.568  2523  2540 D UiDevice: Searching for node with selector: BySelector [TEXT='\QGet Started\E'].
10-28 15:34:26.671  2523  2540 D UiDevice: Searching for node with selector: BySelector [TEXT='\QGet Started\E'].
10-28 15:34:26.774  2523  2540 D UiDevice: Searching for node with selector: BySelector [TEXT='\QGet Started\E'].
10-28 15:34:26.877  2523  2540 D UiDevice: Searching for node with selector: BySelector [TEXT='\QGet Started\E'].
10-28 15:34:26.980  2523  2540 D UiDevice: Searching for node with selector: BySelector [TEXT='\QGet Started\E'].
10-28 15:34:27.083  2523  2540 D UiDevice: Searching for node with selector: BySelector [TEXT='\QGet Started\E'].
10-28 15:34:27.186  2523  2540 D UiDevice: Searching for node with selector: BySelector [TEXT='\QGet Started\E'].
10-28 15:34:28.190  2523  2540 D UiDevice: Retrieving node with selector: BySelector [TEXT='\QGet Started\E'].
10-28 15:34:28.193  2523  2540 D UiDevice: Node not found with selector: BySelector [TEXT='\QGet Started\E'].
10-28 15:34:28.204   870   976 D EGL_emulation: app_time_stats: avg=1192.13ms min=15.18ms max=10597.17ms count=9
10-28 15:34:29.702   582  1645 D WifiNl80211Manager: Scan result ready event
10-28 15:34:29.702   582  1645 D WifiNative: Scan result ready event
10-28 15:34:33.194  2523  2540 D Benchmark: Profile Installer - Save Profile
10-28 15:34:33.237  2617  2617 I Process : Sending signal. PID: 2617 SIG: 10
10-28 15:34:33.237  2617  2617 D ProfileInstaller:
10-28 15:34:33.237  2617  2622 I nayestane.ustad: Thread[6,tid=2622,WaitingInMainSignalCatcherLoop,Thread*=0x7f5acd2a1200,peer=0x13c41f48,"Signal Catcher"]: reacting to signal 10
10-28 15:34:33.237  2617  2622 I nayestane.ustad:
10-28 15:34:33.238  2617  2622 I nayestane.ustad: SIGUSR1 forcing GC (no HPROF) and profile save
10-28 15:34:33.303  2617  2622 I nayestane.ustad: Explicit concurrent copying GC freed 168302(6491KB) AllocSpace objects, 11(292KB) LOS objects, 49% free, 7849KB/15MB, paused 110us,69us total 65.267ms
10-28 15:34:33.309  2617  2628 W System  : A resource failed to call close.
10-28 15:34:33.741  2523  2540 D Benchmark: Killing process org.nayestane.ustad
10-28 15:34:33.742  2523  2540 D UiDevice: Executing shell command: killall org.nayestane.ustad
10-28 15:34:33.770  1495  2561 W MediaProvider: isAppCloneUserPair for user 0: false
10-28 15:34:33.773  1495  2561 V MediaProvider: Inserted id:1000000043 less than next row id backup:1000001000.
10-28 15:34:33.819   582   938 I PackageDexOptimizer: Running dexopt (dexoptNeeded=-3) on: /data/app/~~ZJQ7sXylsANplpuIJprZpw==/org.nayestane.ustad-MZAU5CLP1yOCe01YQZ7TaA==/base.apk pkg=org.nayestane.ustad isa=x86_64 dexoptFlags=boot_complete,profile_guided,force,enable_hidden_api_checks targetFilter=speed-profile oatDir=/data/app/~~ZJQ7sXylsANplpuIJprZpw==/org.nayestane.ustad-MZAU5CLP1yOCe01YQZ7TaA==/oat classLoaderContext=PCL[]{PCL[/system_ext/framework/androidx.window.extensions.jar]#PCL[/system_ext/framework/androidx.window.sidecar.jar]}
10-28 15:34:33.821   502   665 V installd: DexInv: --- BEGIN '/data/app/~~ZJQ7sXylsANplpuIJprZpw==/org.nayestane.ustad-MZAU5CLP1yOCe01YQZ7TaA==/base.apk' ---
10-28 15:34:33.821   502   665 V installd: Running /apex/com.android.art/bin/dex2oat64 in=base.apk out=/data/app/~~ZJQ7sXylsANplpuIJprZpw==/org.nayestane.ustad-MZAU5CLP1yOCe01YQZ7TaA==/oat/x86_64/base.odex
10-28 15:34:33.834  3096  3096 W dex2oat64: Unexpected CPU variant for x86: x86_64.
10-28 15:34:33.834  3096  3096 W dex2oat64: Known variants: atom, sandybridge, silvermont, kabylake, default
10-28 15:34:33.835  3096  3096 W dex2oat64: Mismatch between dex2oat instruction set features to use (ISA: X86_64 Feature string: -ssse3,-sse4.1,-sse4.2,-avx,-avx2,-popcnt) and those from CPP defines (ISA: X86_64 Feature string: ssse3,sse4.1,sse4.2,-avx,-avx2,popcnt) for the command line:
10-28 15:34:33.835  3096  3096 W dex2oat64: /apex/com.android.art/bin/dex2oat64 --zip-fd=8 --zip-location=base.apk --oat-fd=9 --oat-location=/data/app/~~ZJQ7sXylsANplpuIJprZpw==/org.nayestane.ustad-MZAU5CLP1yOCe01YQZ7TaA==/oat/x86_64/base.odex --input-vdex-fd=11 --output-vdex-fd=10 --app-image-fd=14 --image-format=lz4 --profile-file-fd=13 --swap-fd=12 --classpath-dir=/data/app/~~ZJQ7sXylsANplpuIJprZpw==/org.nayestane.ustad-MZAU5CLP1yOCe01YQZ7TaA== --class-loader-context=PCL[]{PCL[/system_ext/framework/androidx.window.extensions.jar]#PCL[/system_ext/framework/androidx.window.sidecar.jar]} --instruction-set=x86_64 --instruction-set-features=default --instruction-set-variant=x86_64 --compiler-filter=speed-profile --compilation-reason=cmdline --max-image-block-size=524288 --resolve-startup-const-strings=true --generate-mini-debug-info --runtime-arg -Xtarget-sdk-version:34 --runtime-arg -Xhidden-api-policy:enabled --runtime-arg -Xms64m --runtime-arg -Xmx512m
10-28 15:34:33.838  3096  3096 I dex2oat64: /apex/com.android.art/bin/dex2oat64 --input-vdex-fd=11 --output-vdex-fd=10 --profile-file-fd=13 --classpath-dir=/data/app/~~ZJQ7sXylsANplpuIJprZpw==/org.nayestane.ustad-MZAU5CLP1yOCe01YQZ7TaA== --class-loader-context=PCL[]{PCL[/system_ext/framework/androidx.window.extensions.jar]#PCL[/system_ext/framework/androidx.window.sidecar.jar]} --compiler-filter=speed-profile --compilation-reason=cmdline --max-image-block-size=524288 --resolve-startup-const-strings=true --generate-mini-debug-info
10-28 15:34:35.545  1394  2037 I Dialer  : OmtpVvmCarrierCfgHlpr - OmtpEvent:CONFIG_STATUS_SMS_TIME_OUT
10-28 15:34:35.546  1394  1394 I Dialer  : RetryPolicy - Retry limit for com.android.voicemail.impl.ActivationTask@8670bd9 reached
10-28 15:34:35.547  1394  1394 I Dialer  : RetryPolicy - committing deferred status: configuration_state=4
10-28 15:34:35.561  1679  2083 I VoicemailNotifier: receivers for android.intent.action.PROVIDER_CHANGED :[]
10-28 15:34:35.562  1394  1394 I Dialer  : VvmTaskExecutor - no more tasks, stopping service if no task are added in 5000 millis
10-28 15:34:37.705  3096  3096 W dex2oat64: Accessing hidden method Landroid/window/BackEvent;->getProgress()F (blocked, linking, denied)
10-28 15:34:37.705  3096  3096 W dex2oat64: Accessing hidden method Landroid/window/BackEvent;->getSwipeEdge()I (blocked, linking, denied)
10-28 15:34:37.705  3096  3096 W dex2oat64: Accessing hidden method Landroid/window/BackEvent;->getTouchX()F (blocked, linking, denied)
10-28 15:34:37.705  3096  3096 W dex2oat64: Accessing hidden method Landroid/window/BackEvent;->getTouchY()F (blocked, linking, denied)
10-28 15:34:37.948  3096  3098 W dex2oat64: Method java.lang.Object androidx.compose.runtime.snapshots.SnapshotStateMap.mutate(kotlin.jvm.functions.Function1) failed lock verification and will run slower.
10-28 15:34:37.948  3096  3098 W dex2oat64: Common causes for lock verification issues are non-optimized dex code
10-28 15:34:37.948  3096  3098 W dex2oat64: and incorrect proguard optimizations.
10-28 15:34:37.948  3096  3098 W dex2oat64: Method void androidx.compose.runtime.snapshots.SnapshotStateMap.update(kotlin.jvm.functions.Function1) failed lock verification and will run slower.
10-28 15:34:37.948  3096  3098 W dex2oat64: Method boolean androidx.compose.runtime.snapshots.SnapshotStateMap.removeIf$runtime_release(kotlin.jvm.functions.Function1) failed lock verification and will run slower.
10-28 15:34:37.967  3096  3100 W dex2oat64: Method boolean androidx.compose.runtime.snapshots.SnapshotStateList.conditionalUpdate(boolean, kotlin.jvm.functions.Function1) failed lock verification and will run slower.
10-28 15:34:37.967  3096  3100 W dex2oat64: Method boolean androidx.compose.runtime.snapshots.SnapshotStateList.conditionalUpdate$default(androidx.compose.runtime.snapshots.SnapshotStateList, boolean, kotlin.jvm.functions.Function1, int, java.lang.Object) failed lock verification and will run slower.
10-28 15:34:37.967  3096  3100 W dex2oat64: Method java.lang.Object androidx.compose.runtime.snapshots.SnapshotStateList.mutate(kotlin.jvm.functions.Function1) failed lock verification and will run slower.
10-28 15:34:37.967  3096  3100 W dex2oat64: Method void androidx.compose.runtime.snapshots.SnapshotStateList.update(boolean, kotlin.jvm.functions.Function1) failed lock verification and will run slower.
10-28 15:34:37.967  3096  3100 W dex2oat64: Method void androidx.compose.runtime.snapshots.SnapshotStateList.update$default(androidx.compose.runtime.snapshots.SnapshotStateList, boolean, kotlin.jvm.functions.Function1, int, java.lang.Object) failed lock verification and will run slower.
10-28 15:34:38.841  2617  2681 D UstadCache: CacheTrimmer:  Trim cache run: max (evictable) size = 100000000 bytes
10-28 15:34:38.842  2617  2681 V UstadCache: CacheTrimmer:  deleting
10-28 15:34:39.227  3096  3096 I dex2oat64: Explicit concurrent copying GC freed 197116(31MB) AllocSpace objects, 0(0B) LOS objects, 49% free, 2157KB/4315KB, paused 15us,3us total 8.246ms
10-28 15:34:39.567  3096  3096 I dex2oat64: dex2oat took 5.733s (9.190s cpu) (threads: 4) arena alloc=10091KB (10333720B) java alloc=2157KB (2209576B) native alloc=22MB (23470160B) free=145MB (152709920B)
10-28 15:34:39.596   502   665 V installd: DexInv: --- END '/data/app/~~ZJQ7sXylsANplpuIJprZpw==/org.nayestane.ustad-MZAU5CLP1yOCe01YQZ7TaA==/base.apk' (success) ---
10-28 15:34:39.649  1495  1688 W MediaProvider: isAppCloneUserPair for user 0: false
10-28 15:34:39.650  1495  1688 V MediaProvider: Inserted id:1000000044 less than next row id backup:1000001000.
10-28 15:34:40.077  3117  3117 W profman : profman took 395.476ms
10-28 15:34:40.103  1495  1681 W MediaProvider: isAppCloneUserPair for user 0: false
10-28 15:34:40.104  1495  1681 V MediaProvider: Inserted id:1000000045 less than next row id backup:1000001000.
10-28 15:34:40.478  1495  1681 I MediaProvider: Deleted 0 0 0 0 0 0 0 items on external_primary due to com.ustadmobile.app_android_baselineprofile
10-28 15:34:40.566  1394  1394 I Dialer  : VvmTaskExecutor - Stopping service
10-28 15:34:40.566  1394  1394 I Dialer  : VvmTaskExecutor - finishing Job
10-28 15:34:40.566  1394  1394 I Dialer  : TaskSchedulerJobService - finishing job
10-28 15:34:40.574  1394  1394 I Dialer  : JobFinishedPoller.run - Job finished
10-28 15:34:40.575  1394  1394 I Dialer  : VvmTaskExecutor - terminated
10-28 15:34:41.297  2523  2540 D Benchmark: Unstable profiles during iteration 4
10-28 15:34:41.297  2523  2540 D Benchmark: Killing package org.nayestane.ustad
10-28 15:34:41.297  2523  2540 D Benchmark: Killing process org.nayestane.ustad
10-28 15:34:41.297  2523  2540 D UiDevice: Executing shell command: killall org.nayestane.ustad
10-28 15:34:41.310  2523  2540 D Benchmark: Compile iteration (5) for org.nayestane.ustad
10-28 15:34:41.310  2523  2540 D UiDevice: Pressing home button.
10-28 15:34:41.326   870   870 V ShadeControllerImpl: NotificationShadeWindow: com.android.systemui.shade.NotificationShadeWindowView{963422f I.E...... ......ID 0,0-320,640} canPanelBeCollapsed(): false
10-28 15:34:41.334  1133  1133 D TaplTarget: Launcher.onNewIntent: Intent { act=android.intent.action.MAIN cat=[android.intent.category.HOME] flg=0x10400100 cmp=com.android.launcher3/.uioverrides.QuickstepLauncher (has extras) }
10-28 15:34:41.338   870   870 V ShadeControllerImpl: NotificationShadeWindow: com.android.systemui.shade.NotificationShadeWindowView{963422f I.E...... ......ID 0,0-320,640} canPanelBeCollapsed(): false
10-28 15:34:41.354   422   465 W TransactionTracing: Could not find layer handle 0x7b315a686d90
10-28 15:34:41.361  1495  1688 W MediaProvider: isAppCloneUserPair for user 0: false
10-28 15:34:41.361  1495  1688 V MediaProvider: Inserted id:1000000046 less than next row id backup:1000001000.
10-28 15:34:41.365   870   976 D EGL_emulation: app_time_stats: avg=13161.09ms min=13161.09ms max=13161.09ms count=1
10-28 15:34:41.370   422   422 I BpBinder: onLastStrongRef automatically unlinking death recipients: <uncached descriptor>
10-28 15:34:41.389   422   465 W TransactionTracing: Could not find layer handle 0x7b315a68a030
10-28 15:34:41.408  2523  2540 I System.out: 0 Flags,FrameTimelineVsyncId,IntendedVsync,Vsync,InputEventId,HandleInputStart,AnimationStart,PerformTraversalsStart,DrawStart,FrameDeadline,FrameInterval,FrameStartTime,SyncQueued,SyncStart,IssueDrawCommandsStart,SwapBuffers,FrameCompleted,DequeueBufferDuration,QueueBufferDuration,GpuCompleted,SwapBuffersCompleted,DisplayPresentTime,CommandSubmissionCompleted,
10-28 15:34:41.408  2523  2540 I System.out: 1 1,6560,337884675965,337884675965,0,337899138245,337899138605,337899233645,337923245052,337901342631,337899136825,16666666,337923796172,337923897582,337923957822,337924121502,337934834175,1860,206230,337934834175,337924703252,337942237787,337924121502,
10-28 15:34:41.408  2523  2540 I System.out: 2 0,6595,337901342631,337918009297,0,337929633774,337929634384,337940908967,337940925647,337968009295,337929631384,16666666,337941665307,337941682987,337941708347,337941787607,337951440720,2050,100230,337951440720,337942258697,337954197491,337941787607,
10-28 15:34:41.408  2523  2540 I System.out: 3 0,6670,337951342629,337951342629,0,337957309251,337957309921,337993830082,337993853482,337984675961,337957306261,16666666,338005370965,338005387335,338005444645,338005514825,338006017915,1610,126040,338005995755,338006017915,338019324879,338005514825,
10-28 15:34:41.408  2523  2540 I System.out: 4 0,6706,337968009295,338001342627,0,338009328166,338009328476,338028790191,338028813331,338034675959,338009326386,16666666,338042218525,338042261535,338042296675,338042700765,338050918957,1480,70960,338050918957,338043378145,338054608558,338042700765,
10-28 15:34:41.408  2523  2540 I System.out: 5 0,6793,338018009293,338034675959,0,338045627216,338045627646,338047820027,338047840097,338068009291,338045625576,16666666,338049380467,338049414577,338049469657,338050465947,338054891028,3919481,91670,338051443868,338054891028,338071756483,338050465947,
10-28 15:34:41.408  2523  2540 I System.out: 6 0,6851,338051342625,338051342625,0,338051546048,338051546418,338054505338,338054520418,338084675957,338051544578,16666666,338056069719,338056118419,338056261319,338057247039,338072043953,13993954,146770,338068138522,338072043953,338089648118,338057247039,
10-28 15:34:41.408  2523  2540 I System.out: 7 0,6880,338068009291,338068009291,0,338069333883,338069334553,338080865176,338080886006,338101342623,338069331243,16666666,338085431377,338085481737,338085563907,338088457118,338089932338,108750,122450,338089772688,338089932338,338104375222,338088457118,
10-28 15:34:41.408  2523  2540 I System.out: 8 0,6909,338084675957,338084675957,0,338090474068,338090474258,338093094329,338093107879,338118009289,338090473368,16666666,338094620520,338094655730,338094692860,338095455280,338104624122,8601142,78900,338095972210,338104624122,338122090367,338095455280,
10-28 15:34:41.408  2523  2540 I System.out: 9 0,6938,338101342623,338101342623,0,338101518811,338101519211,338103851212,338103864882,338134675955,338101517651,16666666,338106970833,338107024123,338107071983,338108019693,338122823007,14035564,101870,338118151636,338122823007,338135896781,338108019693,
10-28 15:34:41.408  2523  2540 I System.out: 10 0,6967,338118009289,338118009289,0,338118251516,338118251736,338121675987,338121703057,338151342621,338118249806,16666666,338124042218,338124081218,338124125068,338124789168,338137425901,11972183,77560,338134767741,338137425901,338152634226,338124789168,
10-28 15:34:41.408  2523  2540 I System.out: 11 0,6989,338134675955,338134675955,0,338135205691,338135205851,338139524842,338139549532,338168009287,338135204721,16666666,338141586053,338141640023,338141699353,338142383773,338154487356,11272973,129290,338151467325,338154487356,338169490950,338142383773,
10-28 15:34:41.408  2523  2540 I System.out: 12 0,7011,338151342621,338151342621,0,338151739125,338151739235,338155366276,338155393256,338184675953,338151738585,16666666,338158202167,338158256767,338158310657,338159147897,338172109261,12034253,118410,338168144490,338172109261,338187835335,338159147897,
10-28 15:34:41.408  2523  2540 I System.out: 13 0,7033,338168009287,338168009287,0,338168462200,338168462380,338171983421,338172009271,338201342619,338168461620,16666666,338174547632,338174599672,338174654092,338175574162,338187648255,11176853,61080,338184778085,338187648255,338203687710,338175574162,
10-28 15:34:41.408  2523  2540 I System.out: 14 0,7069,338184675953,338184675953,0,338185077575,338185077705,338189256586,338189275986,338218009285,338185077005,16666666,338191299546,338191341836,338191388356,338192051677,338204184390,11208873,91110,338201462679,338204184390,338219171344,338192051677,
10-28 15:34:41.408  2523  2540 I System.out: 15 0,7091,338201342619,338201342619,0,338202030619,338202030859,338205364200,338205384570,338234675951,338202029849,16666666,338207380441,338207418631,338207467021,338208204961,338220263614,10208122,1156661,338210002712,338220263614,338235862299,338208204961,
10-28 15:34:41.409  2523  2540 I System.out: 16 0,7113,338218009285,338218009285,0,338218342164,338218342354,338219026674,338219045924,338251342617,338218341604,16666666,338220821235,338220868385,338220922255,338221245935,338236113269,13643374,96870,338234805028,338236113269,338252926484,338221245935,
10-28 15:34:41.409  2523  2540 I System.out: 17 0,7145,338234675951,338234675951,0,338235264349,338235264579,338236286539,338236305689,338268009283,338235262609,16666666,338237820129,338237865929,338237923629,338238212389,338254028034,14658184,134390,338251478703,338254028034,338269324458,338238212389,
10-28 15:34:41.409  2523  2540 I System.out: 18 0,7157,338251342617,338251342617,0,338251578323,338251578953,338253298784,338253327634,338284675949,338251575883,16666666,338255030744,338255075444,338255127984,338255413224,338270067918,13688384,104020,338268134618,338270067918,338286443293,338255413224,
10-28 15:34:41.409  2523  2540 I System.out: 19 0,7181,338268009283,338268009283,0,338268342918,338268343128,338268896708,338268911838,338301342615,338268342398,16666666,338270411168,338270442978,338270473628,338270650528,338286661273,15077464,77590,338284752422,338286661273,338302239537,338270650528,
10-28 15:34:41.409  2523  2540 I System.out: 20 0,7207,338284675949,338284675949,0,338284824242,338284824682,338285446743,338285463413,338318009281,338284823182,16666666,338287187543,338287233703,338287278473,338287623723,338303214427,14438144,219420,338288735613,338303214427,338319219022,338287623723,
10-28 15:34:41.409  2523  2540 I System.out: 21 0,7216,338301342615,338301342615,0,338301504937,338301505357,338302308007,338302324567,338334675947,338301503877,16666666,338303965938,338304011318,338304049758,338304273278,338319139902,13890174,141520,338318117352,338319139902,338336043407,338304273278,
10-28 15:34:41.409  2523  2540 I System.out: 22 0,7238,338318009281,338318009281,0,338318204742,338318205192,338319362522,338319387142,338351342613,338318202582,16666666,338320809692,338320859782,338320913622,338321242922,338337047807,14786194,102380,338334784956,338337047807,338353638841,338321242922,
10-28 15:34:41.409  2523  2540 I System.out: 23 0,7246,338334675947,338334675947,0,338334935406,338334935606,338338305667,338338330167,338368009279,338334934406,16666666,338340405668,338340454228,338340508858,338341033578,338353903732,12057954,130530,338351487811,338353903732,338369442596,338341033578,
10-28 15:34:41.410  2523  2540 I System.out: 24 0,7261,338351342613,338351342613,0,338351617621,338351618001,338354815312,338354837982,338384675945,338351616641,16666666,338356372522,338356407602,338356450022,338356836032,338369927886,12288523,88410,338368149966,338369927886,338385731980,338356836032,
10-28 15:34:41.410  2523  2540 I System.out: 25 0,7276,338368009279,338368009279,0,338368191956,338368192386,338369068756,338369087576,338401342611,338368191056,16666666,338370953976,338370995316,338371037736,338371475836,338386803491,14537884,111290,338384770140,338386803491,338404194456,338371475836,
10-28 15:34:41.410  2523  2540 I System.out: 26 0,7292,338384675945,338384675945,0,338384807680,338384808030,338385616650,338385635560,338418009277,338384806780,16666666,338387419271,338387467771,338387504031,338387901801,338403573045,14856204,154030,338401441025,338403573045,338418880020,338387901801,
10-28 15:34:41.410  2523  2540 I System.out: 27 0,7327,338401342611,338401342611,0,338401522155,338401522665,338401908365,338401924175,338434675943,338401521115,16666666,338402022065,338403594285,338403636125,338404331186,338419310640,13842414,116950,338418113619,338419310640,0,338404331186,
10-28 15:34:41.410  2523  2540 I System.out: 28 0,7349,338418009277,338418009277,0,338419037740,338419038210,338419719370,338421896320,338451342609,338419036190,16666666,338422140261,338422184011,338422231321,338422581021,338436015574,12634743,86690,338434792754,338436015574,0,338422581021,
10-28 15:34:41.410  2523  2540 I System.out: 29 0,7371,338434675943,338434675943,0,338434854874,338434855384,338438838145,338438860225,338468009275,338434853694,16666666,338441028156,338441085076,338441128936,338441462016,338452459869,10292453,129940,338451435989,338452459869,0,338441462016,
10-28 15:34:41.410  2523  2540 I System.out: 30 0,7386,338451342609,338451342609,0,338451523479,338451523869,338452898909,338452916009,338484675941,338451521849,16666666,338453388159,338453436909,338453474709,338453987109,338469078784,14041024,181550,338468114233,338469078784,0,338453987109,
10-28 15:34:41.410  2523  2540 I System.out: 31 8,7401,338468009275,338468009275,0,338468206383,338468206913,338468207073,338468225223,338484675941,338468204763,16666666,338468231713,338469109594,0,0,0,0,0,0,0,0,0,
10-28 15:34:41.410  2523  2540 D Benchmark: Starting activity with command: am start  -W "intent:#Intent;action=android.intent.action.MAIN;category=android.intent.category.LAUNCHER;launchFlags=0x10008000;package=org.nayestane.ustad;component=org.nayestane.ustad/com.ustadmobile.port.android.view.AppActivity;end"
10-28 15:34:41.412  1495  2589 W MediaProvider: isAppCloneUserPair for user 0: false
10-28 15:34:41.413  1495  2589 V MediaProvider: Inserted id:1000000047 less than next row id backup:1000001000.
10-28 15:34:41.445   870   926 D SplashScreenView: Build android.window.SplashScreenView{6c7b775 V.E...... ......ID 0,0-0,0}
10-28 15:34:41.445   870   926 D SplashScreenView: Icon: view: null drawable: null size: 0
10-28 15:34:41.445   870   926 D SplashScreenView: Branding: view: android.view.View{66cf30a G.ED..... ......I. 0,0-0,0 #10204db android:id/splashscreen_branding_view} drawable: null size w: 0 h: 0
10-28 15:34:41.451  2617  2617 D AppActivity$onDestroy: AppActivity#onDestroy
10-28 15:34:41.452   582   960 W InputManager-JNI: Input channel object '1748616 org.nayestane.ustad/com.ustadmobile.port.android.view.AppActivity (client)' was disposed without first being removed with the input manager!
10-28 15:34:41.463   870   976 W Parcel  : Expecting binder but got null!
10-28 15:34:41.467  2617  2617 W CustomTabsClient: Unable to find any Custom Tabs packages, you may need to add a <queries> element to your manifest. See the docs for CustomTabsClient#getPackageName.
10-28 15:34:41.467  2617  2617 W AppActivity$bindCustomTabsService: CustomTabs: Service NOT supported
10-28 15:34:41.472  2617  2617 D AutofillManager: Fill dialog is enabled:false, hints=[]
10-28 15:34:41.479  2617  2617 W OnBackInvokedCallback: OnBackInvokedCallback is not enabled for the application.
10-28 15:34:41.479  2617  2617 W OnBackInvokedCallback: Set 'android:enableOnBackInvokedCallback="true"' in the application manifest.
10-28 15:34:41.485   582  1257 D ConnectivityService: requestNetwork for uid/pid:10126/2617 activeRequest: null callbackRequest: 54 [NetworkRequest [ REQUEST id=55, [ Capabilities: INTERNET&NOT_RESTRICTED&TRUSTED&NOT_VCN_MANAGED Uid: 10126 RequestorUid: 10126 RequestorPkg: org.nayestane.ustad UnderlyingNetworks: Null] ]] callback flags: 0 order: 2147483647
10-28 15:34:41.486   582   809 D ConnectivityService: NetReassign [55 : null → 100]
10-28 15:34:41.490   582   802 D WifiNetworkFactory: got request NetworkRequest [ REQUEST id=55, [ Capabilities: INTERNET&NOT_RESTRICTED&TRUSTED&NOT_VCN_MANAGED Uid: 10126 RequestorUid: 10126 RequestorPkg: org.nayestane.ustad UnderlyingNetworks: Null] ]
10-28 15:34:41.490   582   802 D UntrustedWifiNetworkFactory: got request NetworkRequest [ REQUEST id=55, [ Capabilities: INTERNET&NOT_RESTRICTED&TRUSTED&NOT_VCN_MANAGED Uid: 10126 RequestorUid: 10126 RequestorPkg: org.nayestane.ustad UnderlyingNetworks: Null] ]
10-28 15:34:41.490   582   802 D OemPaidWifiNetworkFactory: got request NetworkRequest [ REQUEST id=55, [ Capabilities: INTERNET&NOT_RESTRICTED&TRUSTED&NOT_VCN_MANAGED Uid: 10126 RequestorUid: 10126 RequestorPkg: org.nayestane.ustad UnderlyingNetworks: Null] ]
10-28 15:34:41.490   582   802 D MultiInternetWifiNetworkFactory: got request NetworkRequest [ REQUEST id=55, [ Capabilities: INTERNET&NOT_RESTRICTED&TRUSTED&NOT_VCN_MANAGED Uid: 10126 RequestorUid: 10126 RequestorPkg: org.nayestane.ustad UnderlyingNetworks: Null] ]
10-28 15:34:41.497  2617  2669 W Parcel  : Expecting binder but got null!
10-28 15:34:41.501   582   602 I ActivityTaskManager: Displayed org.nayestane.ustad/com.ustadmobile.port.android.view.AppActivity: +59ms
10-28 15:34:41.504   422   465 W TransactionTracing: Could not find layer handle 0x7b315a686430
10-28 15:34:41.507  2617  2617 D UstadViewModelFunKt$ustadViewModel$viewModel$invoke: ustadViewModel(): create viewmodel for: com.ustadmobile.core.viewmodel.redirect.RedirectViewModel
10-28 15:34:41.508  2617  2617 I System.out: com.ustadmobile.core.db.UmAppDatabase_DoorWrapper@efea2f7
10-28 15:34:41.513  2617  2617 D UstadNavControllerPreCompose$onCollectNavCommand: NavCommandEffect: Navigate: Go to Login
10-28 15:34:41.524  2523  2540 D Benchmark: Result: Starting: Intent { act=android.intent.action.MAIN cat=[android.intent.category.LAUNCHER] flg=0x10008000 pkg=org.nayestane.ustad cmp=org.nayestane.ustad/com.ustadmobile.port.android.view.AppActivity }
10-28 15:34:41.524  2523  2540 D Benchmark: Status: ok
10-28 15:34:41.524  2523  2540 D Benchmark: LaunchState: WARM
10-28 15:34:41.524  2523  2540 D Benchmark: Activity: org.nayestane.ustad/com.ustadmobile.port.android.view.AppActivity
10-28 15:34:41.524  2523  2540 D Benchmark: TotalTime: 59
10-28 15:34:41.524  2523  2540 D Benchmark: WaitTime: 60
10-28 15:34:41.524  2523  2540 D Benchmark: Complete
10-28 15:34:41.530  2617  2617 D UstadViewModelFunKt$ustadViewModel$viewModel$invoke: ustadViewModel(): create viewmodel for: com.ustadmobile.core.viewmodel.login.LoginViewModel
10-28 15:34:41.534  2617  2719 V UstadCache: OKHttp-CacheInterceptor:  intercept: GET https://dars.nayestane.org/v2/Site/verify
10-28 15:34:41.534  2617  2719 I UstadCache: UstadCache(): Retrieve https://dars.nayestane.org/v2/Site/verify
10-28 15:34:41.534  2617  2719 D UstadCache: UstadCache(): FOUND https://dars.nayestane.org/v2/Site/verify
10-28 15:34:41.539  1495  2561 W MediaProvider: isAppCloneUserPair for user 0: false
10-28 15:34:41.539  1495  2561 V MediaProvider: Inserted id:1000000048 less than next row id backup:1000001000.
10-28 15:34:41.542  2617  2719 D TrafficStats: tagSocket(102) with statsTag=0xffffffff, statsUid=-1
10-28 15:34:41.632  2523  2540 I System.out: 0 Flags,FrameTimelineVsyncId,IntendedVsync,Vsync,InputEventId,HandleInputStart,AnimationStart,PerformTraversalsStart,DrawStart,FrameDeadline,FrameInterval,FrameStartTime,SyncQueued,SyncStart,IssueDrawCommandsStart,SwapBuffers,FrameCompleted,DequeueBufferDuration,QueueBufferDuration,GpuCompleted,SwapBuffersCompleted,DisplayPresentTime,CommandSubmissionCompleted,
10-28 15:34:41.632  2523  2540 I System.out: 1 1,7654,362384674985,362401341651,0,362401742951,362401743121,362401854481,362427462908,362401341651,362401741381,16666666,362428068859,362428186179,362428271999,362428411889,362428809149,1280,107810,362428791329,362428809149,313105662978,362428411889,
10-28 15:34:41.632  2523  2540 I System.out: 2 0,7726,362418008317,362418008317,0,362432495040,362432495770,362442030172,362442049872,362451341649,362432493490,16666666,362443331343,362443355113,362443376703,362443465223,362451440745,1630,74330,362451440745,362443841363,313138550768,362443465223,
10-28 15:34:41.632  2523  2540 I System.out: 3 0,7798,362451341649,362451341649,0,362456386716,362456387276,362488622895,362488644935,362484674981,362456340186,16666666,362504765000,362504794930,362504832990,362504876460,362518120794,1860,527981,362518120794,362507221451,313185997631,362504876460,
10-28 15:34:41.632  2523  2540 I System.out: 4 0,7838,362468008315,362501341647,0,362508178681,362508179061,362523743205,362523759685,362484674981,362508177021,16666666,362532481598,362532519308,362532564278,362533047858,313218089930,3190,127670,313218089930,362533696018,313220273750,362533047858,
10-28 15:34:41.632  2523  2540 D UiDevice: Waiting 10000ms for SearchCondition[hasObject=BySelector [TEXT='\QGet Started\E']].
10-28 15:34:41.632  2523  2540 D UiDevice: Searching for node with selector: BySelector [TEXT='\QGet Started\E'].
10-28 15:34:41.633  2617  2719 D UstadCache: OKHttp-CacheInterceptor:  MISS(invalid) https://dars.nayestane.org/v2/Site/verify
10-28 15:34:41.633  2617  2719 D UstadCache: OKHttp-CacheInterceptor:  newCacheAndStoreResponse: GET https://dars.nayestane.org/v2/Site/verify 200 ()
10-28 15:34:41.633  2617  2719 V UstadCache: OKHttp-CacheInterceptor:  https://dars.nayestane.org/v2/Site/verify MISS(invalid) can store/update 200  (contentType=application/json; charset=UTF-8, content-encoding=null content-length=180)
10-28 15:34:41.634  2617  2730 D UstadCache: UstadCache(): storerequest 1 entries
10-28 15:34:41.635  2617  2730 V UstadCache: UstadCache(): copied request data for https://dars.nayestane.org/v2/Site/verify to /data/user/0/org.nayestane.ustad/files/httpfiles/tmpwork/5.tmp (integrity=sha256-VTW/47g5E/UMinnUcaDGC+8yXE8lgnmbnOjHxekFxd4=)
10-28 15:34:41.635  2617  2730 V UstadCache: UstadCache(): cacheEntries created 1 entries
10-28 15:34:41.636  2617  2730 D UstadCache: UstadCache(): deleting 1 tmp files
10-28 15:34:41.636  2617  2730 D UstadCache: UstadCache(): db transaction completed
10-28 15:34:41.705   422   465 W TransactionTracing: Could not find layer handle 0x7b315a685b90
10-28 15:34:41.706   422   465 W TransactionTracing: Could not find layer handle 0x7b315a688170
10-28 15:34:41.739   422   465 W TransactionTracing: Could not find layer handle 0x7b315a68a450
10-28 15:34:41.791   582   863 W InputManager-JNI: Input channel object '1e47f2d Splash Screen org.nayestane.ustad (client)' was disposed without first being removed with the input manager!
10-28 15:34:41.808  1133  1133 W FrameTracker: Missed SF frame:PREDICTION_ERROR, 7566, 5371268, CUJ=J<LAUNCHER_APP_CLOSE_TO_HOME>
10-28 15:34:41.808  1133  1133 W FrameTracker: Missed SF frame:PREDICTION_ERROR, 7618, 3635504, CUJ=J<LAUNCHER_APP_CLOSE_TO_HOME>
10-28 15:34:41.808  1133  1133 W FrameTracker: Missed SF frame:PREDICTION_ERROR, 7755, 4601259, CUJ=J<LAUNCHER_APP_CLOSE_TO_HOME>
10-28 15:34:41.809  1133  1133 W FrameTracker: Missed SF frame:PREDICTION_ERROR, 7831, 3794096, CUJ=J<LAUNCHER_APP_CLOSE_TO_HOME>
10-28 15:34:41.809  1133  1133 W FrameTracker: Missed SF frame:PREDICTION_ERROR, 8108, 5117245, CUJ=J<LAUNCHER_APP_CLOSE_TO_HOME>
10-28 15:34:41.809  1133  1133 W FrameTracker: Missing SF jank callback for vsyncId: 8144, CUJ=J<LAUNCHER_APP_CLOSE_TO_HOME>
10-28 15:34:41.809  1133  1815 V PerfettoTrigger: Not triggering com.android.telemetry.interaction-jank-monitor-9 - not enough time since last trigger
10-28 15:34:41.820   422   465 W TransactionTracing: Could not find layer handle 0x7b315a68a390
10-28 15:34:41.840   870   925 W FrameTracker: Missed SF frame:PREDICTION_ERROR, 7784, 7957588, CUJ=J<SPLASHSCREEN_EXIT_ANIM>
10-28 15:34:41.840   870   925 W FrameTracker: Missed SF frame:PREDICTION_ERROR, 7821, 9887827, CUJ=J<SPLASHSCREEN_EXIT_ANIM>
10-28 15:34:41.840   870   925 W FrameTracker: Missed SF frame:PREDICTION_ERROR, 7870, 7467775, CUJ=J<SPLASHSCREEN_EXIT_ANIM>
10-28 15:34:41.840   870   925 W FrameTracker: Missed SF frame:PREDICTION_ERROR, 7899, 0, CUJ=J<SPLASHSCREEN_EXIT_ANIM>
10-28 15:34:41.840   870   925 W FrameTracker: Missing HWUI jank callback for vsyncId: 7899, CUJ=J<SPLASHSCREEN_EXIT_ANIM>
10-28 15:34:41.840   870   925 W FrameTracker: Missed SF frame:PREDICTION_ERROR, 7928, 3995402, CUJ=J<SPLASHSCREEN_EXIT_ANIM>
10-28 15:34:41.840   870   925 W FrameTracker: Missed SF frame:PREDICTION_ERROR, 8029, 4700848, CUJ=J<SPLASHSCREEN_EXIT_ANIM>
10-28 15:34:41.841   870   925 W FrameTracker: Missing HWUI jank callback for vsyncId: 8061, CUJ=J<SPLASHSCREEN_EXIT_ANIM>
10-28 15:34:41.841   870   925 W FrameTracker: Missed SF frame:PREDICTION_ERROR, 8173, 5643313, CUJ=J<SPLASHSCREEN_EXIT_ANIM>
10-28 15:34:41.841   870   925 W FrameTracker: Missed SF frame:PREDICTION_ERROR, 8195, 6631401, CUJ=J<SPLASHSCREEN_EXIT_ANIM>
10-28 15:34:41.841   870   925 W FrameTracker: Missed SF frame:PREDICTION_ERROR, 8255, 3613488, CUJ=J<SPLASHSCREEN_EXIT_ANIM>
10-28 15:34:41.841   870   925 W FrameTracker: Missed SF frame:PREDICTION_ERROR, 8289, 0, CUJ=J<SPLASHSCREEN_EXIT_ANIM>
10-28 15:34:41.841   870   925 W FrameTracker: Missing HWUI jank callback for vsyncId: 8289, CUJ=J<SPLASHSCREEN_EXIT_ANIM>
10-28 15:34:41.841   870   915 V PerfettoTrigger: Not triggering com.android.telemetry.interaction-jank-monitor-39 - not enough time since last trigger
10-28 15:34:41.971   422   465 W TransactionTracing: Could not find layer handle 0x7b315a683610
10-28 15:34:41.971   422   465 W TransactionTracing: Could not find layer handle 0x7b315a68b650
10-28 15:34:41.971   422   465 W TransactionTracing: Could not find layer handle 0x7b315a68c910
10-28 15:34:41.971   422   465 W TransactionTracing: Could not find layer handle 0x7b315a68b650
10-28 15:34:41.971   422   465 W TransactionTracing: Could not find layer handle 0x7b315a68c910
10-28 15:34:42.097  2523  2540 D UiDevice: Searching for node with selector: BySelector [TEXT='\QGet Started\E'].
10-28 15:34:42.689  2523  2540 D UiDevice: Searching for node with selector: BySelector [TEXT='\QGet Started\E'].
10-28 15:34:42.792  2523  2540 D UiDevice: Searching for node with selector: BySelector [TEXT='\QGet Started\E'].
10-28 15:34:42.895  2523  2540 D UiDevice: Searching for node with selector: BySelector [TEXT='\QGet Started\E'].
10-28 15:34:42.999  2523  2540 D UiDevice: Searching for node with selector: BySelector [TEXT='\QGet Started\E'].
10-28 15:34:43.102  2523  2540 D UiDevice: Searching for node with selector: BySelector [TEXT='\QGet Started\E'].
10-28 15:34:43.205  2523  2540 D UiDevice: Searching for node with selector: BySelector [TEXT='\QGet Started\E'].
10-28 15:34:43.308  2523  2540 D UiDevice: Searching for node with selector: BySelector [TEXT='\QGet Started\E'].
10-28 15:34:43.411  2523  2540 D UiDevice: Searching for node with selector: BySelector [TEXT='\QGet Started\E'].
10-28 15:34:43.514  2523  2540 D UiDevice: Searching for node with selector: BySelector [TEXT='\QGet Started\E'].
10-28 15:34:43.617  2523  2540 D UiDevice: Searching for node with selector: BySelector [TEXT='\QGet Started\E'].
10-28 15:34:43.720  2523  2540 D UiDevice: Searching for node with selector: BySelector [TEXT='\QGet Started\E'].
10-28 15:34:43.823  2523  2540 D UiDevice: Searching for node with selector: BySelector [TEXT='\QGet Started\E'].
10-28 15:34:43.926  2523  2540 D UiDevice: Searching for node with selector: BySelector [TEXT='\QGet Started\E'].
10-28 15:34:44.029  2523  2540 D UiDevice: Searching for node with selector: BySelector [TEXT='\QGet Started\E'].
10-28 15:34:44.133  2523  2540 D UiDevice: Searching for node with selector: BySelector [TEXT='\QGet Started\E'].
10-28 15:34:44.236  2523  2540 D UiDevice: Searching for node with selector: BySelector [TEXT='\QGet Started\E'].
10-28 15:34:44.339  2523  2540 D UiDevice: Searching for node with selector: BySelector [TEXT='\QGet Started\E'].
10-28 15:34:44.442  2523  2540 D UiDevice: Searching for node with selector: BySelector [TEXT='\QGet Started\E'].
10-28 15:34:44.545  2523  2540 D UiDevice: Searching for node with selector: BySelector [TEXT='\QGet Started\E'].
10-28 15:34:44.648  2523  2540 D UiDevice: Searching for node with selector: BySelector [TEXT='\QGet Started\E'].
10-28 15:34:44.751  2523  2540 D UiDevice: Searching for node with selector: BySelector [TEXT='\QGet Started\E'].
10-28 15:34:44.854  2523  2540 D UiDevice: Searching for node with selector: BySelector [TEXT='\QGet Started\E'].
10-28 15:34:44.957  2523  2540 D UiDevice: Searching for node with selector: BySelector [TEXT='\QGet Started\E'].
10-28 15:34:45.061  2523  2540 D UiDevice: Searching for node with selector: BySelector [TEXT='\QGet Started\E'].
10-28 15:34:45.164  2523  2540 D UiDevice: Searching for node with selector: BySelector [TEXT='\QGet Started\E'].
10-28 15:34:45.267  2523  2540 D UiDevice: Searching for node with selector: BySelector [TEXT='\QGet Started\E'].
10-28 15:34:45.371  2523  2540 D UiDevice: Searching for node with selector: BySelector [TEXT='\QGet Started\E'].
10-28 15:34:45.474  2523  2540 D UiDevice: Searching for node with selector: BySelector [TEXT='\QGet Started\E'].
10-28 15:34:45.577  2523  2540 D UiDevice: Searching for node with selector: BySelector [TEXT='\QGet Started\E'].
10-28 15:34:45.681  2523  2540 D UiDevice: Searching for node with selector: BySelector [TEXT='\QGet Started\E'].
10-28 15:34:45.784  2523  2540 D UiDevice: Searching for node with selector: BySelector [TEXT='\QGet Started\E'].
10-28 15:34:45.887  2523  2540 D UiDevice: Searching for node with selector: BySelector [TEXT='\QGet Started\E'].
10-28 15:34:45.990  2523  2540 D UiDevice: Searching for node with selector: BySelector [TEXT='\QGet Started\E'].
10-28 15:34:46.093  2523  2540 D UiDevice: Searching for node with selector: BySelector [TEXT='\QGet Started\E'].
10-28 15:34:46.196  2523  2540 D UiDevice: Searching for node with selector: BySelector [TEXT='\QGet Started\E'].
10-28 15:34:46.300  2523  2540 D UiDevice: Searching for node with selector: BySelector [TEXT='\QGet Started\E'].
10-28 15:34:46.403  2523  2540 D UiDevice: Searching for node with selector: BySelector [TEXT='\QGet Started\E'].
