10-28 15:37:40.142  2523  2540 D UiDevice: Searching for node with selector: BySelector [TEXT='\QGet Started\E'].
10-28 15:37:40.244  2523  2540 D UiDevice: Searching for node with selector: BySelector [TEXT='\QGet Started\E'].
10-28 15:37:40.347  2523  2540 D UiDevice: Searching for node with selector: BySelector [TEXT='\QGet Started\E'].
10-28 15:37:40.449  2523  2540 D UiDevice: Searching for node with selector: BySelector [TEXT='\QGet Started\E'].
10-28 15:37:40.552  2523  2540 D UiDevice: Searching for node with selector: BySelector [TEXT='\QGet Started\E'].
10-28 15:37:40.655  2523  2540 D UiDevice: Searching for node with selector: BySelector [TEXT='\QGet Started\E'].
10-28 15:37:40.758  2523  2540 D UiDevice: Searching for node with selector: BySelector [TEXT='\QGet Started\E'].
10-28 15:37:40.861  2523  2540 D UiDevice: Searching for node with selector: BySelector [TEXT='\QGet Started\E'].
10-28 15:37:40.964  2523  2540 D UiDevice: Searching for node with selector: BySelector [TEXT='\QGet Started\E'].
10-28 15:37:41.066  2523  2540 D UiDevice: Searching for node with selector: BySelector [TEXT='\QGet Started\E'].
10-28 15:37:41.169  2523  2540 D UiDevice: Searching for node with selector: BySelector [TEXT='\QGet Started\E'].
10-28 15:37:41.272  2523  2540 D UiDevice: Searching for node with selector: BySelector [TEXT='\QGet Started\E'].
10-28 15:37:41.375  2523  2540 D UiDevice: Searching for node with selector: BySelector [TEXT='\QGet Started\E'].
10-28 15:37:41.478  2523  2540 D UiDevice: Searching for node with selector: BySelector [TEXT='\QGet Started\E'].
10-28 15:37:41.581  2523  2540 D UiDevice: Searching for node with selector: BySelector [TEXT='\QGet Started\E'].
10-28 15:37:41.683  2523  2540 D UiDevice: Searching for node with selector: BySelector [TEXT='\QGet Started\E'].
10-28 15:37:41.787  2523  2540 D UiDevice: Searching for node with selector: BySelector [TEXT='\QGet Started\E'].
10-28 15:37:41.889  2523  2540 D UiDevice: Searching for node with selector: BySelector [TEXT='\QGet Started\E'].
10-28 15:37:41.992  2523  2540 D UiDevice: Searching for node with selector: BySelector [TEXT='\QGet Started\E'].
10-28 15:37:42.095  2523  2540 D UiDevice: Searching for node with selector: BySelector [TEXT='\QGet Started\E'].
10-28 15:37:42.198  2523  2540 D UiDevice: Searching for node with selector: BySelector [TEXT='\QGet Started\E'].
10-28 15:37:42.300  2523  2540 D UiDevice: Searching for node with selector: BySelector [TEXT='\QGet Started\E'].
10-28 15:37:42.403  2523  2540 D UiDevice: Searching for node with selector: BySelector [TEXT='\QGet Started\E'].
10-28 15:37:42.506  2523  2540 D UiDevice: Searching for node with selector: BySelector [TEXT='\QGet Started\E'].
10-28 15:37:42.608  2523  2540 D UiDevice: Searching for node with selector: BySelector [TEXT='\QGet Started\E'].
10-28 15:37:42.711  2523  2540 D UiDevice: Searching for node with selector: BySelector [TEXT='\QGet Started\E'].
10-28 15:37:42.814  2523  2540 D UiDevice: Searching for node with selector: BySelector [TEXT='\QGet Started\E'].
10-28 15:37:42.916  2523  2540 D UiDevice: Searching for node with selector: BySelector [TEXT='\QGet Started\E'].
10-28 15:37:43.019  2523  2540 D UiDevice: Searching for node with selector: BySelector [TEXT='\QGet Started\E'].
10-28 15:37:43.122  2523  2540 D UiDevice: Searching for node with selector: BySelector [TEXT='\QGet Started\E'].
10-28 15:37:43.225  2523  2540 D UiDevice: Searching for node with selector: BySelector [TEXT='\QGet Started\E'].
10-28 15:37:43.328  2523  2540 D UiDevice: Searching for node with selector: BySelector [TEXT='\QGet Started\E'].
10-28 15:37:43.431  2523  2540 D UiDevice: Searching for node with selector: BySelector [TEXT='\QGet Started\E'].
10-28 15:37:43.534  2523  2540 D UiDevice: Searching for node with selector: BySelector [TEXT='\QGet Started\E'].
10-28 15:37:43.636  2523  2540 D UiDevice: Searching for node with selector: BySelector [TEXT='\QGet Started\E'].
10-28 15:37:43.740  2523  2540 D UiDevice: Searching for node with selector: BySelector [TEXT='\QGet Started\E'].
10-28 15:37:43.864  2523  2540 D UiDevice: Searching for node with selector: BySelector [TEXT='\QGet Started\E'].
10-28 15:37:43.995  2523  2540 D UiDevice: Searching for node with selector: BySelector [TEXT='\QGet Started\E'].
10-28 15:37:44.113  2523  2540 D UiDevice: Searching for node with selector: BySelector [TEXT='\QGet Started\E'].
10-28 15:37:44.234  2523  2540 D UiDevice: Searching for node with selector: BySelector [TEXT='\QGet Started\E'].
10-28 15:37:45.239  2523  2540 D UiDevice: Retrieving node with selector: BySelector [TEXT='\QGet Started\E'].
10-28 15:37:45.243  2523  2540 D UiDevice: Node not found with selector: BySelector [TEXT='\QGet Started\E'].
10-28 15:37:50.244  2523  2540 D Benchmark: Profile Installer - Save Profile
10-28 15:37:50.277  2617  2617 I Process : Sending signal. PID: 2617 SIG: 10
10-28 15:37:50.277  2617  2617 D ProfileInstaller:
10-28 15:37:50.278  2617  2622 I nayestane.ustad: Thread[6,tid=2622,WaitingInMainSignalCatcherLoop,Thread*=0x7f5acd2a1200,peer=0x13801e40,"Signal Catcher"]: reacting to signal 10
10-28 15:37:50.278  2617  2622 I nayestane.ustad:
10-28 15:37:50.278  2617  2622 I nayestane.ustad: SIGUSR1 forcing GC (no HPROF) and profile save
10-28 15:37:50.334  2617  2622 I nayestane.ustad: Explicit concurrent copying GC freed 185304(7076KB) AllocSpace objects, 11(292KB) LOS objects, 49% free, 7928KB/15MB, paused 114us,50us total 56.499ms
10-28 15:37:50.340  2617  2628 W System  : A resource failed to call close.
10-28 15:37:50.782  2523  2540 D Benchmark: Killing process org.nayestane.ustad
10-28 15:37:50.782  2523  2540 D UiDevice: Executing shell command: killall org.nayestane.ustad
10-28 15:37:50.807  1495  2561 W MediaProvider: isAppCloneUserPair for user 0: false
10-28 15:37:50.808  1495  2561 V MediaProvider: Inserted id:1000000091 less than next row id backup:1000001000.
10-28 15:37:50.855   582  1257 I PackageDexOptimizer: Running dexopt (dexoptNeeded=-3) on: /data/app/~~ZJQ7sXylsANplpuIJprZpw==/org.nayestane.ustad-MZAU5CLP1yOCe01YQZ7TaA==/base.apk pkg=org.nayestane.ustad isa=x86_64 dexoptFlags=boot_complete,profile_guided,force,enable_hidden_api_checks targetFilter=speed-profile oatDir=/data/app/~~ZJQ7sXylsANplpuIJprZpw==/org.nayestane.ustad-MZAU5CLP1yOCe01YQZ7TaA==/oat classLoaderContext=PCL[]{PCL[/system_ext/framework/androidx.window.extensions.jar]#PCL[/system_ext/framework/androidx.window.sidecar.jar]}
10-28 15:37:50.856   502   665 V installd: DexInv: --- BEGIN '/data/app/~~ZJQ7sXylsANplpuIJprZpw==/org.nayestane.ustad-MZAU5CLP1yOCe01YQZ7TaA==/base.apk' ---
10-28 15:37:50.856   502   665 V installd: Running /apex/com.android.art/bin/dex2oat64 in=base.apk out=/data/app/~~ZJQ7sXylsANplpuIJprZpw==/org.nayestane.ustad-MZAU5CLP1yOCe01YQZ7TaA==/oat/x86_64/base.odex
10-28 15:37:50.867  4001  4001 W dex2oat64: Unexpected CPU variant for x86: x86_64.
10-28 15:37:50.867  4001  4001 W dex2oat64: Known variants: atom, sandybridge, silvermont, kabylake, default
10-28 15:37:50.868  4001  4001 W dex2oat64: Mismatch between dex2oat instruction set features to use (ISA: X86_64 Feature string: -ssse3,-sse4.1,-sse4.2,-avx,-avx2,-popcnt) and those from CPP defines (ISA: X86_64 Feature string: ssse3,sse4.1,sse4.2,-avx,-avx2,popcnt) for the command line:
10-28 15:37:50.868  4001  4001 W dex2oat64: /apex/com.android.art/bin/dex2oat64 --zip-fd=8 --zip-location=base.apk --oat-fd=9 --oat-location=/data/app/~~ZJQ7sXylsANplpuIJprZpw==/org.nayestane.ustad-MZAU5CLP1yOCe01YQZ7TaA==/oat/x86_64/base.odex --input-vdex-fd=11 --output-vdex-fd=10 --app-image-fd=14 --image-format=lz4 --profile-file-fd=13 --swap-fd=12 --classpath-dir=/data/app/~~ZJQ7sXylsANplpuIJprZpw==/org.nayestane.ustad-MZAU5CLP1yOCe01YQZ7TaA== --class-loader-context=PCL[]{PCL[/system_ext/framework/androidx.window.extensions.jar]#PCL[/system_ext/framework/androidx.window.sidecar.jar]} --instruction-set=x86_64 --instruction-set-features=default --instruction-set-variant=x86_64 --compiler-filter=speed-profile --compilation-reason=cmdline --max-image-block-size=524288 --resolve-startup-const-strings=true --generate-mini-debug-info --runtime-arg -Xtarget-sdk-version:34 --runtime-arg -Xhidden-api-policy:enabled --runtime-arg -Xms64m --runtime-arg -Xmx512m
10-28 15:37:50.871  4001  4001 I dex2oat64: /apex/com.android.art/bin/dex2oat64 --input-vdex-fd=11 --output-vdex-fd=10 --profile-file-fd=13 --classpath-dir=/data/app/~~ZJQ7sXylsANplpuIJprZpw==/org.nayestane.ustad-MZAU5CLP1yOCe01YQZ7TaA== --class-loader-context=PCL[]{PCL[/system_ext/framework/androidx.window.extensions.jar]#PCL[/system_ext/framework/androidx.window.sidecar.jar]} --compiler-filter=speed-profile --compilation-reason=cmdline --max-image-block-size=524288 --resolve-startup-const-strings=true --generate-mini-debug-info
10-28 15:37:54.862  4001  4001 W dex2oat64: Accessing hidden method Landroid/window/BackEvent;->getProgress()F (blocked, linking, denied)
10-28 15:37:54.862  4001  4001 W dex2oat64: Accessing hidden method Landroid/window/BackEvent;->getSwipeEdge()I (blocked, linking, denied)
10-28 15:37:54.862  4001  4001 W dex2oat64: Accessing hidden method Landroid/window/BackEvent;->getTouchX()F (blocked, linking, denied)
10-28 15:37:54.863  4001  4001 W dex2oat64: Accessing hidden method Landroid/window/BackEvent;->getTouchY()F (blocked, linking, denied)
10-28 15:37:55.092  4001  4005 W dex2oat64: Method java.lang.Object androidx.compose.runtime.snapshots.SnapshotStateMap.mutate(kotlin.jvm.functions.Function1) failed lock verification and will run slower.
10-28 15:37:55.092  4001  4005 W dex2oat64: Common causes for lock verification issues are non-optimized dex code
10-28 15:37:55.092  4001  4005 W dex2oat64: and incorrect proguard optimizations.
10-28 15:37:55.093  4001  4005 W dex2oat64: Method void androidx.compose.runtime.snapshots.SnapshotStateMap.update(kotlin.jvm.functions.Function1) failed lock verification and will run slower.
10-28 15:37:55.093  4001  4005 W dex2oat64: Method boolean androidx.compose.runtime.snapshots.SnapshotStateMap.removeIf$runtime_release(kotlin.jvm.functions.Function1) failed lock verification and will run slower.
10-28 15:37:55.111  4001  4005 W dex2oat64: Method boolean androidx.compose.runtime.snapshots.SnapshotStateList.conditionalUpdate(boolean, kotlin.jvm.functions.Function1) failed lock verification and will run slower.
10-28 15:37:55.112  4001  4005 W dex2oat64: Method boolean androidx.compose.runtime.snapshots.SnapshotStateList.conditionalUpdate$default(androidx.compose.runtime.snapshots.SnapshotStateList, boolean, kotlin.jvm.functions.Function1, int, java.lang.Object) failed lock verification and will run slower.
10-28 15:37:55.112  4001  4005 W dex2oat64: Method java.lang.Object androidx.compose.runtime.snapshots.SnapshotStateList.mutate(kotlin.jvm.functions.Function1) failed lock verification and will run slower.
10-28 15:37:55.112  4001  4005 W dex2oat64: Method void androidx.compose.runtime.snapshots.SnapshotStateList.update(boolean, kotlin.jvm.functions.Function1) failed lock verification and will run slower.
10-28 15:37:55.112  4001  4005 W dex2oat64: Method void androidx.compose.runtime.snapshots.SnapshotStateList.update$default(androidx.compose.runtime.snapshots.SnapshotStateList, boolean, kotlin.jvm.functions.Function1, int, java.lang.Object) failed lock verification and will run slower.
10-28 15:37:56.330  4001  4001 I dex2oat64: Explicit concurrent copying GC freed 197107(31MB) AllocSpace objects, 0(0B) LOS objects, 49% free, 2157KB/4315KB, paused 19us,2us total 7.297ms
10-28 15:37:56.636  4001  4001 I dex2oat64: dex2oat took 5.769s (9.153s cpu) (threads: 4) arena alloc=10MB (11080776B) java alloc=2157KB (2209576B) native alloc=22MB (23445216B) free=145MB (152744800B)
10-28 15:37:56.665   502   665 V installd: DexInv: --- END '/data/app/~~ZJQ7sXylsANplpuIJprZpw==/org.nayestane.ustad-MZAU5CLP1yOCe01YQZ7TaA==/base.apk' (success) ---
10-28 15:37:56.715  1495  3294 W MediaProvider: isAppCloneUserPair for user 0: false
10-28 15:37:56.716  1495  3294 V MediaProvider: Inserted id:1000000092 less than next row id backup:1000001000.
10-28 15:37:57.091  4021  4021 W profman : profman took 343.490ms
10-28 15:37:57.111  1495  1688 W MediaProvider: isAppCloneUserPair for user 0: false
10-28 15:37:57.112  1495  1688 V MediaProvider: Inserted id:1000000093 less than next row id backup:1000001000.
10-28 15:37:57.486  1495  2561 I MediaProvider: Deleted 0 0 0 0 0 0 0 items on external_primary due to com.ustadmobile.app_android_baselineprofile
10-28 15:37:58.296  2523  2540 D Benchmark: Unstable profiles during iteration 12
10-28 15:37:58.296  2523  2540 D Benchmark: Killing package org.nayestane.ustad
10-28 15:37:58.296  2523  2540 D Benchmark: Killing process org.nayestane.ustad
10-28 15:37:58.296  2523  2540 D UiDevice: Executing shell command: killall org.nayestane.ustad
10-28 15:37:58.308  2523  2540 D Benchmark: Compile iteration (13) for org.nayestane.ustad
10-28 15:37:58.309  2523  2540 D UiDevice: Pressing home button.
10-28 15:37:58.328   870   870 V ShadeControllerImpl: NotificationShadeWindow: com.android.systemui.shade.NotificationShadeWindowView{963422f I.E...... ......ID 0,0-320,640} canPanelBeCollapsed(): false
10-28 15:37:58.333  1133  1133 D TaplTarget: Launcher.onNewIntent: Intent { act=android.intent.action.MAIN cat=[android.intent.category.HOME] flg=0x10400100 cmp=com.android.launcher3/.uioverrides.QuickstepLauncher (has extras) }
10-28 15:37:58.336   870   870 V ShadeControllerImpl: NotificationShadeWindow: com.android.systemui.shade.NotificationShadeWindowView{963422f I.E...... ......ID 0,0-320,640} canPanelBeCollapsed(): false
10-28 15:37:58.353   422   422 I BpBinder: onLastStrongRef automatically unlinking death recipients: <uncached descriptor>
10-28 15:37:58.376  1495  3294 W MediaProvider: isAppCloneUserPair for user 0: false
10-28 15:37:58.376  1495  3294 V MediaProvider: Inserted id:1000000094 less than next row id backup:1000001000.
10-28 15:37:58.377   870   976 D EGL_emulation: app_time_stats: avg=840.83ms min=12.14ms max=23636.11ms count=29
10-28 15:37:58.403   422   465 W TransactionTracing: Could not find layer handle 0x7b315a688dd0
10-28 15:37:58.416  2523  2540 I System.out: 0 Flags,FrameTimelineVsyncId,IntendedVsync,Vsync,InputEventId,HandleInputStart,AnimationStart,PerformTraversalsStart,DrawStart,FrameDeadline,FrameInterval,FrameStartTime,SyncQueued,SyncStart,IssueDrawCommandsStart,SwapBuffers,FrameCompleted,DequeueBufferDuration,QueueBufferDuration,GpuCompleted,SwapBuffersCompleted,DisplayPresentTime,CommandSubmissionCompleted,
10-28 15:37:58.416  2523  2540 I System.out: 1 1,16260,535018001413,535034668079,0,535036757634,535036757794,535036757904,535058244880,535034668079,535036756434,16666666,535058955340,535059086280,535059155240,535059311880,535067145402,1360,93380,535067145402,535059741640,-2,535059311880,
10-28 15:37:58.416  2523  2540 I System.out: 2 0,16322,535051334745,535051334745,0,535062041351,535062041841,535065807462,535065829402,535084668077,535062039611,16666666,535066250612,535066281532,535066310532,535066469722,535068119802,2970,249620,535068119802,535067231422,535070403293,535066469722,
10-28 15:37:58.416  2523  2540 I System.out: 3 0,16368,535068001411,535068001411,0,535068517122,535068517292,535093423009,535093448459,535101334743,535068516142,16666666,535100407281,535100479471,535100511191,535100605331,535101434201,2720,108700,535101434201,535101128491,535103788622,535100605331,
10-28 15:37:58.416  2523  2540 I System.out: 4 0,16411,535084668077,535101334743,0,535104863452,535104863982,535116415766,535116444646,535134668075,535104860852,16666666,535127269259,535127303919,535127347849,535127761789,535133148280,2620,97780,535133148280,535128456539,535136306771,535127761789,
10-28 15:37:58.416  2523  2540 I System.out: 5 0,16490,535118001409,535118001409,0,535129321319,535129322029,535130819160,535130839050,535151334741,535129319459,16666666,535131803630,535131840660,535131885050,535132621730,535138289892,4090481,89190,535134821061,535138289892,535155084696,535132621730,
10-28 15:37:58.416  2523  2540 I System.out: 6 0,16526,535134668075,535134668075,0,535140302942,535140303542,535142068833,535142092923,535168001407,535140301252,16666666,535143699253,535143846293,535143898143,535144560443,535155428456,10182492,165920,535151506285,535155428456,535171615881,535144560443,
10-28 15:37:58.416  2523  2540 I System.out: 7 0,16562,535151334741,535151334741,0,535151799055,535151799215,535153550176,535153574276,535184668073,535151797965,16666666,535154622736,535155470297,535155518077,535156430887,535171818321,13823724,113900,535157960667,535171818321,535187291965,535156430887,
10-28 15:37:58.416  2523  2540 I System.out: 8 0,16598,535168001407,535168001407,0,535168438280,535168438500,535171198611,535171221331,535201334739,535168436660,16666666,535173356231,535173391381,535173438511,535174624542,535187596985,12151703,60910,535184786565,535187596985,535203741250,535174624542,
10-28 15:37:58.416  2523  2540 I System.out: 9 0,16634,535184668073,535184668073,0,535185085805,535185085985,535195226498,535195250678,535218001405,535185084575,16666666,535199115759,535199145569,535199190809,535199962459,535204034570,3351831,272050,535200631699,535204034570,535221006345,535199962459,
10-28 15:37:58.416  2523  2540 I System.out: 10 0,16670,535201334739,535201334739,0,535201637609,535201637689,535203407510,535203423830,535234668071,535201637079,16666666,535205498640,535205534260,535205596580,535206612291,535221593385,14081804,78980,535218117504,535221593385,535236694489,535206612291,
10-28 15:37:58.416  2523  2540 I System.out: 11 0,16706,535218001405,535218001405,0,535218747594,535218747894,535220896915,535220921785,535251334737,535218746354,16666666,535223079665,535223147235,535223223685,535224150986,535236888049,11637603,146320,535234827729,535236888049,535253245224,535224150986,
10-28 15:37:58.416  2523  2540 I System.out: 12 0,16742,535234668071,535234668071,0,535235340919,535235341219,535238317820,535238404670,535268001403,535235339289,16666666,535240232630,535240911740,535240963340,535241961191,535253667214,10851203,89650,535251447083,535253667214,535270584978,535241961191,
10-28 15:37:58.416  2523  2540 I System.out: 13 0,16778,535251334737,535251334737,0,535251790113,535251790253,535255015894,535255042754,535284668069,535251789313,16666666,535257326495,535257353545,535257400015,535258222785,535270701929,11440514,90380,535268125778,535270701929,535290216724,535258222785,
10-28 15:37:58.416  2523  2540 I System.out: 14 0,16807,535268001403,535268001403,0,535268262328,535268262748,535272794539,535272825729,535301334735,535268260598,16666666,535274563750,535274603160,535274661860,535275411970,535290660034,14402544,85920,535284790242,535290660034,535306019208,535275411970,
10-28 15:37:58.416  2523  2540 I System.out: 15 0,16843,535284668069,535284668069,0,535284922922,535284923032,535286816883,535286839933,535318001401,535284922412,16666666,535288862864,535290690184,535290761604,535292045644,535306319438,13372513,81200,535301409697,535306319438,535322021203,535292045644,
10-28 15:37:58.416  2523  2540 I System.out: 16 0,16865,535301334735,535301334735,0,535301632377,535301632577,535306518528,535306549568,535334668067,535301630897,16666666,535308645439,535308685579,535308737159,535309554019,535322302703,11795683,89250,535318129352,535322302703,535336486357,535309554019,
10-28 15:37:58.416  2523  2540 I System.out: 17 0,16908,535318001401,535318001401,0,535320599622,535320600032,535323465213,535323491083,535351334733,535320597752,16666666,535325233574,535325284744,535325354404,535326131274,535336809307,9807023,91160,535334774246,535336809307,535353478572,535326131274,
10-28 15:37:58.416  2523  2540 I System.out: 18 0,16930,535334668067,535334668067,0,535334904576,535334905196,535337638037,535337667597,535368001399,535334901636,16666666,535339137398,535339185128,535339238148,535339978358,535354112172,13349024,83700,535351443981,535354112172,535370098766,535339978358,
10-28 15:37:58.416  2523  2540 I System.out: 19 0,16952,535351334733,535351334733,0,535351521411,535351521781,535354182812,535354210322,535384668065,535351520231,16666666,535355742652,535355778302,535355826622,535356466602,535370471486,12945783,133610,535368097536,535370471486,535386958901,535356466602,
10-28 15:37:58.416  2523  2540 I System.out: 20 0,16988,535368001399,535368001399,0,535368567126,535368567436,535369367116,535369387466,535401334731,535368566226,16666666,535370862096,535370899146,535370949346,535371174336,535387159421,15008534,113280,535384787700,535387159421,535402839005,535371174336,
10-28 15:37:58.416  2523  2540 I System.out: 21 0,16996,535384668065,535384668065,0,535384843660,535384844010,535385357660,535385372330,535418001397,535384842940,16666666,535386125711,535387189611,535387231621,535387497981,535403376625,14808924,162900,535388489251,535403376625,535419148390,535387497981,
10-28 15:37:58.416  2523  2540 I System.out: 22 0,17018,535401334731,535401334731,0,535401535865,535401536125,535402204615,535402231865,535434668063,535401534295,16666666,535403382905,535403411785,535403476855,535403765775,535420150450,15348694,111950,535418105309,535420150450,535436663405,535403765775,
10-28 15:37:58.417  2523  2540 I System.out: 23 0,17044,535418001397,535418001397,0,535418157189,535418157519,535418536160,535418550920,535451334729,535418156319,16666666,535419297470,535420186430,535420241480,535420491840,535436369735,14553275,428690,535421775820,535436369735,535452808409,535420491840,
10-28 15:37:58.417  2523  2540 I System.out: 24 0,17055,535434668063,535434668063,0,535434831804,535434832084,535437099345,535437119495,535468001395,535434831144,16666666,535438286285,535438324995,535438390185,535438803925,535453155329,13564804,109220,535451433499,535453155329,535469490934,535438803925,
10-28 15:37:58.417  2523  2540 I System.out: 25 0,17077,535451334729,535451334729,0,535451472499,535451472989,535453609359,535453627469,535484668061,535451471489,16666666,535454672120,535454722590,535454777990,535455205890,535470149174,14130474,113200,535468068083,535470149174,535486264348,535455205890,
10-28 15:37:58.417  2523  2540 I System.out: 26 0,17085,535468001395,535468001395,0,535468169023,535468169353,535469079374,535469107384,535501334727,535468166703,16666666,535470480074,535470530274,535470566644,535470953814,535486452288,14787944,88890,535484760518,535486452288,535502583643,535470953814,
10-28 15:37:58.417  2523  2540 I System.out: 27 0,17107,535484668061,535484668061,0,535484852968,535484853368,535485957808,535485987288,535518001393,535484851688,16666666,535487271899,535487328549,535487370859,535487759639,535503382563,14853754,105740,535501444833,535503382563,535519095888,535487759639,
10-28 15:37:58.417  2523  2540 I System.out: 28 0,17115,535501334727,535501334727,0,535501511203,535501511613,535501792873,535501813083,535534668059,535501509933,16666666,535501854363,535503405653,535503441223,535503805913,535519454178,14718894,118830,535518119997,535519454178,0,535503805913,
10-28 15:37:58.417  2523  2540 I System.out: 29 0,17130,535518001393,535518001393,0,535518143617,535518144077,535518471517,535518485537,535551334725,535518142477,16666666,535520031158,535520141668,535520198978,535520712398,535537557233,15688385,204940,535534802482,535537557233,0,535520712398,
10-28 15:37:58.417  2523  2540 I System.out: 30 0,17157,535534668059,535534668059,0,535534943042,535534943632,535538932193,535538964143,535568001391,535534941682,16666666,535540722064,535540762534,535540804334,535541206144,535552461927,10342103,94700,535551430106,535552461927,0,535541206144,
10-28 15:37:58.417  2523  2540 I System.out: 31 0,17188,535551334725,535551334725,0,535551844037,535551844287,535552578227,535552991827,535584668057,535551842937,16666666,535553047577,535553090857,535553137667,535553523167,535569305501,14848044,124900,535568108801,535569305501,0,535553523167,
10-28 15:37:58.417  2523  2540 D Benchmark: Starting activity with command: am start  -W "intent:#Intent;action=android.intent.action.MAIN;category=android.intent.category.LAUNCHER;launchFlags=0x10008000;package=org.nayestane.ustad;component=org.nayestane.ustad/com.ustadmobile.port.android.view.AppActivity;end"
10-28 15:37:58.419  1495  1681 W MediaProvider: isAppCloneUserPair for user 0: false
10-28 15:37:58.419  1495  1681 V MediaProvider: Inserted id:1000000095 less than next row id backup:1000001000.
10-28 15:37:58.455  2617  2617 D AppActivity$onDestroy: AppActivity#onDestroy
10-28 15:37:58.458   582  1257 W InputManager-JNI: Input channel object '58b54ea org.nayestane.ustad/com.ustadmobile.port.android.view.AppActivity (client)' was disposed without first being removed with the input manager!
10-28 15:37:58.459   870   926 D SplashScreenView: Build android.window.SplashScreenView{fbef924 V.E...... ......ID 0,0-0,0}
10-28 15:37:58.459   870   926 D SplashScreenView: Icon: view: null drawable: null size: 0
10-28 15:37:58.459   870   926 D SplashScreenView: Branding: view: android.view.View{a113c8d G.ED..... ......I. 0,0-0,0 #10204db android:id/splashscreen_branding_view} drawable: null size w: 0 h: 0
10-28 15:37:58.465  2617  2617 W CustomTabsClient: Unable to find any Custom Tabs packages, you may need to add a <queries> element to your manifest. See the docs for CustomTabsClient#getPackageName.
10-28 15:37:58.465  2617  2617 W AppActivity$bindCustomTabsService: CustomTabs: Service NOT supported
10-28 15:37:58.487   870   976 W Parcel  : Expecting binder but got null!
10-28 15:37:58.495  2617  2617 D AutofillManager: Fill dialog is enabled:false, hints=[]
10-28 15:37:58.500  2617  2617 W OnBackInvokedCallback: OnBackInvokedCallback is not enabled for the application.
10-28 15:37:58.500  2617  2617 W OnBackInvokedCallback: Set 'android:enableOnBackInvokedCallback="true"' in the application manifest.
10-28 15:37:58.506   582  1257 D ConnectivityService: requestNetwork for uid/pid:10126/2617 activeRequest: null callbackRequest: 70 [NetworkRequest [ REQUEST id=71, [ Capabilities: INTERNET&NOT_RESTRICTED&TRUSTED&NOT_VCN_MANAGED Uid: 10126 RequestorUid: 10126 RequestorPkg: org.nayestane.ustad UnderlyingNetworks: Null] ]] callback flags: 0 order: 2147483647
10-28 15:37:58.507   582   809 D ConnectivityService: NetReassign [71 : null → 100]
10-28 15:37:58.508   582   802 D WifiNetworkFactory: got request NetworkRequest [ REQUEST id=71, [ Capabilities: INTERNET&NOT_RESTRICTED&TRUSTED&NOT_VCN_MANAGED Uid: 10126 RequestorUid: 10126 RequestorPkg: org.nayestane.ustad UnderlyingNetworks: Null] ]
10-28 15:37:58.508   582   802 D UntrustedWifiNetworkFactory: got request NetworkRequest [ REQUEST id=71, [ Capabilities: INTERNET&NOT_RESTRICTED&TRUSTED&NOT_VCN_MANAGED Uid: 10126 RequestorUid: 10126 RequestorPkg: org.nayestane.ustad UnderlyingNetworks: Null] ]
10-28 15:37:58.508   582   802 D OemPaidWifiNetworkFactory: got request NetworkRequest [ REQUEST id=71, [ Capabilities: INTERNET&NOT_RESTRICTED&TRUSTED&NOT_VCN_MANAGED Uid: 10126 RequestorUid: 10126 RequestorPkg: org.nayestane.ustad UnderlyingNetworks: Null] ]
10-28 15:37:58.508   582   802 D MultiInternetWifiNetworkFactory: got request NetworkRequest [ REQUEST id=71, [ Capabilities: INTERNET&NOT_RESTRICTED&TRUSTED&NOT_VCN_MANAGED Uid: 10126 RequestorUid: 10126 RequestorPkg: org.nayestane.ustad UnderlyingNetworks: Null] ]
10-28 15:37:58.515  2617  2669 W Parcel  : Expecting binder but got null!
10-28 15:37:58.518   582   602 I ActivityTaskManager: Displayed org.nayestane.ustad/com.ustadmobile.port.android.view.AppActivity: +69ms
10-28 15:37:58.520   422   465 W TransactionTracing: Could not find layer handle 0x7b315a68c190
10-28 15:37:58.524  2617  2617 D UstadViewModelFunKt$ustadViewModel$viewModel$invoke: ustadViewModel(): create viewmodel for: com.ustadmobile.core.viewmodel.redirect.RedirectViewModel
10-28 15:37:58.524  2617  2617 I System.out: com.ustadmobile.core.db.UmAppDatabase_DoorWrapper@efea2f7
10-28 15:37:58.530  2617  2617 D UstadNavControllerPreCompose$onCollectNavCommand: NavCommandEffect: Navigate: Go to Login
10-28 15:37:58.542  2617  2617 D UstadViewModelFunKt$ustadViewModel$viewModel$invoke: ustadViewModel(): create viewmodel for: com.ustadmobile.core.viewmodel.login.LoginViewModel
10-28 15:37:58.545  2617  2719 V UstadCache: OKHttp-CacheInterceptor:  intercept: GET https://dars.nayestane.org/v2/Site/verify
10-28 15:37:58.545  2617  2719 I UstadCache: UstadCache(): Retrieve https://dars.nayestane.org/v2/Site/verify
10-28 15:37:58.545  2617  2719 D UstadCache: UstadCache(): FOUND https://dars.nayestane.org/v2/Site/verify
10-28 15:37:58.547  2523  2540 D Benchmark: Result: Starting: Intent { act=android.intent.action.MAIN cat=[android.intent.category.LAUNCHER] flg=0x10008000 pkg=org.nayestane.ustad cmp=org.nayestane.ustad/com.ustadmobile.port.android.view.AppActivity }
10-28 15:37:58.547  2523  2540 D Benchmark: Status: ok
10-28 15:37:58.547  2523  2540 D Benchmark: LaunchState: WARM
10-28 15:37:58.547  2523  2540 D Benchmark: Activity: org.nayestane.ustad/com.ustadmobile.port.android.view.AppActivity
10-28 15:37:58.547  2523  2540 D Benchmark: TotalTime: 69
10-28 15:37:58.547  2523  2540 D Benchmark: WaitTime: 70
10-28 15:37:58.547  2523  2540 D Benchmark: Complete
10-28 15:37:58.548  2617  2719 D TrafficStats: tagSocket(102) with statsTag=0xffffffff, statsUid=-1
10-28 15:37:58.566  1495  1688 W MediaProvider: isAppCloneUserPair for user 0: false
10-28 15:37:58.566  1495  1688 V MediaProvider: Inserted id:1000000096 less than next row id backup:1000001000.
10-28 15:37:58.619  2523  2540 I System.out: 0 Flags,FrameTimelineVsyncId,IntendedVsync,Vsync,InputEventId,HandleInputStart,AnimationStart,PerformTraversalsStart,DrawStart,FrameDeadline,FrameInterval,FrameStartTime,SyncQueued,SyncStart,IssueDrawCommandsStart,SwapBuffers,FrameCompleted,DequeueBufferDuration,QueueBufferDuration,GpuCompleted,SwapBuffersCompleted,DisplayPresentTime,CommandSubmissionCompleted,
10-28 15:37:58.619  2523  2540 I System.out: 1 1,17502,559401333771,559418000437,0,559425851028,559425851548,559425851708,559445370363,559418000437,559425849478,16666666,559445712094,559445824584,559445901464,559446059744,559451486025,2100,163550,559451486025,559446688064,510552597073,559446059744,
10-28 15:37:58.619  2523  2540 I System.out: 2 0,17567,559434667103,559434667103,0,559450207325,559450247275,559458672017,559458696867,559484667101,559450205465,16666666,559459320517,559459340577,559459362907,559459452237,559460217928,2100,478601,559460193408,559460217928,510570380598,559459452237,
10-28 15:37:58.619  2523  2540 I System.out: 3 0,17639,559468000435,559468000435,0,559468963470,559468964030,559494380677,559494407107,559501333767,559468961870,16666666,559501096089,559501119619,559501147959,559501225709,559518101364,2530,105850,559518101364,559501664129,510603328097,559501225709,
10-28 15:37:58.619  2523  2540 I System.out: 4 0,17682,559484667101,559501333767,0,559507865541,559507866041,559516819683,559516848573,559501333767,559507863261,16666666,559527400346,559527438946,559527481986,559527925016,510624661033,2450,120780,510624568483,559528567717,510636599546,559527925016,
10-28 15:37:58.620  2523  2540 D UiDevice: Waiting 10000ms for SearchCondition[hasObject=BySelector [TEXT='\QGet Started\E']].
10-28 15:37:58.620  2523  2540 D UiDevice: Searching for node with selector: BySelector [TEXT='\QGet Started\E'].
10-28 15:37:58.643  2617  2719 D UstadCache: OKHttp-CacheInterceptor:  MISS(invalid) https://dars.nayestane.org/v2/Site/verify
10-28 15:37:58.643  2617  2719 D UstadCache: OKHttp-CacheInterceptor:  newCacheAndStoreResponse: GET https://dars.nayestane.org/v2/Site/verify 200 ()
10-28 15:37:58.644  2617  2719 V UstadCache: OKHttp-CacheInterceptor:  https://dars.nayestane.org/v2/Site/verify MISS(invalid) can store/update 200  (contentType=application/json; charset=UTF-8, content-encoding=null content-length=180)
10-28 15:37:58.646  2617  2730 D UstadCache: UstadCache(): storerequest 1 entries
10-28 15:37:58.647  2617  2730 V UstadCache: UstadCache(): copied request data for https://dars.nayestane.org/v2/Site/verify to /data/user/0/org.nayestane.ustad/files/httpfiles/tmpwork/13.tmp (integrity=sha256-VTW/47g5E/UMinnUcaDGC+8yXE8lgnmbnOjHxekFxd4=)
10-28 15:37:58.647  2617  2730 V UstadCache: UstadCache(): cacheEntries created 1 entries
10-28 15:37:58.647  2617  2730 D UstadCache: UstadCache(): deleting 1 tmp files
10-28 15:37:58.647  2617  2730 D UstadCache: UstadCache(): db transaction completed
10-28 15:37:58.737   422   465 W TransactionTracing: Could not find layer handle 0x7b315a68dff0
10-28 15:37:58.737   422   465 W TransactionTracing: Could not find layer handle 0x7b315a686970
10-28 15:37:58.737   422   465 W TransactionTracing: Could not find layer handle 0x7b315a68dff0
10-28 15:37:58.740  1133  1133 W FrameTracker: Missed SF frame:PREDICTION_ERROR, 17407, 4103007, CUJ=J<LAUNCHER_APP_CLOSE_TO_HOME>
10-28 15:37:58.740  1133  1133 W FrameTracker: Missed SF frame:PREDICTION_ERROR, 17429, 5104116, CUJ=J<LAUNCHER_APP_CLOSE_TO_HOME>
10-28 15:37:58.741  1133  1133 W FrameTracker: Missed SF frame:PREDICTION_ERROR, 17781, 5321441, CUJ=J<LAUNCHER_APP_CLOSE_TO_HOME>
10-28 15:37:58.741  1133  1133 W FrameTracker: Missed SF frame:PREDICTION_ERROR, 17819, 5215869, CUJ=J<LAUNCHER_APP_CLOSE_TO_HOME>
10-28 15:37:58.741  1133  1133 W FrameTracker: Missed SF frame:PREDICTION_ERROR, 17855, 4113038, CUJ=J<LAUNCHER_APP_CLOSE_TO_HOME>
10-28 15:37:58.741  1133  1133 W FrameTracker: Missed SF frame:SURFACE_FLINGER_SCHEDULING, 17891, 3802186, CUJ=J<LAUNCHER_APP_CLOSE_TO_HOME>
10-28 15:37:58.741  1133  1815 V PerfettoTrigger: Not triggering com.android.telemetry.interaction-jank-monitor-9 - not enough time since last trigger
10-28 15:37:58.771   422   465 W TransactionTracing: Could not find layer handle 0x7b315a689bb0
10-28 15:37:58.787   422   465 W TransactionTracing: Could not find layer handle 0x7b315a689730
10-28 15:37:58.787   422   465 W TransactionTracing: Could not find layer handle 0x7b315a68dc90
10-28 15:37:58.787   422   465 W TransactionTracing: Could not find layer handle 0x7b315a686910
10-28 15:37:58.787   422   465 W TransactionTracing: Could not find layer handle 0x7b315a688530
10-28 15:37:58.787   422   465 W TransactionTracing: Could not find layer handle 0x7b315a687b10
10-28 15:37:58.804   422   465 W TransactionTracing: Could not find layer handle 0x7b315a68c6d0
10-28 15:37:58.807   582  1645 W InputManager-JNI: Input channel object '8aa56f Splash Screen org.nayestane.ustad (client)' was disposed without first being removed with the input manager!
10-28 15:37:58.837   422   465 W TransactionTracing: Could not find layer handle 0x7b315a68bad0
10-28 15:37:58.857   870   925 W FrameTracker: Missing HWUI jank callback for vsyncId: 17698, CUJ=J<SPLASHSCREEN_EXIT_ANIM>
10-28 15:37:58.857   870   925 W FrameTracker: Missed SF frame:PREDICTION_ERROR, 17771, 0, CUJ=J<SPLASHSCREEN_EXIT_ANIM>
10-28 15:37:58.857   870   925 W FrameTracker: Missing HWUI jank callback for vsyncId: 17771, CUJ=J<SPLASHSCREEN_EXIT_ANIM>
10-28 15:37:58.857   870   925 W FrameTracker: Missed SF frame:PREDICTION_ERROR, 17812, 3909649, CUJ=J<SPLASHSCREEN_EXIT_ANIM>
10-28 15:37:58.857   870   925 W FrameTracker: Missed SF frame:PREDICTION_ERROR, 17848, 0, CUJ=J<SPLASHSCREEN_EXIT_ANIM>
10-28 15:37:58.857   870   925 W FrameTracker: Missing HWUI jank callback for vsyncId: 17848, CUJ=J<SPLASHSCREEN_EXIT_ANIM>
10-28 15:37:58.857   870   925 W FrameTracker: Missed SF frame:SURFACE_FLINGER_SCHEDULING, 17884, 5034497, CUJ=J<SPLASHSCREEN_EXIT_ANIM>
10-28 15:37:58.857   870   925 W FrameTracker: Missed SF frame:PREDICTION_ERROR, 17956, 7761415, CUJ=J<SPLASHSCREEN_EXIT_ANIM>
10-28 15:37:58.857   870   925 W FrameTracker: Missed SF frame:PREDICTION_ERROR, 17989, 6439393, CUJ=J<SPLASHSCREEN_EXIT_ANIM>
10-28 15:37:58.857   870   925 W FrameTracker: Missed SF frame:PREDICTION_ERROR, 18057, 4405109, CUJ=J<SPLASHSCREEN_EXIT_ANIM>
10-28 15:37:58.857   870   925 W FrameTracker: Missed SF frame:PREDICTION_ERROR, 18081, 6054859, CUJ=J<SPLASHSCREEN_EXIT_ANIM>
10-28 15:37:58.857   870   925 W FrameTracker: Missed SF frame:PREDICTION_ERROR, 18108, 4162537, CUJ=J<SPLASHSCREEN_EXIT_ANIM>
10-28 15:37:58.857   870   925 W FrameTracker: Missed SF frame:PREDICTION_ERROR, 18137, 0, CUJ=J<SPLASHSCREEN_EXIT_ANIM>
10-28 15:37:58.857   870   925 W FrameTracker: Missing HWUI jank callback for vsyncId: 18137, CUJ=J<SPLASHSCREEN_EXIT_ANIM>
10-28 15:37:58.858   870   915 V PerfettoTrigger: Not triggering com.android.telemetry.interaction-jank-monitor-39 - not enough time since last trigger
10-28 15:37:58.986   422   465 W TransactionTracing: Could not find layer handle 0x7b315a68b050
10-28 15:37:58.986   422   465 W TransactionTracing: Could not find layer handle 0x7b315a68c3d0
10-28 15:37:58.986   422   465 W TransactionTracing: Could not find layer handle 0x7b315a68c3d0
10-28 15:37:59.097  2523  2540 D UiDevice: Searching for node with selector: BySelector [TEXT='\QGet Started\E'].
10-28 15:37:59.688  2523  2540 D UiDevice: Searching for node with selector: BySelector [TEXT='\QGet Started\E'].
10-28 15:37:59.790  2523  2540 D UiDevice: Searching for node with selector: BySelector [TEXT='\QGet Started\E'].
10-28 15:37:59.893  2523  2540 D UiDevice: Searching for node with selector: BySelector [TEXT='\QGet Started\E'].
10-28 15:37:59.996  2523  2540 D UiDevice: Searching for node with selector: BySelector [TEXT='\QGet Started\E'].
10-28 15:38:00.013   870   976 D EGL_emulation: app_time_stats: avg=56.41ms min=12.87ms max=889.49ms count=29
10-28 15:38:00.099  2523  2540 D UiDevice: Searching for node with selector: BySelector [TEXT='\QGet Started\E'].
10-28 15:38:00.706  2523  2540 D UiDevice: Searching for node with selector: BySelector [TEXT='\QGet Started\E'].
10-28 15:38:00.809  2523  2540 D UiDevice: Searching for node with selector: BySelector [TEXT='\QGet Started\E'].
10-28 15:38:00.912  2523  2540 D UiDevice: Searching for node with selector: BySelector [TEXT='\QGet Started\E'].
10-28 15:38:01.014  2523  2540 D UiDevice: Searching for node with selector: BySelector [TEXT='\QGet Started\E'].
10-28 15:38:01.117  2523  2540 D UiDevice: Searching for node with selector: BySelector [TEXT='\QGet Started\E'].
10-28 15:38:01.220  2523  2540 D UiDevice: Searching for node with selector: BySelector [TEXT='\QGet Started\E'].
10-28 15:38:01.323  2523  2540 D UiDevice: Searching for node with selector: BySelector [TEXT='\QGet Started\E'].
10-28 15:38:01.426  2523  2540 D UiDevice: Searching for node with selector: BySelector [TEXT='\QGet Started\E'].
10-28 15:38:01.529  2523  2540 D UiDevice: Searching for node with selector: BySelector [TEXT='\QGet Started\E'].
10-28 15:38:01.632  2523  2540 D UiDevice: Searching for node with selector: BySelector [TEXT='\QGet Started\E'].
10-28 15:38:01.735  2523  2540 D UiDevice: Searching for node with selector: BySelector [TEXT='\QGet Started\E'].
10-28 15:38:01.838  2523  2540 D UiDevice: Searching for node with selector: BySelector [TEXT='\QGet Started\E'].
10-28 15:38:01.941  2523  2540 D UiDevice: Searching for node with selector: BySelector [TEXT='\QGet Started\E'].
10-28 15:38:02.044  2523  2540 D UiDevice: Searching for node with selector: BySelector [TEXT='\QGet Started\E'].
10-28 15:38:02.146  2523  2540 D UiDevice: Searching for node with selector: BySelector [TEXT='\QGet Started\E'].
10-28 15:38:02.249  2523  2540 D UiDevice: Searching for node with selector: BySelector [TEXT='\QGet Started\E'].
10-28 15:38:02.352  2523  2540 D UiDevice: Searching for node with selector: BySelector [TEXT='\QGet Started\E'].
10-28 15:38:02.455  2523  2540 D UiDevice: Searching for node with selector: BySelector [TEXT='\QGet Started\E'].
10-28 15:38:02.558  2523  2540 D UiDevice: Searching for node with selector: BySelector [TEXT='\QGet Started\E'].
10-28 15:38:02.660  2523  2540 D UiDevice: Searching for node with selector: BySelector [TEXT='\QGet Started\E'].
10-28 15:38:02.763  2523  2540 D UiDevice: Searching for node with selector: BySelector [TEXT='\QGet Started\E'].
10-28 15:38:02.866  2523  2540 D UiDevice: Searching for node with selector: BySelector [TEXT='\QGet Started\E'].
10-28 15:38:02.968  2523  2540 D UiDevice: Searching for node with selector: BySelector [TEXT='\QGet Started\E'].
10-28 15:38:03.071  2523  2540 D UiDevice: Searching for node with selector: BySelector [TEXT='\QGet Started\E'].
10-28 15:38:03.174  2523  2540 D UiDevice: Searching for node with selector: BySelector [TEXT='\QGet Started\E'].
10-28 15:38:03.277  2523  2540 D UiDevice: Searching for node with selector: BySelector [TEXT='\QGet Started\E'].
10-28 15:38:03.380  2523  2540 D UiDevice: Searching for node with selector: BySelector [TEXT='\QGet Started\E'].
10-28 15:38:03.482  2523  2540 D UiDevice: Searching for node with selector: BySelector [TEXT='\QGet Started\E'].
10-28 15:38:03.585  2523  2540 D UiDevice: Searching for node with selector: BySelector [TEXT='\QGet Started\E'].
10-28 15:38:03.688  2523  2540 D UiDevice: Searching for node with selector: BySelector [TEXT='\QGet Started\E'].
10-28 15:38:03.790  2523  2540 D UiDevice: Searching for node with selector: BySelector [TEXT='\QGet Started\E'].
10-28 15:38:03.893  2523  2540 D UiDevice: Searching for node with selector: BySelector [TEXT='\QGet Started\E'].
10-28 15:38:03.996  2523  2540 D UiDevice: Searching for node with selector: BySelector [TEXT='\QGet Started\E'].
10-28 15:38:04.099  2523  2540 D UiDevice: Searching for node with selector: BySelector [TEXT='\QGet Started\E'].
10-28 15:38:04.201  2523  2540 D UiDevice: Searching for node with selector: BySelector [TEXT='\QGet Started\E'].
10-28 15:38:04.304  2523  2540 D UiDevice: Searching for node with selector: BySelector [TEXT='\QGet Started\E'].
10-28 15:38:04.407  2523  2540 D UiDevice: Searching for node with selector: BySelector [TEXT='\QGet Started\E'].
10-28 15:38:04.510  2523  2540 D UiDevice: Searching for node with selector: BySelector [TEXT='\QGet Started\E'].
10-28 15:38:04.612  2523  2540 D UiDevice: Searching for node with selector: BySelector [TEXT='\QGet Started\E'].
10-28 15:38:04.715  2523  2540 D UiDevice: Searching for node with selector: BySelector [TEXT='\QGet Started\E'].
10-28 15:38:04.818  2523  2540 D UiDevice: Searching for node with selector: BySelector [TEXT='\QGet Started\E'].
10-28 15:38:04.921  2523  2540 D UiDevice: Searching for node with selector: BySelector [TEXT='\QGet Started\E'].
10-28 15:38:05.024  2523  2540 D UiDevice: Searching for node with selector: BySelector [TEXT='\QGet Started\E'].
10-28 15:38:05.126  2523  2540 D UiDevice: Searching for node with selector: BySelector [TEXT='\QGet Started\E'].
10-28 15:38:05.229  2523  2540 D UiDevice: Searching for node with selector: BySelector [TEXT='\QGet Started\E'].
10-28 15:38:05.332  2523  2540 D UiDevice: Searching for node with selector: BySelector [TEXT='\QGet Started\E'].
10-28 15:38:05.435  2523  2540 D UiDevice: Searching for node with selector: BySelector [TEXT='\QGet Started\E'].
10-28 15:38:05.538  2523  2540 D UiDevice: Searching for node with selector: BySelector [TEXT='\QGet Started\E'].
10-28 15:38:05.641  2523  2540 D UiDevice: Searching for node with selector: BySelector [TEXT='\QGet Started\E'].
10-28 15:38:05.744  2523  2540 D UiDevice: Searching for node with selector: BySelector [TEXT='\QGet Started\E'].
10-28 15:38:05.846  2523  2540 D UiDevice: Searching for node with selector: BySelector [TEXT='\QGet Started\E'].
10-28 15:38:05.949  2523  2540 D UiDevice: Searching for node with selector: BySelector [TEXT='\QGet Started\E'].
10-28 15:38:06.052  2523  2540 D UiDevice: Searching for node with selector: BySelector [TEXT='\QGet Started\E'].
10-28 15:38:06.155  2523  2540 D UiDevice: Searching for node with selector: BySelector [TEXT='\QGet Started\E'].
10-28 15:38:06.257  2523  2540 D UiDevice: Searching for node with selector: BySelector [TEXT='\QGet Started\E'].
10-28 15:38:06.360  2523  2540 D UiDevice: Searching for node with selector: BySelector [TEXT='\QGet Started\E'].
10-28 15:38:06.464  2523  2540 D UiDevice: Searching for node with selector: BySelector [TEXT='\QGet Started\E'].
10-28 15:38:06.566  2523  2540 D UiDevice: Searching for node with selector: BySelector [TEXT='\QGet Started\E'].
10-28 15:38:06.669  2523  2540 D UiDevice: Searching for node with selector: BySelector [TEXT='\QGet Started\E'].
10-28 15:38:06.772  2523  2540 D UiDevice: Searching for node with selector: BySelector [TEXT='\QGet Started\E'].
10-28 15:38:06.874  2523  2540 D UiDevice: Searching for node with selector: BySelector [TEXT='\QGet Started\E'].
10-28 15:38:06.977  2523  2540 D UiDevice: Searching for node with selector: BySelector [TEXT='\QGet Started\E'].
10-28 15:38:07.080  2523  2540 D UiDevice: Searching for node with selector: BySelector [TEXT='\QGet Started\E'].
10-28 15:38:07.183  2523  2540 D UiDevice: Searching for node with selector: BySelector [TEXT='\QGet Started\E'].
10-28 15:38:07.285  2523  2540 D UiDevice: Searching for node with selector: BySelector [TEXT='\QGet Started\E'].
10-28 15:38:07.388  2523  2540 D UiDevice: Searching for node with selector: BySelector [TEXT='\QGet Started\E'].
10-28 15:38:07.491  2523  2540 D UiDevice: Searching for node with selector: BySelector [TEXT='\QGet Started\E'].
10-28 15:38:07.594  2523  2540 D UiDevice: Searching for node with selector: BySelector [TEXT='\QGet Started\E'].
10-28 15:38:07.697  2523  2540 D UiDevice: Searching for node with selector: BySelector [TEXT='\QGet Started\E'].
10-28 15:38:07.800  2523  2540 D UiDevice: Searching for node with selector: BySelector [TEXT='\QGet Started\E'].
10-28 15:38:07.903  2523  2540 D UiDevice: Searching for node with selector: BySelector [TEXT='\QGet Started\E'].
10-28 15:38:08.006  2523  2540 D UiDevice: Searching for node with selector: BySelector [TEXT='\QGet Started\E'].
10-28 15:38:08.109  2523  2540 D UiDevice: Searching for node with selector: BySelector [TEXT='\QGet Started\E'].
10-28 15:38:08.212  2523  2540 D UiDevice: Searching for node with selector: BySelector [TEXT='\QGet Started\E'].
10-28 15:38:08.315  2523  2540 D UiDevice: Searching for node with selector: BySelector [TEXT='\QGet Started\E'].
10-28 15:38:08.417  2523  2540 D UiDevice: Searching for node with selector: BySelector [TEXT='\QGet Started\E'].
10-28 15:38:08.520  2523  2540 D UiDevice: Searching for node with selector: BySelector [TEXT='\QGet Started\E'].
10-28 15:38:08.623  2523  2540 D UiDevice: Searching for node with selector: BySelector [TEXT='\QGet Started\E'].
10-28 15:38:08.854  2617  2638 D UstadCache: CacheTrimmer:  Trim cache run: max (evictable) size = 100000000 bytes
10-28 15:38:08.855  2617  2638 V UstadCache: CacheTrimmer:  deleting
10-28 15:38:09.626  2523  2540 D UiDevice: Retrieving node with selector: BySelector [TEXT='\QGet Started\E'].
10-28 15:38:09.629  2523  2540 D UiDevice: Node not found with selector: BySelector [TEXT='\QGet Started\E'].
10-28 15:38:14.629  2523  2540 D Benchmark: Profile Installer - Save Profile
10-28 15:38:14.646  2617  2617 I Process : Sending signal. PID: 2617 SIG: 10
10-28 15:38:14.646  2617  2617 D ProfileInstaller:
10-28 15:38:14.646  2617  2622 I nayestane.ustad: Thread[6,tid=2622,WaitingInMainSignalCatcherLoop,Thread*=0x7f5acd2a1200,peer=0x137c1fd0,"Signal Catcher"]: reacting to signal 10
10-28 15:38:14.646  2617  2622 I nayestane.ustad:
10-28 15:38:14.646  2617  2622 I nayestane.ustad: SIGUSR1 forcing GC (no HPROF) and profile save
10-28 15:38:14.664  2617  2622 I nayestane.ustad: Explicit concurrent copying GC freed 183255(6988KB) AllocSpace objects, 11(292KB) LOS objects, 49% free, 7926KB/15MB, paused 29us,10us total 17.948ms
10-28 15:38:14.666  2617  2628 W System  : A resource failed to call close.
10-28 15:38:15.148  2523  2540 D Benchmark: Killing process org.nayestane.ustad
10-28 15:38:15.148  2523  2540 D UiDevice: Executing shell command: killall org.nayestane.ustad
10-28 15:38:15.163  1495  2561 W MediaProvider: isAppCloneUserPair for user 0: false
10-28 15:38:15.164  1495  2561 V MediaProvider: Inserted id:1000000097 less than next row id backup:1000001000.
10-28 15:38:15.199   582  1659 I PackageDexOptimizer: Running dexopt (dexoptNeeded=-3) on: /data/app/~~ZJQ7sXylsANplpuIJprZpw==/org.nayestane.ustad-MZAU5CLP1yOCe01YQZ7TaA==/base.apk pkg=org.nayestane.ustad isa=x86_64 dexoptFlags=boot_complete,profile_guided,force,enable_hidden_api_checks targetFilter=speed-profile oatDir=/data/app/~~ZJQ7sXylsANplpuIJprZpw==/org.nayestane.ustad-MZAU5CLP1yOCe01YQZ7TaA==/oat classLoaderContext=PCL[]{PCL[/system_ext/framework/androidx.window.extensions.jar]#PCL[/system_ext/framework/androidx.window.sidecar.jar]}
10-28 15:38:15.200   502   665 V installd: DexInv: --- BEGIN '/data/app/~~ZJQ7sXylsANplpuIJprZpw==/org.nayestane.ustad-MZAU5CLP1yOCe01YQZ7TaA==/base.apk' ---
10-28 15:38:15.200   502   665 V installd: Running /apex/com.android.art/bin/dex2oat64 in=base.apk out=/data/app/~~ZJQ7sXylsANplpuIJprZpw==/org.nayestane.ustad-MZAU5CLP1yOCe01YQZ7TaA==/oat/x86_64/base.odex
10-28 15:38:15.212  4113  4113 W dex2oat64: Unexpected CPU variant for x86: x86_64.
10-28 15:38:15.212  4113  4113 W dex2oat64: Known variants: atom, sandybridge, silvermont, kabylake, default
10-28 15:38:15.213  4113  4113 W dex2oat64: Mismatch between dex2oat instruction set features to use (ISA: X86_64 Feature string: -ssse3,-sse4.1,-sse4.2,-avx,-avx2,-popcnt) and those from CPP defines (ISA: X86_64 Feature string: ssse3,sse4.1,sse4.2,-avx,-avx2,popcnt) for the command line:
