10-28 15:38:15.213  4113  4113 W dex2oat64: /apex/com.android.art/bin/dex2oat64 --zip-fd=8 --zip-location=base.apk --oat-fd=9 --oat-location=/data/app/~~ZJQ7sXylsANplpuIJprZpw==/org.nayestane.ustad-MZAU5CLP1yOCe01YQZ7TaA==/oat/x86_64/base.odex --input-vdex-fd=11 --output-vdex-fd=10 --app-image-fd=14 --image-format=lz4 --profile-file-fd=13 --swap-fd=12 --classpath-dir=/data/app/~~ZJQ7sXylsANplpuIJprZpw==/org.nayestane.ustad-MZAU5CLP1yOCe01YQZ7TaA== --class-loader-context=PCL[]{PCL[/system_ext/framework/androidx.window.extensions.jar]#PCL[/system_ext/framework/androidx.window.sidecar.jar]} --instruction-set=x86_64 --instruction-set-features=default --instruction-set-variant=x86_64 --compiler-filter=speed-profile --compilation-reason=cmdline --max-image-block-size=524288 --resolve-startup-const-strings=true --generate-mini-debug-info --runtime-arg -Xtarget-sdk-version:34 --runtime-arg -Xhidden-api-policy:enabled --runtime-arg -Xms64m --runtime-arg -Xmx512m
10-28 15:38:15.216  4113  4113 I dex2oat64: /apex/com.android.art/bin/dex2oat64 --input-vdex-fd=11 --output-vdex-fd=10 --profile-file-fd=13 --classpath-dir=/data/app/~~ZJQ7sXylsANplpuIJprZpw==/org.nayestane.ustad-MZAU5CLP1yOCe01YQZ7TaA== --class-loader-context=PCL[]{PCL[/system_ext/framework/androidx.window.extensions.jar]#PCL[/system_ext/framework/androidx.window.sidecar.jar]} --compiler-filter=speed-profile --compilation-reason=cmdline --max-image-block-size=524288 --resolve-startup-const-strings=true --generate-mini-debug-info
10-28 15:38:19.950  4113  4115 W dex2oat64: Accessing hidden method Landroid/window/BackEvent;->getProgress()F (blocked, linking, denied)
10-28 15:38:19.951  4113  4115 W dex2oat64: Accessing hidden method Landroid/window/BackEvent;->getSwipeEdge()I (blocked, linking, denied)
10-28 15:38:19.951  4113  4115 W dex2oat64: Accessing hidden method Landroid/window/BackEvent;->getTouchX()F (blocked, linking, denied)
10-28 15:38:19.951  4113  4115 W dex2oat64: Accessing hidden method Landroid/window/BackEvent;->getTouchY()F (blocked, linking, denied)
10-28 15:38:20.174  4113  4117 W dex2oat64: Method java.lang.Object androidx.compose.runtime.snapshots.SnapshotStateMap.mutate(kotlin.jvm.functions.Function1) failed lock verification and will run slower.
10-28 15:38:20.174  4113  4117 W dex2oat64: Common causes for lock verification issues are non-optimized dex code
10-28 15:38:20.174  4113  4117 W dex2oat64: and incorrect proguard optimizations.
10-28 15:38:20.175  4113  4117 W dex2oat64: Method void androidx.compose.runtime.snapshots.SnapshotStateMap.update(kotlin.jvm.functions.Function1) failed lock verification and will run slower.
10-28 15:38:20.175  4113  4117 W dex2oat64: Method boolean androidx.compose.runtime.snapshots.SnapshotStateMap.removeIf$runtime_release(kotlin.jvm.functions.Function1) failed lock verification and will run slower.
10-28 15:38:20.192  4113  4115 W dex2oat64: Method boolean androidx.compose.runtime.snapshots.SnapshotStateList.conditionalUpdate(boolean, kotlin.jvm.functions.Function1) failed lock verification and will run slower.
10-28 15:38:20.192  4113  4115 W dex2oat64: Method boolean androidx.compose.runtime.snapshots.SnapshotStateList.conditionalUpdate$default(androidx.compose.runtime.snapshots.SnapshotStateList, boolean, kotlin.jvm.functions.Function1, int, java.lang.Object) failed lock verification and will run slower.
10-28 15:38:20.193  4113  4115 W dex2oat64: Method java.lang.Object androidx.compose.runtime.snapshots.SnapshotStateList.mutate(kotlin.jvm.functions.Function1) failed lock verification and will run slower.
10-28 15:38:20.193  4113  4115 W dex2oat64: Method void androidx.compose.runtime.snapshots.SnapshotStateList.update(boolean, kotlin.jvm.functions.Function1) failed lock verification and will run slower.
10-28 15:38:20.193  4113  4115 W dex2oat64: Method void androidx.compose.runtime.snapshots.SnapshotStateList.update$default(androidx.compose.runtime.snapshots.SnapshotStateList, boolean, kotlin.jvm.functions.Function1, int, java.lang.Object) failed lock verification and will run slower.
10-28 15:38:21.484  4113  4113 I dex2oat64: Explicit concurrent copying GC freed 197116(31MB) AllocSpace objects, 0(0B) LOS objects, 49% free, 2157KB/4315KB, paused 15us,3us total 8.451ms
10-28 15:38:21.804  4113  4113 I dex2oat64: dex2oat took 6.592s (9.973s cpu) (threads: 4) arena alloc=10MB (11104848B) java alloc=2157KB (2209576B) native alloc=22MB (23461648B) free=145MB (152744800B)
10-28 15:38:21.838   502   665 V installd: DexInv: --- END '/data/app/~~ZJQ7sXylsANplpuIJprZpw==/org.nayestane.ustad-MZAU5CLP1yOCe01YQZ7TaA==/base.apk' (success) ---
10-28 15:38:21.903  1495  2589 W MediaProvider: isAppCloneUserPair for user 0: false
10-28 15:38:21.905  1495  2589 V MediaProvider: Inserted id:1000000098 less than next row id backup:1000001000.
10-28 15:38:22.305  4133  4133 W profman : profman took 361.968ms
10-28 15:38:22.327  1495  1681 W MediaProvider: isAppCloneUserPair for user 0: false
10-28 15:38:22.327  1495  1681 V MediaProvider: Inserted id:1000000099 less than next row id backup:1000001000.
10-28 15:38:22.685  1495  2561 I MediaProvider: Deleted 0 0 0 0 0 0 0 items on external_primary due to com.ustadmobile.app_android_baselineprofile
10-28 15:38:23.515  2523  2540 D Benchmark: Unstable profiles during iteration 13
10-28 15:38:23.515  2523  2540 D Benchmark: Killing package org.nayestane.ustad
10-28 15:38:23.516  2523  2540 D Benchmark: Killing process org.nayestane.ustad
10-28 15:38:23.516  2523  2540 D UiDevice: Executing shell command: killall org.nayestane.ustad
10-28 15:38:23.532  2523  2540 D Benchmark: Compile iteration (14) for org.nayestane.ustad
10-28 15:38:23.533  2523  2540 D UiDevice: Pressing home button.
10-28 15:38:23.544   870   870 V ShadeControllerImpl: NotificationShadeWindow: com.android.systemui.shade.NotificationShadeWindowView{963422f I.E...... ......ID 0,0-320,640} canPanelBeCollapsed(): false
10-28 15:38:23.549  1133  1133 D TaplTarget: Launcher.onNewIntent: Intent { act=android.intent.action.MAIN cat=[android.intent.category.HOME] flg=0x10400100 cmp=com.android.launcher3/.uioverrides.QuickstepLauncher (has extras) }
10-28 15:38:23.555   870   870 V ShadeControllerImpl: NotificationShadeWindow: com.android.systemui.shade.NotificationShadeWindowView{963422f I.E...... ......ID 0,0-320,640} canPanelBeCollapsed(): false
10-28 15:38:23.570   422   422 I BpBinder: onLastStrongRef automatically unlinking death recipients: <uncached descriptor>
10-28 15:38:23.590   422   465 W TransactionTracing: Could not find layer handle 0x7b315a687570
10-28 15:38:23.593   870   976 D EGL_emulation: app_time_stats: avg=23579.94ms min=23579.94ms max=23579.94ms count=1
10-28 15:38:23.593  1495  2589 W MediaProvider: isAppCloneUserPair for user 0: false
10-28 15:38:23.594  1495  2589 V MediaProvider: Inserted id:1000000100 less than next row id backup:1000001000.
10-28 15:38:23.621   422   465 W TransactionTracing: Could not find layer handle 0x7b315a688d10
10-28 15:38:23.642  2523  2540 I System.out: 0 Flags,FrameTimelineVsyncId,IntendedVsync,Vsync,InputEventId,HandleInputStart,AnimationStart,PerformTraversalsStart,DrawStart,FrameDeadline,FrameInterval,FrameStartTime,SyncQueued,SyncStart,IssueDrawCommandsStart,SwapBuffers,FrameCompleted,DequeueBufferDuration,QueueBufferDuration,GpuCompleted,SwapBuffersCompleted,DisplayPresentTime,CommandSubmissionCompleted,
10-28 15:38:23.642  2523  2540 I System.out: 1 1,17502,559401333771,559418000437,0,559425851028,559425851548,559425851708,559445370363,559418000437,559425849478,16666666,559445712094,559445824584,559445901464,559446059744,559451486025,2100,163550,559451486025,559446688064,559455612946,559446059744,
10-28 15:38:23.642  2523  2540 I System.out: 2 0,17567,559434667103,559434667103,0,559450207325,559450247275,559458672017,559458696867,559484667101,559450205465,16666666,559459320517,559459340577,559459362907,559459452237,559460217928,2100,478601,559460193408,559460217928,559471566191,559459452237,
10-28 15:38:23.642  2523  2540 I System.out: 3 0,17639,559468000435,559468000435,0,559468963470,559468964030,559494380677,559494407107,559501333767,559468961870,16666666,559501096089,559501119619,559501147959,559501225709,559518101364,2530,105850,559518101364,559501664129,559521748705,559501225709,
10-28 15:38:23.642  2523  2540 I System.out: 4 0,17682,559484667101,559501333767,0,559507865541,559507866041,559516819683,559516848573,559551333765,559507863261,16666666,559527400346,559527438946,559527481986,559527925016,559533850278,2450,120780,559533850278,559528567717,559537153639,559527925016,
10-28 15:38:23.642  2523  2540 I System.out: 5 0,17754,559518000433,559518000433,0,559529326787,559529327397,559531288677,559531310797,559568000431,559529325367,16666666,559532515928,559532545678,559532586898,559533329148,559537399299,3500931,138610,559533858798,559537399299,559554059864,559533329148,
10-28 15:38:23.642  2523  2540 I System.out: 6 0,17788,559534667099,559534667099,0,559541445340,559541445670,559543190501,559543211581,559584667097,559541443520,16666666,559544246521,559544300531,559544350931,559544983661,559554530774,9015463,92660,559551456203,559554530774,559570333098,559544983661,
10-28 15:38:23.642  2523  2540 I System.out: 7 0,17826,559551333765,559551333765,0,559551748183,559551748383,559553432233,559553448863,559601333763,559551747343,16666666,559554978934,559554999544,559555066234,559556009364,559571109108,14373224,67420,559568135198,559571109108,559587970963,559556009364,
10-28 15:38:23.642  2523  2540 I System.out: 8 0,17862,559568000431,559568000431,0,559568710318,559568710488,559570843348,559570863058,559618000429,559568709408,16666666,559572370679,559572418189,559572480439,559573585509,559588424423,13525704,166400,559584789722,559588424423,559602231867,559573585509,
10-28 15:38:23.642  2523  2540 I System.out: 9 0,17898,559584667097,559584667097,0,559585418732,559585418962,559596302245,559596326975,559634667095,559585416972,16666666,559599673136,559599706196,559599752676,559600562597,559602498737,1277610,151970,559601472137,559602498737,559620333442,559600562597,
10-28 15:38:23.642  2523  2540 I System.out: 10 0,17934,559601333763,559601333763,0,559602171997,559602172467,559605011578,559605044558,559651333761,559602170567,16666666,559606692018,559606739508,559606783558,559607816369,559620607452,11941643,142230,559618130791,559620607452,559638244187,559607816369,
10-28 15:38:23.642  2523  2540 I System.out: 11 0,17970,559618000429,559618000429,0,559618161821,559618162031,559619599662,559619618032,559668000427,559618160901,16666666,559623225163,559623275463,559623324953,559624052763,559638816647,12864063,78450,559634822056,559638816647,559653233421,559624052763,
10-28 15:38:23.642  2523  2540 I System.out: 12 0,18006,559634667095,559634667095,0,559635189806,559635189986,559637435687,559637456797,559684667093,559635188486,16666666,559639359957,559639420897,559639469047,559640252948,559652582771,11160153,107240,559651455401,559652582771,559671860396,559640252948,
10-28 15:38:23.642  2523  2540 I System.out: 13 0,18035,559651333761,559651333761,0,559651729691,559651729911,559654332571,559654354961,559701333759,559651728691,16666666,559655943382,559655981252,559656030072,559656693072,559672497807,14759224,89170,559668149085,559672497807,559688357331,559656693072,
10-28 15:38:23.642  2523  2540 I System.out: 14 0,18071,559668000427,559668000427,0,559668513615,559668513745,559670990706,559671022826,559718000425,559668512835,16666666,559673860257,559673915067,559673986937,559674942557,559688541531,12436603,227261,559676053218,559688541531,559702637585,559674942557,
10-28 15:38:23.642  2523  2540 I System.out: 15 0,18097,559684667093,559684667093,0,559684916870,559684917400,559686902421,559686922681,559734667091,559684914330,16666666,559688301451,559688564811,559688614901,559691107782,559704332795,12139663,81670,559701472385,559704332795,559720328350,559691107782,
10-28 15:38:23.642  2523  2540 I System.out: 16 0,18123,559701333759,559701333759,0,559701712155,559701712325,559703904525,559703929355,559751333757,559701710935,16666666,559705334356,559705721166,559705767166,559706637216,559721530350,13199684,123200,559718143289,559721530350,559736050624,559706637216,
10-28 15:38:23.642  2523  2540 I System.out: 17 0,18158,559718000425,559718000425,0,559718373719,559718373839,559720886900,559720907620,559768000423,559718372849,16666666,559722931851,559722969421,559723024531,559723841941,559736543064,11656413,90690,559734828704,559736543064,559754070919,559723841941,
10-28 15:38:23.642  2523  2540 I System.out: 18 0,18187,559734667091,559734667091,0,559734893874,559734894154,559737552185,559737573045,559784667089,559734892384,16666666,559738726165,559738760505,559738804325,559739822165,559754373279,13643654,92730,559751470968,559754373279,559769764184,559739822165,
10-28 15:38:23.642  2523  2540 I System.out: 19 0,18202,559751333757,559751333757,0,559751711479,559751712089,559755225030,559755253130,559801333755,559751665019,16666666,559756676020,559756708190,559756758020,559757472400,559769932264,11473984,204280,559758413040,559769932264,559786866518,559757472400,
10-28 15:38:23.642  2523  2540 I System.out: 20 0,18231,559768000423,559768000423,0,559768198713,559768199083,559768701813,559768717403,559818000421,559768197483,16666666,559769688104,559769961904,559770003364,559770190224,559787121758,15647874,209030,559784810818,559787121758,559802240963,559770190224,
10-28 15:38:23.642  2523  2540 I System.out: 21 0,18267,559784667089,559784667089,0,559784882508,559784882818,559785658528,559785690488,559834667087,559784881328,16666666,559786981738,559787143628,559787180878,559787501408,559802411243,13953994,120470,559801405842,559802411243,559820247418,559787501408,
10-28 15:38:23.643  2523  2540 I System.out: 22 0,18282,559801333755,559801333755,0,559801536732,559801537012,559802048063,559802070133,559851333753,559801535562,16666666,559802957263,559803044423,559803088193,559803342523,559820492378,16066325,203320,559818108647,559820492378,559835844332,559803342523,
10-28 15:38:23.643  2523  2540 I System.out: 23 0,18297,559818000421,559818000421,0,559818279347,559818279777,559819132707,559819158937,559868000419,559818277967,16666666,559820577918,559820620698,559820660468,559820913108,559836795512,14802534,92130,559834756112,559836795512,559852389286,559820913108,
10-28 15:38:23.643  2523  2540 I System.out: 24 0,18309,559834667087,559834667087,0,559834869742,559834870172,559837096102,559837122962,559884667085,559834867972,16666666,559838355473,559838395433,559838459363,559838982263,559852885107,13065124,111880,559851416906,559852885107,559869559861,559838982263,
10-28 15:38:23.643  2523  2540 I System.out: 25 0,18320,559851333753,559851333753,0,559851514176,559851514656,559853533587,559853556147,559901333751,559851512746,16666666,559854596767,559854636027,559854682917,559855082927,559870338671,14483944,112160,559855809007,559870338671,559886049296,559855082927,
10-28 15:38:23.643  2523  2540 I System.out: 26 0,18342,559868000419,559868000419,0,559868195351,559868195711,559868895981,559868919241,559918000417,559868194391,16666666,559870174511,559870359481,559870392421,559870726552,559886542346,14916094,148890,559871554162,559886542346,559902662620,559870726552,
10-28 15:38:23.643  2523  2540 I System.out: 27 0,18350,559884667085,559884667085,0,559884843586,559884844086,559885529866,559885553486,559934667083,559884842156,16666666,559886435786,559886570466,559886619396,559887158586,559903372131,15303155,116720,559901457630,559903372131,559920501385,559887158586,
10-28 15:38:23.643  2523  2540 I System.out: 28 0,18365,559901333751,559901333751,0,559901514740,559901515280,559901882340,559901903390,559951333749,559901513210,16666666,559901950640,559903433241,559903473571,559903867751,559920739945,15866894,200460,559918158885,559920739945,72057628414509824,559903867751,
10-28 15:38:23.643  2523  2540 I System.out: 29 0,18399,559918000417,559918000417,0,559918321755,559918322025,559921040766,559922624966,559968000415,559918320675,16666666,559922795776,559922833736,559922876046,559923221316,559935897470,11907784,126770,559923951986,559935897470,0,559923221316,
10-28 15:38:23.643  2523  2540 I System.out: 30 0,18416,559934667083,559934667083,0,559935069369,559935069849,559936954320,559936973040,559984667081,559935068079,16666666,559938051020,559938109550,559938168930,559938666480,559952565934,13127883,116170,559951436604,559952565934,72904454231819660,559938666480,
10-28 15:38:23.643  2523  2540 I System.out: 31 0,18445,559951333749,559951333749,0,559951577264,559951577364,559952319374,559952338564,560001333747,559951576744,16666666,559952668304,559952699804,559952734744,559953284755,559969137889,15032674,113400,559968093029,559969137889,0,559953284755,
10-28 15:38:23.643  2523  2540 I System.out: 32 8,18460,559968000415,559968000415,0,559968211709,559968212089,559968212259,559968232589,559984667081,559968209709,16666666,559968238799,559969157449,72057628414509870,72904454231491233,0,0,0,72057628414509871,72904454231491800,0,0,
10-28 15:38:23.643  2523  2540 D Benchmark: Starting activity with command: am start  -W "intent:#Intent;action=android.intent.action.MAIN;category=android.intent.category.LAUNCHER;launchFlags=0x10008000;package=org.nayestane.ustad;component=org.nayestane.ustad/com.ustadmobile.port.android.view.AppActivity;end"
10-28 15:38:23.645  1495  1681 W MediaProvider: isAppCloneUserPair for user 0: false
10-28 15:38:23.646  1495  1681 V MediaProvider: Inserted id:1000000101 less than next row id backup:1000001000.
10-28 15:38:23.676   870   926 D SplashScreenView: Build android.window.SplashScreenView{c19e243 V.E...... ......ID 0,0-0,0}
10-28 15:38:23.676   870   926 D SplashScreenView: Icon: view: null drawable: null size: 0
10-28 15:38:23.676   870   926 D SplashScreenView: Branding: view: android.view.View{cc7f0c0 G.ED..... ......I. 0,0-0,0 #10204db android:id/splashscreen_branding_view} drawable: null size w: 0 h: 0
10-28 15:38:23.685  2617  2617 D AppActivity$onDestroy: AppActivity#onDestroy
10-28 15:38:23.688   582  1659 W InputManager-JNI: Input channel object 'd0a3a68 org.nayestane.ustad/com.ustadmobile.port.android.view.AppActivity (client)' was disposed without first being removed with the input manager!
10-28 15:38:23.695   870   976 W Parcel  : Expecting binder but got null!
10-28 15:38:23.700  2617  2617 W CustomTabsClient: Unable to find any Custom Tabs packages, you may need to add a <queries> element to your manifest. See the docs for CustomTabsClient#getPackageName.
10-28 15:38:23.700  2617  2617 W AppActivity$bindCustomTabsService: CustomTabs: Service NOT supported
10-28 15:38:23.706  2617  2617 D AutofillManager: Fill dialog is enabled:false, hints=[]
10-28 15:38:23.712  2617  2617 W OnBackInvokedCallback: OnBackInvokedCallback is not enabled for the application.
10-28 15:38:23.712  2617  2617 W OnBackInvokedCallback: Set 'android:enableOnBackInvokedCallback="true"' in the application manifest.
10-28 15:38:23.716   582   960 D ConnectivityService: requestNetwork for uid/pid:10126/2617 activeRequest: null callbackRequest: 72 [NetworkRequest [ REQUEST id=73, [ Capabilities: INTERNET&NOT_RESTRICTED&TRUSTED&NOT_VCN_MANAGED Uid: 10126 RequestorUid: 10126 RequestorPkg: org.nayestane.ustad UnderlyingNetworks: Null] ]] callback flags: 0 order: 2147483647
10-28 15:38:23.716   582   809 D ConnectivityService: NetReassign [73 : null → 100]
10-28 15:38:23.717   582   802 D WifiNetworkFactory: got request NetworkRequest [ REQUEST id=73, [ Capabilities: INTERNET&NOT_RESTRICTED&TRUSTED&NOT_VCN_MANAGED Uid: 10126 RequestorUid: 10126 RequestorPkg: org.nayestane.ustad UnderlyingNetworks: Null] ]
10-28 15:38:23.717   582   802 D UntrustedWifiNetworkFactory: got request NetworkRequest [ REQUEST id=73, [ Capabilities: INTERNET&NOT_RESTRICTED&TRUSTED&NOT_VCN_MANAGED Uid: 10126 RequestorUid: 10126 RequestorPkg: org.nayestane.ustad UnderlyingNetworks: Null] ]
10-28 15:38:23.717   582   802 D OemPaidWifiNetworkFactory: got request NetworkRequest [ REQUEST id=73, [ Capabilities: INTERNET&NOT_RESTRICTED&TRUSTED&NOT_VCN_MANAGED Uid: 10126 RequestorUid: 10126 RequestorPkg: org.nayestane.ustad UnderlyingNetworks: Null] ]
10-28 15:38:23.717   582   802 D MultiInternetWifiNetworkFactory: got request NetworkRequest [ REQUEST id=73, [ Capabilities: INTERNET&NOT_RESTRICTED&TRUSTED&NOT_VCN_MANAGED Uid: 10126 RequestorUid: 10126 RequestorPkg: org.nayestane.ustad UnderlyingNetworks: Null] ]
10-28 15:38:23.725  2617  2669 W Parcel  : Expecting binder but got null!
10-28 15:38:23.730   582   602 I ActivityTaskManager: Displayed org.nayestane.ustad/com.ustadmobile.port.android.view.AppActivity: +55ms
10-28 15:38:23.731  2617  2617 D UstadViewModelFunKt$ustadViewModel$viewModel$invoke: ustadViewModel(): create viewmodel for: com.ustadmobile.core.viewmodel.redirect.RedirectViewModel
10-28 15:38:23.732  2617  2617 I System.out: com.ustadmobile.core.db.UmAppDatabase_DoorWrapper@efea2f7
10-28 15:38:23.735  2617  2617 D UstadNavControllerPreCompose$onCollectNavCommand: NavCommandEffect: Navigate: Go to Login
10-28 15:38:23.739   422   465 W TransactionTracing: Could not find layer handle 0x7b315a68ed70
10-28 15:38:23.745  2617  2617 D UstadViewModelFunKt$ustadViewModel$viewModel$invoke: ustadViewModel(): create viewmodel for: com.ustadmobile.core.viewmodel.login.LoginViewModel
10-28 15:38:23.749  2617  2719 V UstadCache: OKHttp-CacheInterceptor:  intercept: GET https://dars.nayestane.org/v2/Site/verify
10-28 15:38:23.749  2617  2719 I UstadCache: UstadCache(): Retrieve https://dars.nayestane.org/v2/Site/verify
10-28 15:38:23.749  2617  2719 D UstadCache: UstadCache(): FOUND https://dars.nayestane.org/v2/Site/verify
10-28 15:38:23.752  2523  2540 D Benchmark: Result: Starting: Intent { act=android.intent.action.MAIN cat=[android.intent.category.LAUNCHER] flg=0x10008000 pkg=org.nayestane.ustad cmp=org.nayestane.ustad/com.ustadmobile.port.android.view.AppActivity }
10-28 15:38:23.752  2523  2540 D Benchmark: Status: ok
10-28 15:38:23.752  2523  2540 D Benchmark: LaunchState: WARM
10-28 15:38:23.752  2523  2540 D Benchmark: Activity: org.nayestane.ustad/com.ustadmobile.port.android.view.AppActivity
10-28 15:38:23.752  2523  2540 D Benchmark: TotalTime: 55
10-28 15:38:23.752  2523  2540 D Benchmark: WaitTime: 55
10-28 15:38:23.752  2523  2540 D Benchmark: Complete
10-28 15:38:23.768  1495  3294 W MediaProvider: isAppCloneUserPair for user 0: false
10-28 15:38:23.769  1495  3294 V MediaProvider: Inserted id:1000000102 less than next row id backup:1000001000.
10-28 15:38:23.802  2617  2719 D TrafficStats: tagSocket(99) with statsTag=0xffffffff, statsUid=-1
10-28 15:38:23.835  2523  2540 I System.out: 0 Flags,FrameTimelineVsyncId,IntendedVsync,Vsync,InputEventId,HandleInputStart,AnimationStart,PerformTraversalsStart,DrawStart,FrameDeadline,FrameInterval,FrameStartTime,SyncQueued,SyncStart,IssueDrawCommandsStart,SwapBuffers,FrameCompleted,DequeueBufferDuration,QueueBufferDuration,GpuCompleted,SwapBuffersCompleted,DisplayPresentTime,CommandSubmissionCompleted,
10-28 15:38:23.835  2523  2540 I System.out: 1 1,18750,584617999429,584634666095,0,584636082511,584636082871,584636083111,584654226066,584634666095,584636080831,16666666,584655269956,584655417276,584655495446,584655684706,584656306396,2520,226260,584656274146,584656306396,-2,584655684706,
10-28 15:38:23.835  2523  2540 I System.out: 2 0,18808,584651332761,584651332761,0,584660506897,584660507327,584665272949,584665294849,584684666093,584660505477,16666666,584665790199,584665807519,584665827069,584665906549,584666638819,2180,337340,584666618879,584666638819,535070403293,584665906549,
10-28 15:38:23.835  2523  2540 I System.out: 3 0,18858,584667999427,584667999427,0,584674006211,584674006661,584695927097,584695953807,584701332759,584674004351,16666666,584703116539,584704432620,584704487200,584704558090,584718122203,2530,116880,584718122203,584705086250,535103788622,584704558090,
10-28 15:38:23.835  2523  2540 I System.out: 4 0,18901,584684666093,584701332759,0,584709988491,584709988781,584722710315,584722733975,584751332757,584709987231,16666666,584731303267,584731360277,584731422497,584731941237,584734868658,2840,160810,584734868658,584732739987,535136306771,584731941237,
10-28 15:38:23.835  2523  2540 I System.out: 5 0,18980,584717999425,584717999425,0,584732567027,584732567297,584734165378,584734187038,584734666091,584732565437,16666666,584736655769,584737230469,584737305769,584739664599,535138289892,3250,94450,535134821061,584741079060,535155084696,584739664599,
10-28 15:38:23.836  2523  2540 D UiDevice: Waiting 10000ms for SearchCondition[hasObject=BySelector [TEXT='\QGet Started\E']].
10-28 15:38:23.836  2523  2540 D UiDevice: Searching for node with selector: BySelector [TEXT='\QGet Started\E'].
10-28 15:38:23.897  2617  2719 D UstadCache: OKHttp-CacheInterceptor:  MISS(invalid) https://dars.nayestane.org/v2/Site/verify
10-28 15:38:23.897  2617  2719 D UstadCache: OKHttp-CacheInterceptor:  newCacheAndStoreResponse: GET https://dars.nayestane.org/v2/Site/verify 200 ()
10-28 15:38:23.897  2617  2719 V UstadCache: OKHttp-CacheInterceptor:  https://dars.nayestane.org/v2/Site/verify MISS(invalid) can store/update 200  (contentType=application/json; charset=UTF-8, content-encoding=null content-length=180)
10-28 15:38:23.900  2617  2730 D UstadCache: UstadCache(): storerequest 1 entries
10-28 15:38:23.901  2617  2730 V UstadCache: UstadCache(): copied request data for https://dars.nayestane.org/v2/Site/verify to /data/user/0/org.nayestane.ustad/files/httpfiles/tmpwork/14.tmp (integrity=sha256-VTW/47g5E/UMinnUcaDGC+8yXE8lgnmbnOjHxekFxd4=)
10-28 15:38:23.901  2617  2730 V UstadCache: UstadCache(): cacheEntries created 1 entries
10-28 15:38:23.902  2617  2730 D UstadCache: UstadCache(): deleting 1 tmp files
10-28 15:38:23.902  2617  2730 D UstadCache: UstadCache(): db transaction completed
10-28 15:38:23.937   422   465 W TransactionTracing: Could not find layer handle 0x7b315a6880b0
10-28 15:38:23.937   422   465 W TransactionTracing: Could not find layer handle 0x7b315a68d270
10-28 15:38:23.970   422   465 W TransactionTracing: Could not find layer handle 0x7b315a68b830
10-28 15:38:24.003   422   465 W TransactionTracing: Could not find layer handle 0x7b315a686fd0
10-28 15:38:24.025   582  1645 W InputManager-JNI: Input channel object '90e46b3 Splash Screen org.nayestane.ustad (client)' was disposed without first being removed with the input manager!
10-28 15:38:24.042  1133  1133 W FrameTracker: Missed SF frame:PREDICTION_ERROR, 18684, 4237852, CUJ=J<LAUNCHER_APP_CLOSE_TO_HOME>
10-28 15:38:24.042  1133  1133 W FrameTracker: Missed SF frame:PREDICTION_ERROR, 18851, 4157224, CUJ=J<LAUNCHER_APP_CLOSE_TO_HOME>
10-28 15:38:24.042  1133  1133 W FrameTracker: Missed SF frame:PREDICTION_ERROR, 18937, 4394421, CUJ=J<LAUNCHER_APP_CLOSE_TO_HOME>
10-28 15:38:24.042  1133  1133 W FrameTracker: Missed SF frame:PREDICTION_ERROR, 19039, 10141208, CUJ=J<LAUNCHER_APP_CLOSE_TO_HOME>
10-28 15:38:24.042  1133  1133 W FrameTracker: Missed SF frame:PREDICTION_ERROR, 19081, 3869895, CUJ=J<LAUNCHER_APP_CLOSE_TO_HOME>
10-28 15:38:24.042  1133  1133 W FrameTracker: Missing SF jank callback for vsyncId: 19261, CUJ=J<LAUNCHER_APP_CLOSE_TO_HOME>
10-28 15:38:24.042  1133  1815 V PerfettoTrigger: Not triggering com.android.telemetry.interaction-jank-monitor-9 - not enough time since last trigger
10-28 15:38:24.074   870   925 W FrameTracker: Missed SF frame:PREDICTION_ERROR, 18887, 9052884, CUJ=J<SPLASHSCREEN_EXIT_ANIM>
10-28 15:38:24.074   870   925 W FrameTracker: Missed SF frame:PREDICTION_ERROR, 19002, 6708129, CUJ=J<SPLASHSCREEN_EXIT_ANIM>
10-28 15:38:24.074   870   925 W FrameTracker: Missing HWUI jank callback for vsyncId: 19031, CUJ=J<SPLASHSCREEN_EXIT_ANIM>
10-28 15:38:24.074   870   925 W FrameTracker: Missing HWUI jank callback for vsyncId: 19110, CUJ=J<SPLASHSCREEN_EXIT_ANIM>
10-28 15:38:24.074   870   925 W FrameTracker: Missed SF frame:PREDICTION_ERROR, 19146, 4783743, CUJ=J<SPLASHSCREEN_EXIT_ANIM>
10-28 15:38:24.074   870   925 W FrameTracker: Missed SF frame:PREDICTION_ERROR, 19182, 5416342, CUJ=J<SPLASHSCREEN_EXIT_ANIM>
10-28 15:38:24.074   870   925 W FrameTracker: Missed SF frame:PREDICTION_ERROR, 19283, 5413078, CUJ=J<SPLASHSCREEN_EXIT_ANIM>
10-28 15:38:24.074   870   925 W FrameTracker: Missed SF frame:PREDICTION_ERROR, 19319, 4921336, CUJ=J<SPLASHSCREEN_EXIT_ANIM>
10-28 15:38:24.074   870   925 W FrameTracker: Missed SF frame:PREDICTION_ERROR, 19373, 0, CUJ=J<SPLASHSCREEN_EXIT_ANIM>
10-28 15:38:24.074   870   925 W FrameTracker: Missing HWUI jank callback for vsyncId: 19373, CUJ=J<SPLASHSCREEN_EXIT_ANIM>
10-28 15:38:24.074   870   925 W FrameTracker: Missed SF frame:PREDICTION_ERROR, 19406, 3720652, CUJ=J<SPLASHSCREEN_EXIT_ANIM>
10-28 15:38:24.074   870   915 V PerfettoTrigger: Not triggering com.android.telemetry.interaction-jank-monitor-39 - not enough time since last trigger
10-28 15:38:24.203   422   465 W TransactionTracing: Could not find layer handle 0x7b315a68dcf0
10-28 15:38:24.203   422   465 W TransactionTracing: Could not find layer handle 0x7b315a687330
10-28 15:38:24.203   422   465 W TransactionTracing: Could not find layer handle 0x7b315a687330
10-28 15:38:24.330  2523  2540 D UiDevice: Searching for node with selector: BySelector [TEXT='\QGet Started\E'].
10-28 15:38:24.920  2523  2540 D UiDevice: Searching for node with selector: BySelector [TEXT='\QGet Started\E'].
10-28 15:38:25.022  2523  2540 D UiDevice: Searching for node with selector: BySelector [TEXT='\QGet Started\E'].
10-28 15:38:25.125  2523  2540 D UiDevice: Searching for node with selector: BySelector [TEXT='\QGet Started\E'].
10-28 15:38:25.228  2523  2540 D UiDevice: Searching for node with selector: BySelector [TEXT='\QGet Started\E'].
10-28 15:38:25.331  2523  2540 D UiDevice: Searching for node with selector: BySelector [TEXT='\QGet Started\E'].
10-28 15:38:25.434  2523  2540 D UiDevice: Searching for node with selector: BySelector [TEXT='\QGet Started\E'].
10-28 15:38:25.537  2523  2540 D UiDevice: Searching for node with selector: BySelector [TEXT='\QGet Started\E'].
10-28 15:38:25.640  2523  2540 D UiDevice: Searching for node with selector: BySelector [TEXT='\QGet Started\E'].
10-28 15:38:25.742  2523  2540 D UiDevice: Searching for node with selector: BySelector [TEXT='\QGet Started\E'].
10-28 15:38:25.845  2523  2540 D UiDevice: Searching for node with selector: BySelector [TEXT='\QGet Started\E'].
10-28 15:38:25.947  2523  2540 D UiDevice: Searching for node with selector: BySelector [TEXT='\QGet Started\E'].
10-28 15:38:26.049  2523  2540 D UiDevice: Searching for node with selector: BySelector [TEXT='\QGet Started\E'].
10-28 15:38:26.152  2523  2540 D UiDevice: Searching for node with selector: BySelector [TEXT='\QGet Started\E'].
10-28 15:38:26.254  2523  2540 D UiDevice: Searching for node with selector: BySelector [TEXT='\QGet Started\E'].
10-28 15:38:26.357  2523  2540 D UiDevice: Searching for node with selector: BySelector [TEXT='\QGet Started\E'].
10-28 15:38:26.460  2523  2540 D UiDevice: Searching for node with selector: BySelector [TEXT='\QGet Started\E'].
10-28 15:38:26.563  2523  2540 D UiDevice: Searching for node with selector: BySelector [TEXT='\QGet Started\E'].
10-28 15:38:26.665  2523  2540 D UiDevice: Searching for node with selector: BySelector [TEXT='\QGet Started\E'].
10-28 15:38:26.767  2523  2540 D UiDevice: Searching for node with selector: BySelector [TEXT='\QGet Started\E'].
10-28 15:38:26.870  2523  2540 D UiDevice: Searching for node with selector: BySelector [TEXT='\QGet Started\E'].
10-28 15:38:26.973  2523  2540 D UiDevice: Searching for node with selector: BySelector [TEXT='\QGet Started\E'].
10-28 15:38:27.075  2523  2540 D UiDevice: Searching for node with selector: BySelector [TEXT='\QGet Started\E'].
10-28 15:38:27.178  2523  2540 D UiDevice: Searching for node with selector: BySelector [TEXT='\QGet Started\E'].
10-28 15:38:27.280  2523  2540 D UiDevice: Searching for node with selector: BySelector [TEXT='\QGet Started\E'].
10-28 15:38:27.383  2523  2540 D UiDevice: Searching for node with selector: BySelector [TEXT='\QGet Started\E'].
10-28 15:38:27.486  2523  2540 D UiDevice: Searching for node with selector: BySelector [TEXT='\QGet Started\E'].
10-28 15:38:27.589  2523  2540 D UiDevice: Searching for node with selector: BySelector [TEXT='\QGet Started\E'].
10-28 15:38:27.691  2523  2540 D UiDevice: Searching for node with selector: BySelector [TEXT='\QGet Started\E'].
10-28 15:38:27.794  2523  2540 D UiDevice: Searching for node with selector: BySelector [TEXT='\QGet Started\E'].
10-28 15:38:27.897  2523  2540 D UiDevice: Searching for node with selector: BySelector [TEXT='\QGet Started\E'].
10-28 15:38:27.999  2523  2540 D UiDevice: Searching for node with selector: BySelector [TEXT='\QGet Started\E'].
10-28 15:38:28.102  2523  2540 D UiDevice: Searching for node with selector: BySelector [TEXT='\QGet Started\E'].
10-28 15:38:28.205  2523  2540 D UiDevice: Searching for node with selector: BySelector [TEXT='\QGet Started\E'].
10-28 15:38:28.308  2523  2540 D UiDevice: Searching for node with selector: BySelector [TEXT='\QGet Started\E'].
10-28 15:38:28.411  2523  2540 D UiDevice: Searching for node with selector: BySelector [TEXT='\QGet Started\E'].
10-28 15:38:28.513  2523  2540 D UiDevice: Searching for node with selector: BySelector [TEXT='\QGet Started\E'].
10-28 15:38:28.616  2523  2540 D UiDevice: Searching for node with selector: BySelector [TEXT='\QGet Started\E'].
10-28 15:38:28.718  2523  2540 D UiDevice: Searching for node with selector: BySelector [TEXT='\QGet Started\E'].
10-28 15:38:28.821  2523  2540 D UiDevice: Searching for node with selector: BySelector [TEXT='\QGet Started\E'].
10-28 15:38:28.923  2523  2540 D UiDevice: Searching for node with selector: BySelector [TEXT='\QGet Started\E'].
10-28 15:38:29.025  2523  2540 D UiDevice: Searching for node with selector: BySelector [TEXT='\QGet Started\E'].
10-28 15:38:29.128  2523  2540 D UiDevice: Searching for node with selector: BySelector [TEXT='\QGet Started\E'].
10-28 15:38:29.231  2523  2540 D UiDevice: Searching for node with selector: BySelector [TEXT='\QGet Started\E'].
10-28 15:38:29.333  2523  2540 D UiDevice: Searching for node with selector: BySelector [TEXT='\QGet Started\E'].
10-28 15:38:29.435  2523  2540 D UiDevice: Searching for node with selector: BySelector [TEXT='\QGet Started\E'].
10-28 15:38:29.538  2523  2540 D UiDevice: Searching for node with selector: BySelector [TEXT='\QGet Started\E'].
10-28 15:38:29.640  2523  2540 D UiDevice: Searching for node with selector: BySelector [TEXT='\QGet Started\E'].
10-28 15:38:29.743  2523  2540 D UiDevice: Searching for node with selector: BySelector [TEXT='\QGet Started\E'].
10-28 15:38:29.845  2523  2540 D UiDevice: Searching for node with selector: BySelector [TEXT='\QGet Started\E'].
10-28 15:38:29.948  2523  2540 D UiDevice: Searching for node with selector: BySelector [TEXT='\QGet Started\E'].
10-28 15:38:30.050  2523  2540 D UiDevice: Searching for node with selector: BySelector [TEXT='\QGet Started\E'].
10-28 15:38:30.153  2523  2540 D UiDevice: Searching for node with selector: BySelector [TEXT='\QGet Started\E'].
10-28 15:38:30.255  2523  2540 D UiDevice: Searching for node with selector: BySelector [TEXT='\QGet Started\E'].
10-28 15:38:30.358  2523  2540 D UiDevice: Searching for node with selector: BySelector [TEXT='\QGet Started\E'].
10-28 15:38:30.460  2523  2540 D UiDevice: Searching for node with selector: BySelector [TEXT='\QGet Started\E'].
10-28 15:38:30.563  2523  2540 D UiDevice: Searching for node with selector: BySelector [TEXT='\QGet Started\E'].
10-28 15:38:30.665  2523  2540 D UiDevice: Searching for node with selector: BySelector [TEXT='\QGet Started\E'].
10-28 15:38:30.768  2523  2540 D UiDevice: Searching for node with selector: BySelector [TEXT='\QGet Started\E'].
10-28 15:38:30.870  2523  2540 D UiDevice: Searching for node with selector: BySelector [TEXT='\QGet Started\E'].
10-28 15:38:30.973  2523  2540 D UiDevice: Searching for node with selector: BySelector [TEXT='\QGet Started\E'].
10-28 15:38:31.076  2523  2540 D UiDevice: Searching for node with selector: BySelector [TEXT='\QGet Started\E'].
10-28 15:38:31.178  2523  2540 D UiDevice: Searching for node with selector: BySelector [TEXT='\QGet Started\E'].
10-28 15:38:31.281  2523  2540 D UiDevice: Searching for node with selector: BySelector [TEXT='\QGet Started\E'].
10-28 15:38:31.383  2523  2540 D UiDevice: Searching for node with selector: BySelector [TEXT='\QGet Started\E'].
10-28 15:38:31.486  2523  2540 D UiDevice: Searching for node with selector: BySelector [TEXT='\QGet Started\E'].
10-28 15:38:31.588  2523  2540 D UiDevice: Searching for node with selector: BySelector [TEXT='\QGet Started\E'].
10-28 15:38:31.690  2523  2540 D UiDevice: Searching for node with selector: BySelector [TEXT='\QGet Started\E'].
10-28 15:38:31.792  2523  2540 D UiDevice: Searching for node with selector: BySelector [TEXT='\QGet Started\E'].
10-28 15:38:31.895  2523  2540 D UiDevice: Searching for node with selector: BySelector [TEXT='\QGet Started\E'].
10-28 15:38:31.997  2523  2540 D UiDevice: Searching for node with selector: BySelector [TEXT='\QGet Started\E'].
10-28 15:38:32.100  2523  2540 D UiDevice: Searching for node with selector: BySelector [TEXT='\QGet Started\E'].
10-28 15:38:32.202  2523  2540 D UiDevice: Searching for node with selector: BySelector [TEXT='\QGet Started\E'].
10-28 15:38:32.304  2523  2540 D UiDevice: Searching for node with selector: BySelector [TEXT='\QGet Started\E'].
10-28 15:38:32.407  2523  2540 D UiDevice: Searching for node with selector: BySelector [TEXT='\QGet Started\E'].
10-28 15:38:32.509  2523  2540 D UiDevice: Searching for node with selector: BySelector [TEXT='\QGet Started\E'].
10-28 15:38:32.612  2523  2540 D UiDevice: Searching for node with selector: BySelector [TEXT='\QGet Started\E'].
10-28 15:38:32.714  2523  2540 D UiDevice: Searching for node with selector: BySelector [TEXT='\QGet Started\E'].
10-28 15:38:32.817  2523  2540 D UiDevice: Searching for node with selector: BySelector [TEXT='\QGet Started\E'].
10-28 15:38:32.920  2523  2540 D UiDevice: Searching for node with selector: BySelector [TEXT='\QGet Started\E'].
10-28 15:38:33.022  2523  2540 D UiDevice: Searching for node with selector: BySelector [TEXT='\QGet Started\E'].
10-28 15:38:33.125  2523  2540 D UiDevice: Searching for node with selector: BySelector [TEXT='\QGet Started\E'].
10-28 15:38:33.228  2523  2540 D UiDevice: Searching for node with selector: BySelector [TEXT='\QGet Started\E'].
10-28 15:38:33.331  2523  2540 D UiDevice: Searching for node with selector: BySelector [TEXT='\QGet Started\E'].
10-28 15:38:33.433  2523  2540 D UiDevice: Searching for node with selector: BySelector [TEXT='\QGet Started\E'].
10-28 15:38:33.535  2523  2540 D UiDevice: Searching for node with selector: BySelector [TEXT='\QGet Started\E'].
10-28 15:38:33.638  2523  2540 D UiDevice: Searching for node with selector: BySelector [TEXT='\QGet Started\E'].
10-28 15:38:33.740  2523  2540 D UiDevice: Searching for node with selector: BySelector [TEXT='\QGet Started\E'].
10-28 15:38:33.843  2523  2540 D UiDevice: Searching for node with selector: BySelector [TEXT='\QGet Started\E'].
10-28 15:38:34.845  2523  2540 D UiDevice: Retrieving node with selector: BySelector [TEXT='\QGet Started\E'].
10-28 15:38:34.848  2523  2540 D UiDevice: Node not found with selector: BySelector [TEXT='\QGet Started\E'].
10-28 15:38:38.855  2617  2638 D UstadCache: CacheTrimmer:  Trim cache run: max (evictable) size = 100000000 bytes
10-28 15:38:38.856  2617  2638 V UstadCache: CacheTrimmer:  deleting
10-28 15:38:39.848  2523  2540 D Benchmark: Profile Installer - Save Profile
10-28 15:38:39.866  2617  2617 I Process : Sending signal. PID: 2617 SIG: 10
10-28 15:38:39.866  2617  2617 D ProfileInstaller:
10-28 15:38:39.866  2617  2622 I nayestane.ustad: Thread[6,tid=2622,WaitingInMainSignalCatcherLoop,Thread*=0x7f5acd2a1200,peer=0x13781fb0,"Signal Catcher"]: reacting to signal 10
10-28 15:38:39.866  2617  2622 I nayestane.ustad:
10-28 15:38:39.866  2617  2622 I nayestane.ustad: SIGUSR1 forcing GC (no HPROF) and profile save
10-28 15:38:39.891  2617  2622 I nayestane.ustad: Explicit concurrent copying GC freed 191347(7278KB) AllocSpace objects, 11(292KB) LOS objects, 49% free, 7953KB/15MB, paused 60us,17us total 24.462ms
10-28 15:38:39.893  2617  2628 W System  : A resource failed to call close.
10-28 15:38:40.368  2523  2540 D Benchmark: Killing process org.nayestane.ustad
10-28 15:38:40.368  2523  2540 D UiDevice: Executing shell command: killall org.nayestane.ustad
10-28 15:38:40.383  1495  2561 W MediaProvider: isAppCloneUserPair for user 0: false
10-28 15:38:40.383  1495  2561 V MediaProvider: Inserted id:1000000103 less than next row id backup:1000001000.
10-28 15:38:40.416   582  1659 I PackageDexOptimizer: Running dexopt (dexoptNeeded=-3) on: /data/app/~~ZJQ7sXylsANplpuIJprZpw==/org.nayestane.ustad-MZAU5CLP1yOCe01YQZ7TaA==/base.apk pkg=org.nayestane.ustad isa=x86_64 dexoptFlags=boot_complete,profile_guided,force,enable_hidden_api_checks targetFilter=speed-profile oatDir=/data/app/~~ZJQ7sXylsANplpuIJprZpw==/org.nayestane.ustad-MZAU5CLP1yOCe01YQZ7TaA==/oat classLoaderContext=PCL[]{PCL[/system_ext/framework/androidx.window.extensions.jar]#PCL[/system_ext/framework/androidx.window.sidecar.jar]}
10-28 15:38:40.417   502   665 V installd: DexInv: --- BEGIN '/data/app/~~ZJQ7sXylsANplpuIJprZpw==/org.nayestane.ustad-MZAU5CLP1yOCe01YQZ7TaA==/base.apk' ---
10-28 15:38:40.417   502   665 V installd: Running /apex/com.android.art/bin/dex2oat64 in=base.apk out=/data/app/~~ZJQ7sXylsANplpuIJprZpw==/org.nayestane.ustad-MZAU5CLP1yOCe01YQZ7TaA==/oat/x86_64/base.odex
10-28 15:38:40.426  4225  4225 W dex2oat64: Unexpected CPU variant for x86: x86_64.
10-28 15:38:40.426  4225  4225 W dex2oat64: Known variants: atom, sandybridge, silvermont, kabylake, default
10-28 15:38:40.427  4225  4225 W dex2oat64: Mismatch between dex2oat instruction set features to use (ISA: X86_64 Feature string: -ssse3,-sse4.1,-sse4.2,-avx,-avx2,-popcnt) and those from CPP defines (ISA: X86_64 Feature string: ssse3,sse4.1,sse4.2,-avx,-avx2,popcnt) for the command line:
10-28 15:38:40.427  4225  4225 W dex2oat64: /apex/com.android.art/bin/dex2oat64 --zip-fd=8 --zip-location=base.apk --oat-fd=9 --oat-location=/data/app/~~ZJQ7sXylsANplpuIJprZpw==/org.nayestane.ustad-MZAU5CLP1yOCe01YQZ7TaA==/oat/x86_64/base.odex --input-vdex-fd=11 --output-vdex-fd=10 --app-image-fd=14 --image-format=lz4 --profile-file-fd=13 --swap-fd=12 --classpath-dir=/data/app/~~ZJQ7sXylsANplpuIJprZpw==/org.nayestane.ustad-MZAU5CLP1yOCe01YQZ7TaA== --class-loader-context=PCL[]{PCL[/system_ext/framework/androidx.window.extensions.jar]#PCL[/system_ext/framework/androidx.window.sidecar.jar]} --instruction-set=x86_64 --instruction-set-features=default --instruction-set-variant=x86_64 --compiler-filter=speed-profile --compilation-reason=cmdline --max-image-block-size=524288 --resolve-startup-const-strings=true --generate-mini-debug-info --runtime-arg -Xtarget-sdk-version:34 --runtime-arg -Xhidden-api-policy:enabled --runtime-arg -Xms64m --runtime-arg -Xmx512m
10-28 15:38:40.429  4225  4225 I dex2oat64: /apex/com.android.art/bin/dex2oat64 --input-vdex-fd=11 --output-vdex-fd=10 --profile-file-fd=13 --classpath-dir=/data/app/~~ZJQ7sXylsANplpuIJprZpw==/org.nayestane.ustad-MZAU5CLP1yOCe01YQZ7TaA== --class-loader-context=PCL[]{PCL[/system_ext/framework/androidx.window.extensions.jar]#PCL[/system_ext/framework/androidx.window.sidecar.jar]} --compiler-filter=speed-profile --compilation-reason=cmdline --max-image-block-size=524288 --resolve-startup-const-strings=true --generate-mini-debug-info
10-28 15:38:44.159  4225  4225 W dex2oat64: Accessing hidden method Landroid/window/BackEvent;->getProgress()F (blocked, linking, denied)
10-28 15:38:44.159  4225  4225 W dex2oat64: Accessing hidden method Landroid/window/BackEvent;->getSwipeEdge()I (blocked, linking, denied)
10-28 15:38:44.159  4225  4225 W dex2oat64: Accessing hidden method Landroid/window/BackEvent;->getTouchX()F (blocked, linking, denied)
10-28 15:38:44.159  4225  4225 W dex2oat64: Accessing hidden method Landroid/window/BackEvent;->getTouchY()F (blocked, linking, denied)
10-28 15:38:44.391  4225  4228 W dex2oat64: Method java.lang.Object androidx.compose.runtime.snapshots.SnapshotStateMap.mutate(kotlin.jvm.functions.Function1) failed lock verification and will run slower.
10-28 15:38:44.391  4225  4228 W dex2oat64: Common causes for lock verification issues are non-optimized dex code
10-28 15:38:44.391  4225  4228 W dex2oat64: and incorrect proguard optimizations.
10-28 15:38:44.391  4225  4228 W dex2oat64: Method void androidx.compose.runtime.snapshots.SnapshotStateMap.update(kotlin.jvm.functions.Function1) failed lock verification and will run slower.
10-28 15:38:44.391  4225  4228 W dex2oat64: Method boolean androidx.compose.runtime.snapshots.SnapshotStateMap.removeIf$runtime_release(kotlin.jvm.functions.Function1) failed lock verification and will run slower.
10-28 15:38:44.411  4225  4229 W dex2oat64: Method boolean androidx.compose.runtime.snapshots.SnapshotStateList.conditionalUpdate(boolean, kotlin.jvm.functions.Function1) failed lock verification and will run slower.
10-28 15:38:44.411  4225  4229 W dex2oat64: Method boolean androidx.compose.runtime.snapshots.SnapshotStateList.conditionalUpdate$default(androidx.compose.runtime.snapshots.SnapshotStateList, boolean, kotlin.jvm.functions.Function1, int, java.lang.Object) failed lock verification and will run slower.
10-28 15:38:44.412  4225  4229 W dex2oat64: Method java.lang.Object androidx.compose.runtime.snapshots.SnapshotStateList.mutate(kotlin.jvm.functions.Function1) failed lock verification and will run slower.
10-28 15:38:44.412  4225  4229 W dex2oat64: Method void androidx.compose.runtime.snapshots.SnapshotStateList.update(boolean, kotlin.jvm.functions.Function1) failed lock verification and will run slower.
10-28 15:38:44.412  4225  4229 W dex2oat64: Method void androidx.compose.runtime.snapshots.SnapshotStateList.update$default(androidx.compose.runtime.snapshots.SnapshotStateList, boolean, kotlin.jvm.functions.Function1, int, java.lang.Object) failed lock verification and will run slower.
10-28 15:38:45.626  4225  4225 I dex2oat64: Explicit concurrent copying GC freed 197102(31MB) AllocSpace objects, 0(0B) LOS objects, 49% free, 2157KB/4315KB, paused 16us,1us total 6.608ms
10-28 15:38:45.927  4225  4225 I dex2oat64: dex2oat took 5.501s (8.973s cpu) (threads: 4) arena alloc=10MB (10526904B) java alloc=2157KB (2209576B) native alloc=22MB (23489888B) free=145MB (152739376B)
10-28 15:38:45.953   502   665 V installd: DexInv: --- END '/data/app/~~ZJQ7sXylsANplpuIJprZpw==/org.nayestane.ustad-MZAU5CLP1yOCe01YQZ7TaA==/base.apk' (success) ---
10-28 15:38:45.994  1495  1688 W MediaProvider: isAppCloneUserPair for user 0: false
10-28 15:38:45.994  1495  1688 V MediaProvider: Inserted id:1000000104 less than next row id backup:1000001000.
10-28 15:38:46.353  4245  4245 W profman : profman took 333.275ms
10-28 15:38:46.379  1495  2589 W MediaProvider: isAppCloneUserPair for user 0: false
10-28 15:38:46.380  1495  2589 V MediaProvider: Inserted id:1000000105 less than next row id backup:1000001000.
10-28 15:38:46.683  1495  2561 I MediaProvider: Deleted 0 0 0 0 0 0 0 items on external_primary due to com.ustadmobile.app_android_baselineprofile
10-28 15:38:47.525  2523  2540 D Benchmark: Unstable profiles during iteration 14
10-28 15:38:47.525  2523  2540 D Benchmark: Killing package org.nayestane.ustad
10-28 15:38:47.525  2523  2540 D Benchmark: Killing process org.nayestane.ustad
10-28 15:38:47.525  2523  2540 D UiDevice: Executing shell command: killall org.nayestane.ustad
10-28 15:38:47.537  2523  2540 D Benchmark: Compile iteration (15) for org.nayestane.ustad
10-28 15:38:47.537  2523  2540 D UiDevice: Pressing home button.
10-28 15:38:47.557   870   870 V ShadeControllerImpl: NotificationShadeWindow: com.android.systemui.shade.NotificationShadeWindowView{963422f I.E...... ......ID 0,0-320,640} canPanelBeCollapsed(): false
10-28 15:38:47.559  1133  1133 D TaplTarget: Launcher.onNewIntent: Intent { act=android.intent.action.MAIN cat=[android.intent.category.HOME] flg=0x10400100 cmp=com.android.launcher3/.uioverrides.QuickstepLauncher (has extras) }
10-28 15:38:47.563   870   870 V ShadeControllerImpl: NotificationShadeWindow: com.android.systemui.shade.NotificationShadeWindowView{963422f I.E...... ......ID 0,0-320,640} canPanelBeCollapsed(): false
10-28 15:38:47.586   422   422 I BpBinder: onLastStrongRef automatically unlinking death recipients: <uncached descriptor>
10-28 15:38:47.586   422   465 W TransactionTracing: Could not find layer handle 0x7b315a685b30
10-28 15:38:47.594   870   976 D EGL_emulation: app_time_stats: avg=827.61ms min=14.23ms max=23253.53ms count=29
10-28 15:38:47.595  1495  3294 W MediaProvider: isAppCloneUserPair for user 0: false
10-28 15:38:47.595  1495  3294 V MediaProvider: Inserted id:1000000106 less than next row id backup:1000001000.
10-28 15:38:47.642  2523  2540 I System.out: 0 Flags,FrameTimelineVsyncId,IntendedVsync,Vsync,InputEventId,HandleInputStart,AnimationStart,PerformTraversalsStart,DrawStart,FrameDeadline,FrameInterval,FrameStartTime,SyncQueued,SyncStart,IssueDrawCommandsStart,SwapBuffers,FrameCompleted,DequeueBufferDuration,QueueBufferDuration,GpuCompleted,SwapBuffersCompleted,DisplayPresentTime,CommandSubmissionCompleted,
