10-28 15:32:57.770  2523  2540 I TestRunner: started: generate(com.ustadmobile.app_android_baselineprofile.BaselineProfileGenerator)
10-28 15:32:57.861  2523  2542 V UiAutomation: Init UiAutomation@bfdb8a9[id=1, flags=0]
10-28 15:32:57.894  2523  2540 I UiAutomationShellCmd: Requesting permission: pm grant com.ustadmobile.app_android_baselineprofile android.permission.READ_EXTERNAL_STORAGE
10-28 15:32:57.895  2523  2540 W UiAutomation: UiAutomation.grantRuntimePermission() is more robust and should be used instead of 'pm grant'
10-28 15:32:57.955  1495  1509 I MediaProvider: Invalidating LocalCallingIdentity cache for package com.ustadmobile.app_android_baselineprofile. Reason: op android:read_external_storage
10-28 15:32:57.957  2523  2540 I UiAutomationShellCmd: Requesting permission: pm grant com.ustadmobile.app_android_baselineprofile android.permission.WRITE_EXTERNAL_STORAGE
10-28 15:32:57.957  2523  2540 W UiAutomation: UiAutomation.grantRuntimePermission() is more robust and should be used instead of 'pm grant'
10-28 15:32:57.982  1495  1509 I MediaProvider: Invalidating LocalCallingIdentity cache for package com.ustadmobile.app_android_baselineprofile. Reason: op android:read_external_storage
10-28 15:32:58.045  2523  2540 D Benchmark: additionalTestOutputDir=/sdcard/Android/media/com.ustadmobile.app_android_baselineprofile/additional_test_output
10-28 15:32:58.052  2523  2540 I UiDevice: Creating a new instance, old instance exists: false
10-28 15:32:58.063  2523  2540 D UiDevice: Setting accessibility service flags: 65618
10-28 15:32:58.089  2523  2540 D UiDevice: Turning on screen.
10-28 15:32:58.222  2523  2540 D Benchmark: Usable output directory: /storage/emulated/0/Android/media/com.ustadmobile.app_android_baselineprofile
10-28 15:32:58.222  2523  2540 D Benchmark: Output Directory: /sdcard/Android/media/com.ustadmobile.app_android_baselineprofile/additional_test_output
10-28 15:32:58.235  1495  1688 W MediaProvider: isAppCloneUserPair for user 0: false
10-28 15:32:58.238  1495  1688 V MediaProvider: Inserted id:1000000019 less than next row id backup:1000001000.
10-28 15:32:58.279  1495  1681 W MediaProvider: isAppCloneUserPair for user 0: false
10-28 15:32:58.280  1495  1681 V MediaProvider: Inserted id:1000000020 less than next row id backup:1000001000.
10-28 15:32:58.411  1495  2561 I MediaProvider: Deleted 1 0 0 0 0 0 0 items on external_primary due to com.ustadmobile.app_android_baselineprofile
10-28 15:32:58.568  1495  1681 D CompatibilityChangeReporter: Compat change id reported: 183155436; UID 10125; state: ENABLED
10-28 15:32:58.573  1495  1681 I MediaProvider: Invalidating LocalCallingIdentity cache for package com.ustadmobile.app_android_baselineprofile. Reason: owned_database_row_deleted:/storage/emulated/0/Android/media/com.ustadmobile.app_android_baselineprofile/temporaryScript3959399310109685033.tmp
10-28 15:32:58.575  1495  1681 I MediaProvider: Deleted 1 0 0 0 0 0 0 items on external_primary due to com.android.shell
10-28 15:32:58.581  2523  2540 D Benchmark: Killing process org.nayestane.ustad
10-28 15:32:58.581  2523  2540 D UiDevice: Executing shell command: killall org.nayestane.ustad
10-28 15:32:58.657  2523  2540 D Benchmark: Resetting compiled state for org.nayestane.ustad for stable profiles.
10-28 15:32:58.658  2523  2540 D Benchmark: Resetting org.nayestane.ustad
10-28 15:32:58.658  2523  2540 D Benchmark: Re-compiling org.nayestane.ustad
10-28 15:32:58.675  1495  1688 W MediaProvider: isAppCloneUserPair for user 0: false
10-28 15:32:58.676  1495  1688 V MediaProvider: Inserted id:1000000021 less than next row id backup:1000001000.
10-28 15:32:58.821   582   863 I PackageDexOptimizer: Running dexopt (dexoptNeeded=-3) on: /data/app/~~ZJQ7sXylsANplpuIJprZpw==/org.nayestane.ustad-MZAU5CLP1yOCe01YQZ7TaA==/base.apk pkg=org.nayestane.ustad isa=x86_64 dexoptFlags=boot_complete,profile_guided,force,enable_hidden_api_checks targetFilter=speed-profile oatDir=/data/app/~~ZJQ7sXylsANplpuIJprZpw==/org.nayestane.ustad-MZAU5CLP1yOCe01YQZ7TaA==/oat classLoaderContext=PCL[]{PCL[/system_ext/framework/androidx.window.extensions.jar]#PCL[/system_ext/framework/androidx.window.sidecar.jar]}
10-28 15:32:58.834   502   665 V installd: DexInv: --- BEGIN '/data/app/~~ZJQ7sXylsANplpuIJprZpw==/org.nayestane.ustad-MZAU5CLP1yOCe01YQZ7TaA==/base.apk' ---
10-28 15:32:58.834   502   665 V installd: Running /apex/com.android.art/bin/dex2oat64 in=base.apk out=/data/app/~~ZJQ7sXylsANplpuIJprZpw==/org.nayestane.ustad-MZAU5CLP1yOCe01YQZ7TaA==/oat/x86_64/base.odex
10-28 15:32:58.874  2598  2598 W dex2oat64: Unexpected CPU variant for x86: x86_64.
10-28 15:32:58.874  2598  2598 W dex2oat64: Known variants: atom, sandybridge, silvermont, kabylake, default
10-28 15:32:58.878  2598  2598 W dex2oat64: Mismatch between dex2oat instruction set features to use (ISA: X86_64 Feature string: -ssse3,-sse4.1,-sse4.2,-avx,-avx2,-popcnt) and those from CPP defines (ISA: X86_64 Feature string: ssse3,sse4.1,sse4.2,-avx,-avx2,popcnt) for the command line:
10-28 15:32:58.878  2598  2598 W dex2oat64: /apex/com.android.art/bin/dex2oat64 --zip-fd=8 --zip-location=base.apk --oat-fd=9 --oat-location=/data/app/~~ZJQ7sXylsANplpuIJprZpw==/org.nayestane.ustad-MZAU5CLP1yOCe01YQZ7TaA==/oat/x86_64/base.odex --input-vdex-fd=11 --output-vdex-fd=10 --app-image-fd=14 --image-format=lz4 --profile-file-fd=13 --swap-fd=12 --classpath-dir=/data/app/~~ZJQ7sXylsANplpuIJprZpw==/org.nayestane.ustad-MZAU5CLP1yOCe01YQZ7TaA== --class-loader-context=PCL[]{PCL[/system_ext/framework/androidx.window.extensions.jar]#PCL[/system_ext/framework/androidx.window.sidecar.jar]} --instruction-set=x86_64 --instruction-set-features=default --instruction-set-variant=x86_64 --compiler-filter=speed-profile --compilation-reason=cmdline --max-image-block-size=524288 --resolve-startup-const-strings=true --generate-mini-debug-info --runtime-arg -Xtarget-sdk-version:34 --runtime-arg -Xhidden-api-policy:enabled --runtime-arg -Xms64m --runtime-arg -Xmx512m
10-28 15:32:58.878  2598  2598 I dex2oat64: /apex/com.android.art/bin/dex2oat64 --input-vdex-fd=11 --output-vdex-fd=10 --profile-file-fd=13 --classpath-dir=/data/app/~~ZJQ7sXylsANplpuIJprZpw==/org.nayestane.ustad-MZAU5CLP1yOCe01YQZ7TaA== --class-loader-context=PCL[]{PCL[/system_ext/framework/androidx.window.extensions.jar]#PCL[/system_ext/framework/androidx.window.sidecar.jar]} --compiler-filter=speed-profile --compilation-reason=cmdline --max-image-block-size=524288 --resolve-startup-const-strings=true --generate-mini-debug-info
10-28 15:33:00.095   870   976 D EGL_emulation: app_time_stats: avg=60042.68ms min=60042.68ms max=60042.68ms count=1
10-28 15:33:02.179  2523  2600 D ProfileInstaller: Installing profile for com.ustadmobile.app_android_baselineprofile
10-28 15:33:07.291  2598  2598 I dex2oat64: Explicit concurrent copying GC freed 206443(33MB) AllocSpace objects, 0(0B) LOS objects, 99% free, 6872B/1542KB, paused 26us,4us total 5.318ms
10-28 15:33:07.422  2598  2598 I dex2oat64: dex2oat took 8.548s (6.877s cpu) (threads: 4) arena alloc=0B (0B) java alloc=6872B (6872B) native alloc=3862KB (3955264B) free=153MB (160752720B)
10-28 15:33:07.516   502   665 V installd: DexInv: --- END '/data/app/~~ZJQ7sXylsANplpuIJprZpw==/org.nayestane.ustad-MZAU5CLP1yOCe01YQZ7TaA==/base.apk' (success) ---
10-28 15:33:07.685  2523  2540 D Benchmark: Profile Installer - Skip File Operation: WRITE_SKIP_FILE
10-28 15:33:07.758   372   372 D Zygote  : Forked child process 2617
10-28 15:33:07.782  2617  2617 W nayestane.ustad: Unexpected CPU variant for x86: x86_64.
10-28 15:33:07.782  2617  2617 W nayestane.ustad: Known variants: atom, sandybridge, silvermont, kabylake, default
10-28 15:33:07.835   464   475 I adbd    : jdwp connection from 2617
10-28 15:33:07.857  2617  2617 D CompatibilityChangeReporter: Compat change id reported: 171979766; UID 10126; state: ENABLED
10-28 15:33:07.898  2617  2617 V GraphicsEnvironment: ANGLE Developer option for 'org.nayestane.ustad' set to: 'default'
10-28 15:33:07.898  2617  2617 V GraphicsEnvironment: ANGLE GameManagerService for org.nayestane.ustad: false
10-28 15:33:07.898  2617  2617 V GraphicsEnvironment: Neither updatable production driver nor prerelease driver is supported.
10-28 15:33:07.899  2617  2617 D NetworkSecurityConfig: No Network Security Config specified, using platform default
10-28 15:33:07.899  2617  2617 D NetworkSecurityConfig: No Network Security Config specified, using platform default
10-28 15:33:07.917  2617  2617 I ACRA    : ACRA is enabled for org.nayestane.ustad, initializing...
10-28 15:33:08.026  2617  2617 D WM-WrkMgrInitializer: Initializing WorkManager with default configuration.
10-28 15:33:08.043  2617  2617 W nayestane.ustad: Accessing hidden field Ljava/util/Collections$SynchronizedCollection;->mutex:Ljava/lang/Object; (max-target-o, reflection, denied)
10-28 15:33:08.043  2617  2617 W nayestane.ustad: Accessing hidden method Ljava/util/Collections$SynchronizedSet;-><init>(Ljava/util/Set;Ljava/lang/Object;)V (max-target-o, reflection, denied)
10-28 15:33:08.043  2617  2617 W nayestane.ustad: Accessing hidden method Ljava/util/Collections$SynchronizedCollection;-><init>(Ljava/util/Collection;Ljava/lang/Object;)V (max-target-o, reflection, denied)
10-28 15:33:08.067  2617  2617 D WM-PackageManagerHelper: androidx.work.impl.background.systemjob.SystemJobService enabled
10-28 15:33:08.067  2617  2617 D WM-Schedulers: Created SystemJobScheduler and enabled SystemJobService
10-28 15:33:08.090  2617  2617 D ProfileInstaller: RESULT_INSTALL_SKIP_FILE_SUCCESS
10-28 15:33:08.098  2523  2540 D Benchmark: Killing process org.nayestane.ustad
10-28 15:33:08.098  2523  2540 D Benchmark: Killing process org.nayestane.ustad
10-28 15:33:08.098  2523  2540 D UiDevice: Executing shell command: killall org.nayestane.ustad
10-28 15:33:08.141  2523  2540 D UiDevice: Pressing home button.
10-28 15:33:08.171  2617  2636 D TrafficStats: tagSocket(74) with statsTag=0xffffffff, statsUid=-1
10-28 15:33:08.171  2617  2635 D CompatibilityChangeReporter: Compat change id reported: 160794467; UID 10126; state: ENABLED
10-28 15:33:08.225   870   976 D EGL_emulation: app_time_stats: avg=8129.56ms min=8129.56ms max=8129.56ms count=1
10-28 15:33:08.228   870   870 V ShadeControllerImpl: NotificationShadeWindow: com.android.systemui.shade.NotificationShadeWindowView{963422f I.E...... ......ID 0,0-320,640} canPanelBeCollapsed(): false
10-28 15:33:08.235  1133  1133 D TaplTarget: Launcher.onNewIntent: Intent { act=android.intent.action.MAIN cat=[android.intent.category.HOME] flg=0x10000100 cmp=com.android.launcher3/.uioverrides.QuickstepLauncher (has extras) }
10-28 15:33:08.265  1495  1681 W MediaProvider: isAppCloneUserPair for user 0: false
10-28 15:33:08.266  1495  1681 V MediaProvider: Inserted id:1000000022 less than next row id backup:1000001000.
10-28 15:33:08.279   870   870 V ShadeControllerImpl: NotificationShadeWindow: com.android.systemui.shade.NotificationShadeWindowView{963422f I.E...... ......ID 0,0-320,640} canPanelBeCollapsed(): false
10-28 15:33:08.366  2523  2540 D Benchmark: Starting activity with command: am start  -W "intent:#Intent;action=android.intent.action.MAIN;category=android.intent.category.LAUNCHER;launchFlags=0x10008000;package=org.nayestane.ustad;component=org.nayestane.ustad/com.ustadmobile.port.android.view.AppActivity;end"
10-28 15:33:08.382  1495  2589 W MediaProvider: isAppCloneUserPair for user 0: false
10-28 15:33:08.383  1495  2589 V MediaProvider: Inserted id:1000000023 less than next row id backup:1000001000.
10-28 15:33:08.486   870   926 D SplashScreenView: Build android.window.SplashScreenView{cb524de V.E...... ......ID 0,0-0,0}
10-28 15:33:08.486   870   926 D SplashScreenView: Icon: view: android.widget.ImageView{c1086bf V.ED..... ......I. 0,0-0,0 #10204dc android:id/splashscreen_icon_view} drawable: com.android.wm.shell.startingsurface.SplashscreenIconDrawableFactory$ImmobileIconDrawable@2d1c18c size: 192
10-28 15:33:08.486   870   926 D SplashScreenView: Branding: view: android.view.View{a9040d5 G.ED..... ......I. 0,0-0,0 #10204db android:id/splashscreen_branding_view} drawable: null size w: 0 h: 0
10-28 15:33:08.508  2617  2672 W AppLocalesStorageHelper: Reading app Locales : Locales record file not found: androidx.appcompat.app.AppCompatDelegate.application_locales_record_file
10-28 15:33:08.514  2617  2671 D libEGL  : loaded /vendor/lib64/egl/libEGL_emulation.so
10-28 15:33:08.516  2617  2671 D libEGL  : loaded /vendor/lib64/egl/libGLESv1_CM_emulation.so
10-28 15:33:08.519  2617  2671 D libEGL  : loaded /vendor/lib64/egl/libGLESv2_emulation.so
10-28 15:33:08.520   422   422 I BpBinder: onLastStrongRef automatically unlinking death recipients: <uncached descriptor>
10-28 15:33:08.570  1133  1614 D EGL_emulation: app_time_stats: avg=6678.00ms min=31.75ms max=13324.26ms count=2
10-28 15:33:08.590  2617  2617 W CustomTabsClient: Unable to find any Custom Tabs packages, you may need to add a <queries> element to your manifest. See the docs for CustomTabsClient#getPackageName.
10-28 15:33:08.591  2617  2617 W AppActivity$bindCustomTabsService: CustomTabs: Service NOT supported
10-28 15:33:08.640   870   976 W Parcel  : Expecting binder but got null!
10-28 15:33:08.759  2617  2617 W OnBackInvokedCallback: OnBackInvokedCallback is not enabled for the application.
10-28 15:33:08.759  2617  2617 W OnBackInvokedCallback: Set 'android:enableOnBackInvokedCallback="true"' in the application manifest.
10-28 15:33:08.798   582   938 D ConnectivityService: requestNetwork for uid/pid:10126/2617 activeRequest: null callbackRequest: 46 [NetworkRequest [ REQUEST id=47, [ Capabilities: INTERNET&NOT_RESTRICTED&TRUSTED&NOT_VCN_MANAGED Uid: 10126 RequestorUid: 10126 RequestorPkg: org.nayestane.ustad UnderlyingNetworks: Null] ]] callback flags: 0 order: 2147483647
10-28 15:33:08.798   582   809 D ConnectivityService: NetReassign [47 : null → 100]
10-28 15:33:08.814   582   802 D WifiNetworkFactory: got request NetworkRequest [ REQUEST id=47, [ Capabilities: INTERNET&NOT_RESTRICTED&TRUSTED&NOT_VCN_MANAGED Uid: 10126 RequestorUid: 10126 RequestorPkg: org.nayestane.ustad UnderlyingNetworks: Null] ]
10-28 15:33:08.814   582   802 D UntrustedWifiNetworkFactory: got request NetworkRequest [ REQUEST id=47, [ Capabilities: INTERNET&NOT_RESTRICTED&TRUSTED&NOT_VCN_MANAGED Uid: 10126 RequestorUid: 10126 RequestorPkg: org.nayestane.ustad UnderlyingNetworks: Null] ]
10-28 15:33:08.814   582   802 D OemPaidWifiNetworkFactory: got request NetworkRequest [ REQUEST id=47, [ Capabilities: INTERNET&NOT_RESTRICTED&TRUSTED&NOT_VCN_MANAGED Uid: 10126 RequestorUid: 10126 RequestorPkg: org.nayestane.ustad UnderlyingNetworks: Null] ]
10-28 15:33:08.814   582   802 D MultiInternetWifiNetworkFactory: got request NetworkRequest [ REQUEST id=47, [ Capabilities: INTERNET&NOT_RESTRICTED&TRUSTED&NOT_VCN_MANAGED Uid: 10126 RequestorUid: 10126 RequestorPkg: org.nayestane.ustad UnderlyingNetworks: Null] ]
10-28 15:33:08.818  2617  2617 I MigrateIssue: Creating database name=dars_nayestane_org_v2_
10-28 15:33:08.829  2617  2617 I MigrateIssue: Database built: name=dars_nayestane_org_v2_
10-28 15:33:08.880   422   462 W ServiceManager: Permission failure: android.permission.ACCESS_SURFACE_FLINGER from uid=10126 pid=0
10-28 15:33:08.880   422   462 D PermissionCache: checking android.permission.ACCESS_SURFACE_FLINGER for uid=10126 => denied (245 us)
10-28 15:33:08.880   422   557 W ServiceManager: Permission failure: android.permission.ROTATE_SURFACE_FLINGER from uid=10126 pid=2617
10-28 15:33:08.880   422   557 D PermissionCache: checking android.permission.ROTATE_SURFACE_FLINGER for uid=10126 => denied (189 us)
10-28 15:33:08.881   422   462 W ServiceManager: Permission failure: android.permission.ROTATE_SURFACE_FLINGER from uid=10126 pid=0
10-28 15:33:08.881   422   462 D PermissionCache: checking android.permission.ROTATE_SURFACE_FLINGER for uid=10126 => denied (992 us)
10-28 15:33:08.881   422   557 W ServiceManager: Permission failure: android.permission.INTERNAL_SYSTEM_WINDOW from uid=10126 pid=2617
10-28 15:33:08.881   422   557 D PermissionCache: checking android.permission.INTERNAL_SYSTEM_WINDOW for uid=10126 => denied (796 us)
10-28 15:33:08.882   422   462 W ServiceManager: Permission failure: android.permission.INTERNAL_SYSTEM_WINDOW from uid=10126 pid=0
10-28 15:33:08.882   422   462 D PermissionCache: checking android.permission.INTERNAL_SYSTEM_WINDOW for uid=10126 => denied (1761 us)
10-28 15:33:08.904  2617  2669 D HostConnection: HostComposition ext ANDROID_EMU_CHECKSUM_HELPER_v1 ANDROID_EMU_native_sync_v2 ANDROID_EMU_dma_v1 ANDROID_EMU_direct_mem ANDROID_EMU_host_composition_v1 ANDROID_EMU_host_composition_v2 ANDROID_EMU_vulkan ANDROID_EMU_deferred_vulkan_commands ANDROID_EMU_vulkan_null_optional_strings ANDROID_EMU_vulkan_create_resources_with_requirements ANDROID_EMU_YUV_Cache ANDROID_EMU_vulkan_ignored_handles ANDROID_EMU_has_shared_slots_host_memory_allocator ANDROID_EMU_vulkan_free_memory_sync ANDROID_EMU_vulkan_shader_float16_int8 ANDROID_EMU_vulkan_async_queue_submit ANDROID_EMU_vulkan_queue_submit_with_commands ANDROID_EMU_vulkan_batched_descriptor_set_update ANDROID_EMU_sync_buffer_data ANDROID_EMU_vulkan_async_qsri ANDROID_EMU_read_color_buffer_dma ANDROID_EMU_hwc_multi_configs GL_OES_EGL_image_external_essl3 GL_OES_vertex_array_object GL_KHR_texture_compression_astc_ldr ANDROID_EMU_host_side_tracing ANDROID_EMU_gles_max_version_3_0
10-28 15:33:08.905  2617  2669 W OpenGLRenderer: Failed to initialize 101010-2 format, error = EGL_SUCCESS
10-28 15:33:08.906  2617  2669 D EGL_emulation: eglCreateContext: 0x7f59ed28bad0: maj 3 min 0 rcv 3
10-28 15:33:08.907  2617  2669 D EGL_emulation: eglMakeCurrent: 0x7f59ed28bad0: ver 3 0 (tinfo 0x7f5c07cd2080) (first time)
10-28 15:33:08.927   212   212 I hwservicemanager: getTransport: Cannot find entry android.hardware.graphics.mapper@4.0::IMapper/default in either framework or device VINTF manifest.
10-28 15:33:08.927  2617  2669 I Gralloc4: mapper 4.x is not supported
10-28 15:33:09.084   212   212 I hwservicemanager: getTransport: Cannot find entry android.hardware.graphics.allocator@4.0::IAllocator/default in either framework or device VINTF manifest.
10-28 15:33:09.115   211   211 I servicemanager: Could not find android.hardware.graphics.allocator.IAllocator/default in the VINTF manifest.
10-28 15:33:09.116  2617  2669 W Gralloc4: allocator 4.x is not supported
10-28 15:33:09.129  2617  2669 D HostConnection: HostComposition ext ANDROID_EMU_CHECKSUM_HELPER_v1 ANDROID_EMU_native_sync_v2 ANDROID_EMU_dma_v1 ANDROID_EMU_direct_mem ANDROID_EMU_host_composition_v1 ANDROID_EMU_host_composition_v2 ANDROID_EMU_vulkan ANDROID_EMU_deferred_vulkan_commands ANDROID_EMU_vulkan_null_optional_strings ANDROID_EMU_vulkan_create_resources_with_requirements ANDROID_EMU_YUV_Cache ANDROID_EMU_vulkan_ignored_handles ANDROID_EMU_has_shared_slots_host_memory_allocator ANDROID_EMU_vulkan_free_memory_sync ANDROID_EMU_vulkan_shader_float16_int8 ANDROID_EMU_vulkan_async_queue_submit ANDROID_EMU_vulkan_queue_submit_with_commands ANDROID_EMU_vulkan_batched_descriptor_set_update ANDROID_EMU_sync_buffer_data ANDROID_EMU_vulkan_async_qsri ANDROID_EMU_read_color_buffer_dma ANDROID_EMU_hwc_multi_configs GL_OES_EGL_image_external_essl3 GL_OES_vertex_array_object GL_KHR_texture_compression_astc_ldr ANDROID_EMU_host_side_tracing ANDROID_EMU_gles_max_version_3_0
10-28 15:33:09.193  1046  1046 V MediaPlayerList: mPackageChangedBroadcastReceiver: action: android.intent.action.PACKAGE_CHANGED
10-28 15:33:09.193  1046  1046 D MediaPlayerList: Name of package changed: org.nayestane.ustad
10-28 15:33:09.204  1074  1074 D CarrierSvcBindHelper: onPackageModified: org.nayestane.ustad
10-28 15:33:09.205  1074  1074 D CarrierSvcBindHelper: No carrier app for: 0
10-28 15:33:09.220  1074  1074 D ImsResolver: maybeAddedImsService, packageName: org.nayestane.ustad
10-28 15:33:09.270   582   682 I RoleService: Granting default roles...
10-28 15:33:09.275   878  2451 W Role    : Cannot get ApplicationInfo for default holder: com.google.android.contacts
10-28 15:33:09.277   878  2399 I PermissionControllerServiceImpl: Updating user sensitive for uid 10126
10-28 15:33:09.282   870   976 D EGL_emulation: app_time_stats: avg=352.18ms min=58.75ms max=678.51ms count=3
10-28 15:33:09.285   422   465 W TransactionTracing: Could not find layer handle 0x7b315a686010
10-28 15:33:09.285   422   465 W TransactionTracing: Could not find layer handle 0x7b315a6857d0
10-28 15:33:09.288   582   690 I InputReader: Reconfiguring input devices, changes=KEYBOARD_LAYOUTS |
10-28 15:33:09.437   582   605 W system_server: Long monitor contention with owner android.anim (606) at void com.android.server.wm.WindowSurfacePlacer$Traverser.run()(WindowSurfacePlacer.java:58) waiters=1 in void com.android.server.wm.AccessibilityController.performComputeChangedWindowsNot(int, boolean) for 176ms
10-28 15:33:09.614   399   399 E android.hardware.power.stats@1.0-service-mock: Failed to getEnergyData
10-28 15:33:09.646  2617  2669 W Parcel  : Expecting binder but got null!
10-28 15:33:09.661  2617  2631 I OpenGLRenderer: Davey! duration=1008ms; Flags=1, FrameTimelineVsyncId=2820, IntendedVsync=269534678699, Vsync=269568012031, InputEventId=0, HandleInputStart=269568149355, AnimationStart=269568150065, PerformTraversalsStart=269568150205, DrawStart=270097061212, FrameDeadline=269551345365, FrameInterval=269568146175, FrameStartTime=16666666, SyncQueued=270148027186, SyncStart=270180123705, IssueDrawCommandsStart=270240240152, SwapBuffers=270240957822, FrameCompleted=270574851695, DequeueBufferDuration=4420, QueueBufferDuration=1349611, GpuCompleted=270574786895, SwapBuffersCompleted=270574851695, DisplayPresentTime=0, CommandSubmissionCompleted=270240957822,
10-28 15:33:09.671  2617  2617 I Choreographer: Skipped 59 frames!  The application may be doing too much work on its main thread.
10-28 15:33:09.675  2617  2617 W nayestane.ustad: Method boolean androidx.compose.runtime.snapshots.SnapshotStateList.conditionalUpdate(boolean, kotlin.jvm.functions.Function1) failed lock verification and will run slower.
10-28 15:33:09.675  2617  2617 W nayestane.ustad: Common causes for lock verification issues are non-optimized dex code
10-28 15:33:09.675  2617  2617 W nayestane.ustad: and incorrect proguard optimizations.
10-28 15:33:09.675  2617  2617 W nayestane.ustad: Method boolean androidx.compose.runtime.snapshots.SnapshotStateList.conditionalUpdate$default(androidx.compose.runtime.snapshots.SnapshotStateList, boolean, kotlin.jvm.functions.Function1, int, java.lang.Object) failed lock verification and will run slower.
10-28 15:33:09.675  2617  2617 W nayestane.ustad: Method java.lang.Object androidx.compose.runtime.snapshots.SnapshotStateList.mutate(kotlin.jvm.functions.Function1) failed lock verification and will run slower.
10-28 15:33:09.675  2617  2617 W nayestane.ustad: Method void androidx.compose.runtime.snapshots.SnapshotStateList.update(boolean, kotlin.jvm.functions.Function1) failed lock verification and will run slower.
10-28 15:33:09.675  2617  2617 W nayestane.ustad: Method void androidx.compose.runtime.snapshots.SnapshotStateList.update$default(androidx.compose.runtime.snapshots.SnapshotStateList, boolean, kotlin.jvm.functions.Function1, int, java.lang.Object) failed lock verification and will run slower.
10-28 15:33:09.714  2617  2617 D UstadViewModelFunKt$ustadViewModel$viewModel$invoke: ustadViewModel(): create viewmodel for: com.ustadmobile.core.viewmodel.redirect.RedirectViewModel
10-28 15:33:09.716  2617  2617 I System.out: com.ustadmobile.core.db.UmAppDatabase_DoorWrapper@efea2f7
10-28 15:33:09.773   582   602 I ActivityTaskManager: Displayed org.nayestane.ustad/com.ustadmobile.port.android.view.AppActivity: +1s219ms
10-28 15:33:09.778  2617  2631 I OpenGLRenderer: Davey! duration=1072ms; Flags=0, FrameTimelineVsyncId=2859, IntendedVsync=269618012029, Vsync=270601345323, InputEventId=0, HandleInputStart=270602631412, AnimationStart=270602632222, PerformTraversalsStart=270668528581, DrawStart=270668593591, FrameDeadline=270601345323, FrameInterval=270602584742, FrameStartTime=16666666, SyncQueued=270686045326, SyncStart=270686077466, IssueDrawCommandsStart=270689675437, SwapBuffers=270689807907, FrameCompleted=270690837077, DequeueBufferDuration=2480, QueueBufferDuration=241150, GpuCompleted=270690786607, SwapBuffersCompleted=270690837077, DisplayPresentTime=0, CommandSubmissionCompleted=270689807907,
10-28 15:33:09.787  2617  2617 D UstadNavControllerPreCompose$onCollectNavCommand: NavCommandEffect: Navigate: Go to Onboarding
10-28 15:33:09.814  2617  2617 D UstadViewModelFunKt$ustadViewModel$viewModel$invoke: ustadViewModel(): create viewmodel for: com.ustadmobile.core.viewmodel.OnBoardingViewModel
10-28 15:33:09.832  2523  2540 D Benchmark: Result: Starting: Intent { act=android.intent.action.MAIN cat=[android.intent.category.LAUNCHER] flg=0x10008000 pkg=org.nayestane.ustad cmp=org.nayestane.ustad/com.ustadmobile.port.android.view.AppActivity }
10-28 15:33:09.832  2523  2540 D Benchmark: Status: ok
10-28 15:33:09.832  2523  2540 D Benchmark: LaunchState: WARM
10-28 15:33:09.832  2523  2540 D Benchmark: Activity: org.nayestane.ustad/com.ustadmobile.port.android.view.AppActivity
10-28 15:33:09.832  2523  2540 D Benchmark: TotalTime: 1219
10-28 15:33:09.832  2523  2540 D Benchmark: WaitTime: 1252
10-28 15:33:09.832  2523  2540 D Benchmark: Complete
10-28 15:33:09.900  1495  2561 W MediaProvider: isAppCloneUserPair for user 0: false
10-28 15:33:09.902  1495  2561 V MediaProvider: Inserted id:1000000024 less than next row id backup:1000001000.
10-28 15:33:09.995  2617  2617 D CompatibilityChangeReporter: Compat change id reported: 171228096; UID 10126; state: ENABLED
10-28 15:33:10.236   582  2396 W InputManager-JNI: Input channel object 'f4ba89b Splash Screen org.nayestane.ustad (client)' was disposed without first being removed with the input manager!
10-28 15:33:10.273  2617  2617 W OnBackInvokedCallback: OnBackInvokedCallback is not enabled for the application.
10-28 15:33:10.273  2617  2617 W OnBackInvokedCallback: Set 'android:enableOnBackInvokedCallback="true"' in the application manifest.
10-28 15:33:10.285   870   925 W FrameTracker: Missed App frame:JANK_APP_DEADLINE_MISSED, 3087, 122500813, CUJ=J<SPLASHSCREEN_EXIT_ANIM>
10-28 15:33:10.286   870   925 W FrameTracker: Missed App frame:UNKNOWN: 88, 3125, 0, CUJ=J<SPLASHSCREEN_EXIT_ANIM>
10-28 15:33:10.286   870   925 W FrameTracker: Missed SF frame:UNKNOWN: 88, 3125, 0, CUJ=J<SPLASHSCREEN_EXIT_ANIM>
10-28 15:33:10.286   870   925 W FrameTracker: Missing HWUI jank callback for vsyncId: 3125, CUJ=J<SPLASHSCREEN_EXIT_ANIM>
10-28 15:33:10.286   870   925 W FrameTracker: Missed App frame:UNKNOWN: 88, 3148, 0, CUJ=J<SPLASHSCREEN_EXIT_ANIM>
10-28 15:33:10.286   870   925 W FrameTracker: Missed SF frame:UNKNOWN: 88, 3148, 0, CUJ=J<SPLASHSCREEN_EXIT_ANIM>
10-28 15:33:10.286   870   925 W FrameTracker: Missing HWUI jank callback for vsyncId: 3148, CUJ=J<SPLASHSCREEN_EXIT_ANIM>
10-28 15:33:10.286   870   925 W FrameTracker: Missing SF jank callback for vsyncId: 3191, CUJ=J<SPLASHSCREEN_EXIT_ANIM>
10-28 15:33:10.286   870   915 V PerfettoTrigger: Not triggering com.android.telemetry.interaction-jank-monitor-39 - not enough time since last trigger
10-28 15:33:10.345  2523  2540 I System.out: 0 Flags,FrameTimelineVsyncId,IntendedVsync,Vsync,InputEventId,HandleInputStart,AnimationStart,PerformTraversalsStart,DrawStart,FrameDeadline,FrameInterval,FrameStartTime,SyncQueued,SyncStart,IssueDrawCommandsStart,SwapBuffers,FrameCompleted,DequeueBufferDuration,QueueBufferDuration,GpuCompleted,SwapBuffersCompleted,DisplayPresentTime,CommandSubmissionCompleted,
10-28 15:33:10.345  2523  2540 I System.out: 1 1,2820,269534678699,269568012031,0,269568149355,269568150065,269568150205,270097061212,269551345365,269568146175,16666666,270148027186,270180123705,270240240152,270240957822,270574851695,4420,1349611,270574786895,270574851695,0,270240957822,
10-28 15:33:10.345  2523  2540 I System.out: 2 0,2859,269618012029,270601345323,0,270602631412,270602632222,270668528581,270668593591,270601345323,270602584742,16666666,270686045326,270686077466,270689675437,270689807907,270690837077,2480,241150,270690786607,270690837077,0,270689807907,
10-28 15:33:10.345  2523  2540 I System.out: 3 0,3132,270651345321,270701345319,0,270716550004,270716550604,270981357888,270981400658,270718011985,270716547684,16666666,271141665452,271142115052,271142178712,271142293302,271143571643,3000,200940,271143356183,271143571643,72057628414509141,271142293302,
10-28 15:33:10.345  2523  2540 I System.out: 4 0,3176,270734678651,271134678635,0,271149607434,271149608334,271194201777,271194237937,270751345317,271149604474,16666666,271199386798,271199509568,271199590218,271199851778,0,2900,152591,72904454231621653,271200460529,0,271199851778,
10-28 15:33:10.347  2523  2540 D UiDevice: Waiting 10000ms for SearchCondition[hasObject=BySelector [TEXT='\QGet Started\E']].
10-28 15:33:10.347  2523  2540 D UiDevice: Searching for node with selector: BySelector [TEXT='\QGet Started\E'].
10-28 15:33:10.457   422   465 W TransactionTracing: Could not find layer handle 0x7b315a684990
10-28 15:33:10.457   422   465 W TransactionTracing: Could not find layer handle 0x7b315a688290
10-28 15:33:10.457   422   465 W TransactionTracing: Could not find layer handle 0x7b315a687390
10-28 15:33:10.457   422   465 W TransactionTracing: Could not find layer handle 0x7b315a687390
10-28 15:33:10.457   422   465 W TransactionTracing: Could not find layer handle 0x7b315a688290
10-28 15:33:10.492   870   976 D EGL_emulation: app_time_stats: avg=179.88ms min=14.29ms max=361.76ms count=6
10-28 15:33:11.584  2617  2669 D EGL_emulation: app_time_stats: avg=485.27ms min=57.07ms max=1315.48ms count=4
10-28 15:33:11.586  2617  2617 I Choreographer: Skipped 76 frames!  The application may be doing too much work on its main thread.
10-28 15:33:11.616  2617  2632 I OpenGLRenderer: Davey! duration=1364ms; Flags=0, FrameTimelineVsyncId=3247, IntendedVsync=271151345301, Vsync=271201345299, InputEventId=0, HandleInputStart=271205712410, AnimationStart=271205713120, PerformTraversalsStart=271207629151, DrawStart=271207668391, FrameDeadline=271251345297, FrameInterval=271205709200, FrameStartTime=16666666, SyncQueued=271231741867, SyncStart=271231830297, IssueDrawCommandsStart=271231947857, SwapBuffers=272210863319, FrameCompleted=272516096744, DequeueBufferDuration=8840, QueueBufferDuration=23453927, GpuCompleted=272515914064, SwapBuffersCompleted=272516096744, DisplayPresentTime=72904454231819792, CommandSubmissionCompleted=272210863319,
10-28 15:33:12.697  2523  2540 D UiDevice: Retrieving node with selector: BySelector [TEXT='\QGet Started\E'].
10-28 15:33:12.761  2523  2540 W baselineprofile: Accessing hidden method Landroid/view/MotionEvent;->setDisplayId(I)V (blocked,test-api, reflection, allowed)
10-28 15:33:12.777  2523  2540 D UiObject2: Clicking on (160, 592).
10-28 15:33:12.777  2523  2540 W UiObject2: Clicking on non-clickable object: android.view.accessibility.AccessibilityNodeInfo@9460; boundsInParent: Rect(0, 0 - 0, 0); boundsInScreen: Rect(122, 582 - 198, 602); packageName: org.nayestane.ustad; className: android.widget.TextView; text: Get Started; error: null; maxTextLength: -1; stateDescription: null; contentDescription: null; tooltipText: null; viewIdResName: null; uniqueId: null; checkable: false; checked: false; focusable: false; focused: false; selected: false; clickable: false; longClickable: false; contextClickable: false; enabled: true; password: false; scrollable: false; importantForAccessibility: true; visible: true; actions: [AccessibilityAction: ACTION_NEXT_AT_MOVEMENT_GRANULARITY - null, AccessibilityAction: ACTION_PREVIOUS_AT_MOVEMENT_GRANULARITY - null, AccessibilityAction: ACTION_ACCESSIBILITY_FOCUS - null, AccessibilityAction: ACTION_SET_SELECTION - null]; isTextSelectable: false
10-28 15:33:12.807  2617  2617 D UstadNavControllerPreCompose$onCollectNavCommand: NavCommandEffect: Navigate: Go to
10-28 15:33:12.824  2617  2617 D UstadViewModelFunKt$ustadViewModel$viewModel$invoke: ustadViewModel(): create viewmodel for: com.ustadmobile.core.viewmodel.redirect.RedirectViewModel
10-28 15:33:12.841  2617  2617 I System.out: com.ustadmobile.core.db.UmAppDatabase_DoorWrapper@efea2f7
10-28 15:33:12.868  2523  2540 W GestureController: Gestures took longer than expected (90ms >> 16ms), device might be in a busy state.
10-28 15:33:12.894  2617  2617 D UstadNavControllerPreCompose$onCollectNavCommand: NavCommandEffect: Navigate: Go to Login
10-28 15:33:12.957  2617  2617 D UstadViewModelFunKt$ustadViewModel$viewModel$invoke: ustadViewModel(): create viewmodel for: com.ustadmobile.core.viewmodel.login.LoginViewModel
10-28 15:33:13.096  2617  2617 W System.err: SLF4J: Failed to load class "org.slf4j.impl.StaticLoggerBinder".
10-28 15:33:13.097  2617  2617 W System.err: SLF4J: Defaulting to no-operation (NOP) logger implementation
10-28 15:33:13.097  2617  2617 W System.err: SLF4J: See http://www.slf4j.org/codes.html#StaticLoggerBinder for further details.
10-28 15:33:13.192  2617  2719 V UstadCache: OKHttp-CacheInterceptor:  intercept: GET https://dars.nayestane.org/v2/Site/verify
10-28 15:33:13.193  2617  2719 I UstadCache: UstadCache(): Retrieve https://dars.nayestane.org/v2/Site/verify
10-28 15:33:13.268  2617  2669 D EGL_emulation: app_time_stats: avg=410.37ms min=2.03ms max=1613.00ms count=4
10-28 15:33:13.310  2617  2719 D UstadCache: UstadCache(): MISS https://dars.nayestane.org/v2/Site/verify
10-28 15:33:13.380  2617  2719 D TrafficStats: tagSocket(106) with statsTag=0xffffffff, statsUid=-1
10-28 15:33:13.596  2617  2719 D UstadCache: OKHttp-CacheInterceptor:  newCacheAndStoreResponse: GET https://dars.nayestane.org/v2/Site/verify 200 ()
10-28 15:33:13.606  2617  2719 D UstadCache: OKHttp-CacheInterceptor:  MISS https://dars.nayestane.org/v2/Site/verify 200  (contentType=application/json; charset=UTF-8, content-encoding=null content-length=180)
10-28 15:33:13.652  2617  2730 D UstadCache: UstadCache(): storerequest 1 entries
10-28 15:33:13.654  2617  2730 V UstadCache: UstadCache(): copied request data for https://dars.nayestane.org/v2/Site/verify to /data/user/0/org.nayestane.ustad/files/httpfiles/tmpwork/1.tmp (integrity=sha256-VTW/47g5E/UMinnUcaDGC+8yXE8lgnmbnOjHxekFxd4=)
10-28 15:33:13.655  2617  2730 V UstadCache: UstadCache(): cacheEntries created 1 entries
10-28 15:33:13.705  2617  2730 D UstadCache: UstadCache(): deleting 0 tmp files
10-28 15:33:13.705  2617  2730 D UstadCache: UstadCache(): db transaction completed
10-28 15:33:14.028  2617  2732 D ProfileInstaller: Skipping profile installation for org.nayestane.ustad
10-28 15:33:17.868  2523  2540 D Benchmark: Profile Installer - Save Profile
10-28 15:33:17.891  2617  2617 I Process : Sending signal. PID: 2617 SIG: 10
10-28 15:33:17.891  2617  2617 D ProfileInstaller:
10-28 15:33:17.891  2617  2622 I nayestane.ustad: Thread[6,tid=2622,WaitingInMainSignalCatcherLoop,Thread*=0x7f5acd2a1200,peer=0x12c80470,"Signal Catcher"]: reacting to signal 10
10-28 15:33:17.891  2617  2622 I nayestane.ustad:
10-28 15:33:17.891  2617  2622 I nayestane.ustad: SIGUSR1 forcing GC (no HPROF) and profile save
10-28 15:33:17.928  2617  2622 I nayestane.ustad: Explicit concurrent copying GC freed 266512(11MB) AllocSpace objects, 38(2556KB) LOS objects, 49% free, 7532KB/14MB, paused 36us,16us total 33.381ms
10-28 15:33:17.931  2617  2628 W System  : A resource failed to call close.
10-28 15:33:18.396  2523  2540 D Benchmark: Killing process org.nayestane.ustad
10-28 15:33:18.397  2523  2540 D UiDevice: Executing shell command: killall org.nayestane.ustad
10-28 15:33:18.414  1495  2561 W MediaProvider: isAppCloneUserPair for user 0: false
10-28 15:33:18.414  1495  2561 V MediaProvider: Inserted id:1000000025 less than next row id backup:1000001000.
10-28 15:33:18.493   582   938 I PackageDexOptimizer: Running dexopt (dexoptNeeded=-3) on: /data/app/~~ZJQ7sXylsANplpuIJprZpw==/org.nayestane.ustad-MZAU5CLP1yOCe01YQZ7TaA==/base.apk pkg=org.nayestane.ustad isa=x86_64 dexoptFlags=boot_complete,profile_guided,force,enable_hidden_api_checks targetFilter=speed-profile oatDir=/data/app/~~ZJQ7sXylsANplpuIJprZpw==/org.nayestane.ustad-MZAU5CLP1yOCe01YQZ7TaA==/oat classLoaderContext=PCL[]{PCL[/system_ext/framework/androidx.window.extensions.jar]#PCL[/system_ext/framework/androidx.window.sidecar.jar]}
10-28 15:33:18.494   502   665 V installd: DexInv: --- BEGIN '/data/app/~~ZJQ7sXylsANplpuIJprZpw==/org.nayestane.ustad-MZAU5CLP1yOCe01YQZ7TaA==/base.apk' ---
10-28 15:33:18.494   502   665 V installd: Running /apex/com.android.art/bin/dex2oat64 in=base.apk out=/data/app/~~ZJQ7sXylsANplpuIJprZpw==/org.nayestane.ustad-MZAU5CLP1yOCe01YQZ7TaA==/oat/x86_64/base.odex
10-28 15:33:18.516  2750  2750 W dex2oat64: Unexpected CPU variant for x86: x86_64.
10-28 15:33:18.516  2750  2750 W dex2oat64: Known variants: atom, sandybridge, silvermont, kabylake, default
10-28 15:33:18.517  2750  2750 W dex2oat64: Mismatch between dex2oat instruction set features to use (ISA: X86_64 Feature string: -ssse3,-sse4.1,-sse4.2,-avx,-avx2,-popcnt) and those from CPP defines (ISA: X86_64 Feature string: ssse3,sse4.1,sse4.2,-avx,-avx2,popcnt) for the command line:
10-28 15:33:18.517  2750  2750 W dex2oat64: /apex/com.android.art/bin/dex2oat64 --zip-fd=8 --zip-location=base.apk --oat-fd=9 --oat-location=/data/app/~~ZJQ7sXylsANplpuIJprZpw==/org.nayestane.ustad-MZAU5CLP1yOCe01YQZ7TaA==/oat/x86_64/base.odex --input-vdex-fd=11 --output-vdex-fd=10 --app-image-fd=14 --image-format=lz4 --profile-file-fd=13 --swap-fd=12 --classpath-dir=/data/app/~~ZJQ7sXylsANplpuIJprZpw==/org.nayestane.ustad-MZAU5CLP1yOCe01YQZ7TaA== --class-loader-context=PCL[]{PCL[/system_ext/framework/androidx.window.extensions.jar]#PCL[/system_ext/framework/androidx.window.sidecar.jar]} --instruction-set=x86_64 --instruction-set-features=default --instruction-set-variant=x86_64 --compiler-filter=speed-profile --compilation-reason=cmdline --max-image-block-size=524288 --resolve-startup-const-strings=true --generate-mini-debug-info --runtime-arg -Xtarget-sdk-version:34 --runtime-arg -Xhidden-api-policy:enabled --runtime-arg -Xms64m --runtime-arg -Xmx512m
10-28 15:33:18.525  2750  2750 I dex2oat64: /apex/com.android.art/bin/dex2oat64 --input-vdex-fd=11 --output-vdex-fd=10 --profile-file-fd=13 --classpath-dir=/data/app/~~ZJQ7sXylsANplpuIJprZpw==/org.nayestane.ustad-MZAU5CLP1yOCe01YQZ7TaA== --class-loader-context=PCL[]{PCL[/system_ext/framework/androidx.window.extensions.jar]#PCL[/system_ext/framework/androidx.window.sidecar.jar]} --compiler-filter=speed-profile --compilation-reason=cmdline --max-image-block-size=524288 --resolve-startup-const-strings=true --generate-mini-debug-info
10-28 15:33:23.911  2750  2752 W dex2oat64: Accessing hidden method Landroid/window/BackEvent;->getProgress()F (blocked, linking, denied)
10-28 15:33:23.911  2750  2752 W dex2oat64: Accessing hidden method Landroid/window/BackEvent;->getSwipeEdge()I (blocked, linking, denied)
10-28 15:33:23.911  2750  2752 W dex2oat64: Accessing hidden method Landroid/window/BackEvent;->getTouchX()F (blocked, linking, denied)
10-28 15:33:23.911  2750  2752 W dex2oat64: Accessing hidden method Landroid/window/BackEvent;->getTouchY()F (blocked, linking, denied)
10-28 15:33:24.245  2750  2753 W dex2oat64: Method java.lang.Object androidx.compose.runtime.snapshots.SnapshotStateMap.mutate(kotlin.jvm.functions.Function1) failed lock verification and will run slower.
10-28 15:33:24.245  2750  2753 W dex2oat64: Common causes for lock verification issues are non-optimized dex code
10-28 15:33:24.245  2750  2753 W dex2oat64: and incorrect proguard optimizations.
10-28 15:33:24.245  2750  2753 W dex2oat64: Method void androidx.compose.runtime.snapshots.SnapshotStateMap.update(kotlin.jvm.functions.Function1) failed lock verification and will run slower.
10-28 15:33:24.246  2750  2753 W dex2oat64: Method boolean androidx.compose.runtime.snapshots.SnapshotStateMap.removeIf$runtime_release(kotlin.jvm.functions.Function1) failed lock verification and will run slower.
10-28 15:33:24.268  2750  2754 W dex2oat64: Method boolean androidx.compose.runtime.snapshots.SnapshotStateList.conditionalUpdate(boolean, kotlin.jvm.functions.Function1) failed lock verification and will run slower.
10-28 15:33:24.268  2750  2754 W dex2oat64: Method boolean androidx.compose.runtime.snapshots.SnapshotStateList.conditionalUpdate$default(androidx.compose.runtime.snapshots.SnapshotStateList, boolean, kotlin.jvm.functions.Function1, int, java.lang.Object) failed lock verification and will run slower.
10-28 15:33:24.268  2750  2754 W dex2oat64: Method java.lang.Object androidx.compose.runtime.snapshots.SnapshotStateList.mutate(kotlin.jvm.functions.Function1) failed lock verification and will run slower.
10-28 15:33:24.268  2750  2754 W dex2oat64: Method void androidx.compose.runtime.snapshots.SnapshotStateList.update(boolean, kotlin.jvm.functions.Function1) failed lock verification and will run slower.
10-28 15:33:24.268  2750  2754 W dex2oat64: Method void androidx.compose.runtime.snapshots.SnapshotStateList.update$default(androidx.compose.runtime.snapshots.SnapshotStateList, boolean, kotlin.jvm.functions.Function1, int, java.lang.Object) failed lock verification and will run slower.
10-28 15:33:26.018  2750  2750 I dex2oat64: Explicit concurrent copying GC freed 197121(31MB) AllocSpace objects, 0(0B) LOS objects, 49% free, 2157KB/4315KB, paused 16us,5us total 8.462ms
10-28 15:33:26.377  2750  2750 I dex2oat64: dex2oat took 7.862s (12.455s cpu) (threads: 4) arena alloc=8435KB (8637528B) java alloc=2157KB (2209576B) native alloc=22MB (23497952B) free=145MB (152705808B)
10-28 15:33:26.413   502   665 V installd: DexInv: --- END '/data/app/~~ZJQ7sXylsANplpuIJprZpw==/org.nayestane.ustad-MZAU5CLP1yOCe01YQZ7TaA==/base.apk' (success) ---
10-28 15:33:26.445  1495  1688 W MediaProvider: isAppCloneUserPair for user 0: false
10-28 15:33:26.446  1495  1688 V MediaProvider: Inserted id:1000000026 less than next row id backup:1000001000.
10-28 15:33:26.817  2770  2770 W profman : profman took 343.662ms
10-28 15:33:26.837  1495  1681 W MediaProvider: isAppCloneUserPair for user 0: false
10-28 15:33:26.838  1495  1681 V MediaProvider: Inserted id:1000000027 less than next row id backup:1000001000.
10-28 15:33:26.925  1495  1681 I MediaProvider: Deleted 0 0 0 0 0 0 0 items on external_primary due to com.ustadmobile.app_android_baselineprofile
10-28 15:33:27.246  2523  2540 D Benchmark: Killing package org.nayestane.ustad
10-28 15:33:27.246  2523  2540 D Benchmark: Killing process org.nayestane.ustad
10-28 15:33:27.247  2523  2540 D UiDevice: Executing shell command: killall org.nayestane.ustad
10-28 15:33:27.261  2523  2540 D Benchmark: Compile iteration (2) for org.nayestane.ustad
10-28 15:33:27.262  2523  2540 D UiDevice: Pressing home button.
10-28 15:33:27.274   870   870 V ShadeControllerImpl: NotificationShadeWindow: com.android.systemui.shade.NotificationShadeWindowView{963422f I.E...... ......ID 0,0-320,640} canPanelBeCollapsed(): false
10-28 15:33:27.278  1133  1133 D TaplTarget: Launcher.onNewIntent: Intent { act=android.intent.action.MAIN cat=[android.intent.category.HOME] flg=0x10400100 cmp=com.android.launcher3/.uioverrides.QuickstepLauncher (has extras) }
10-28 15:33:27.282   870   870 V ShadeControllerImpl: NotificationShadeWindow: com.android.systemui.shade.NotificationShadeWindowView{963422f I.E...... ......ID 0,0-320,640} canPanelBeCollapsed(): false
10-28 15:33:27.303   422   422 I BpBinder: onLastStrongRef automatically unlinking death recipients: <uncached descriptor>
10-28 15:33:27.327   422   465 W TransactionTracing: Could not find layer handle 0x7b315a6880b0
10-28 15:33:27.335   422   557 D PermissionCache: checking android.permission.READ_FRAME_BUFFER for uid=1000 => granted (573 us)
10-28 15:33:27.351   212   212 I hwservicemanager: getTransport: Cannot find entry android.hardware.graphics.mapper@4.0::IMapper/default in either framework or device VINTF manifest.
10-28 15:33:27.351   582   597 I Gralloc4: mapper 4.x is not supported
10-28 15:33:27.413  1495  1688 W MediaProvider: isAppCloneUserPair for user 0: false
10-28 15:33:27.418  1495  1688 V MediaProvider: Inserted id:1000000028 less than next row id backup:1000001000.
10-28 15:33:27.421   582   597 D HostConnection: HostComposition ext ANDROID_EMU_CHECKSUM_HELPER_v1 ANDROID_EMU_native_sync_v2 ANDROID_EMU_dma_v1 ANDROID_EMU_direct_mem ANDROID_EMU_host_composition_v1 ANDROID_EMU_host_composition_v2 ANDROID_EMU_vulkan ANDROID_EMU_deferred_vulkan_commands ANDROID_EMU_vulkan_null_optional_strings ANDROID_EMU_vulkan_create_resources_with_requirements ANDROID_EMU_YUV_Cache ANDROID_EMU_vulkan_ignored_handles ANDROID_EMU_has_shared_slots_host_memory_allocator ANDROID_EMU_vulkan_free_memory_sync ANDROID_EMU_vulkan_shader_float16_int8 ANDROID_EMU_vulkan_async_queue_submit ANDROID_EMU_vulkan_queue_submit_with_commands ANDROID_EMU_vulkan_batched_descriptor_set_update ANDROID_EMU_sync_buffer_data ANDROID_EMU_vulkan_async_qsri ANDROID_EMU_read_color_buffer_dma ANDROID_EMU_hwc_multi_configs GL_OES_EGL_image_external_essl3 GL_OES_vertex_array_object GL_KHR_texture_compression_astc_ldr ANDROID_EMU_host_side_tracing ANDROID_EMU_gles_max_version_3_0
10-28 15:33:27.438   582   938 W system_server: Long monitor contention with owner android.anim (606) at void com.android.server.wm.WindowSurfacePlacer$Traverser.run()(WindowSurfacePlacer.java:58) waiters=1 in void com.android.server.wm.WindowManagerService.reportKeepClearAreasChanged(com.android.server.wm.Session, android.view.IWindow, java.util.List, java.util.List) for 112ms
10-28 15:33:27.439   582  1655 W system_server: Long monitor contention with owner android.anim (606) at void com.android.server.wm.WindowSurfacePlacer$Traverser.run()(WindowSurfacePlacer.java:58) waiters=2 in void com.android.server.wm.ActivityClientController.activityIdle(android.os.IBinder, android.content.res.Configuration, boolean) for 111ms
10-28 15:33:27.445   582   605 W system_server: Long monitor contention with owner android.anim (606) at void com.android.server.wm.WindowSurfacePlacer$Traverser.run()(WindowSurfacePlacer.java:58) waiters=0 in java.util.HashMap com.android.server.wm.AccessibilityWindowsPopulator.getWindowsTransformMatrix(java.util.List) for 129ms
10-28 15:33:27.455   870   976 D EGL_emulation: app_time_stats: avg=2820.84ms min=6.73ms max=16828.19ms count=6
10-28 15:33:27.503  2523  2540 I System.out: 0 Flags,FrameTimelineVsyncId,IntendedVsync,Vsync,InputEventId,HandleInputStart,AnimationStart,PerformTraversalsStart,DrawStart,FrameDeadline,FrameInterval,FrameStartTime,SyncQueued,SyncStart,IssueDrawCommandsStart,SwapBuffers,FrameCompleted,DequeueBufferDuration,QueueBufferDuration,GpuCompleted,SwapBuffersCompleted,DisplayPresentTime,CommandSubmissionCompleted,
10-28 15:33:27.503  2523  2540 I System.out: 1 1,2820,269534678699,269568012031,0,269568149355,269568150065,269568150205,270097061212,269551345365,269568146175,16666666,270148027186,270180123705,270240240152,270240957822,270574851695,4420,1349611,270574786895,270574851695,270592149240,270240957822,
10-28 15:33:27.503  2523  2540 I System.out: 2 0,2859,269618012029,270601345323,0,270602631412,270602632222,270668528581,270668593591,270601345323,270602584742,16666666,270686045326,270686077466,270689675437,270689807907,270690837077,2480,241150,270690786607,270690837077,270714280264,270689807907,
10-28 15:33:27.503  2523  2540 I System.out: 3 0,3132,270651345321,270701345319,0,270716550004,270716550604,270981357888,270981400658,270718011985,270716547684,16666666,271141665452,271142115052,271142178712,271142293302,271143571643,3000,200940,271143356183,271143571643,271168594880,271142293302,
10-28 15:33:27.503  2523  2540 I System.out: 4 0,3176,270734678651,271134678635,0,271149607434,271149608334,271194201777,271194237937,271168011967,271149604474,16666666,271199386798,271199509568,271199590218,271199851778,271231981827,2900,152591,271231981827,271200460529,271243826441,271199851778,
10-28 15:33:27.503  2523  2540 I System.out: 5 0,3247,271151345301,271201345299,0,271205712410,271205713120,271207629151,271207668391,271251345297,271205709200,16666666,271231741867,271231830297,271231947857,272210863319,272516096744,8840,23453927,272515914064,272516096744,272547601683,272210863319,
10-28 15:33:27.503  2523  2540 I System.out: 6 0,3301,271218017514,271218017514,0,271233509558,271233510028,271234720308,271234748238,272534678579,271233508018,16666665,271239832409,272516539604,272516595544,272518681425,272547706913,28107368,177660,272544628192,272547706913,272558459316,272518681425,
10-28 15:33:27.503  2523  2540 I System.out: 7 0,3323,271234684179,272501350719,0,272518403555,272518404375,272531761898,272531810428,272568017380,272517550954,16666665,272547446343,272547752273,272547829403,272548368143,272564069727,14305994,214830,272556541105,272564069727,272572062690,272548368143,
10-28 15:33:27.503  2523  2540 I System.out: 8 0,3470,272534678579,272551345245,0,272561655097,272561655887,272569771379,272571011669,272584684045,272561652207,16666666,272571209939,272571281839,272571339559,272572160700,272587025434,3480,278110,272586940904,272587025434,272611202640,272572160700,
10-28 15:33:27.503  2523  2540 I System.out: 9 0,3488,273734678531,273734678531,-407581251,273742305305,273742306375,273789549388,273805325112,273751345197,273742302675,16666666,273814390805,273814518315,273814581195,273888928205,274200167952,3540,202280,274199942792,274200167952,274225209659,273888928205,
