10-28 15:33:52.136  2617  2617 W CustomTabsClient: Unable to find any Custom Tabs packages, you may need to add a <queries> element to your manifest. See the docs for CustomTabsClient#getPackageName.
10-28 15:33:52.136  2617  2617 W AppActivity$bindCustomTabsService: CustomTabs: Service NOT supported
10-28 15:33:52.142   870   976 W Parcel  : Expecting binder but got null!
10-28 15:33:52.143  2617  2617 D AutofillManager: Fill dialog is enabled:false, hints=[]
10-28 15:33:52.153  2617  2617 W OnBackInvokedCallback: OnBackInvokedCallback is not enabled for the application.
10-28 15:33:52.153  2617  2617 W OnBackInvokedCallback: Set 'android:enableOnBackInvokedCallback="true"' in the application manifest.
10-28 15:33:52.161   582   863 D ConnectivityService: requestNetwork for uid/pid:10126/2617 activeRequest: null callbackRequest: 50 [NetworkRequest [ REQUEST id=51, [ Capabilities: INTERNET&NOT_RESTRICTED&TRUSTED&NOT_VCN_MANAGED Uid: 10126 RequestorUid: 10126 RequestorPkg: org.nayestane.ustad UnderlyingNetworks: Null] ]] callback flags: 0 order: 2147483647
10-28 15:33:52.161   582   809 D ConnectivityService: NetReassign [51 : null → 100]
10-28 15:33:52.162   582   802 D WifiNetworkFactory: got request NetworkRequest [ REQUEST id=51, [ Capabilities: INTERNET&NOT_RESTRICTED&TRUSTED&NOT_VCN_MANAGED Uid: 10126 RequestorUid: 10126 RequestorPkg: org.nayestane.ustad UnderlyingNetworks: Null] ]
10-28 15:33:52.162   582   802 D UntrustedWifiNetworkFactory: got request NetworkRequest [ REQUEST id=51, [ Capabilities: INTERNET&NOT_RESTRICTED&TRUSTED&NOT_VCN_MANAGED Uid: 10126 RequestorUid: 10126 RequestorPkg: org.nayestane.ustad UnderlyingNetworks: Null] ]
10-28 15:33:52.162   582   802 D OemPaidWifiNetworkFactory: got request NetworkRequest [ REQUEST id=51, [ Capabilities: INTERNET&NOT_RESTRICTED&TRUSTED&NOT_VCN_MANAGED Uid: 10126 RequestorUid: 10126 RequestorPkg: org.nayestane.ustad UnderlyingNetworks: Null] ]
10-28 15:33:52.162   582   802 D MultiInternetWifiNetworkFactory: got request NetworkRequest [ REQUEST id=51, [ Capabilities: INTERNET&NOT_RESTRICTED&TRUSTED&NOT_VCN_MANAGED Uid: 10126 RequestorUid: 10126 RequestorPkg: org.nayestane.ustad UnderlyingNetworks: Null] ]
10-28 15:33:52.170  2617  2669 W Parcel  : Expecting binder but got null!
10-28 15:33:52.178   582   602 I ActivityTaskManager: Displayed org.nayestane.ustad/com.ustadmobile.port.android.view.AppActivity: +62ms
10-28 15:33:52.183  2617  2617 D UstadViewModelFunKt$ustadViewModel$viewModel$invoke: ustadViewModel(): create viewmodel for: com.ustadmobile.core.viewmodel.redirect.RedirectViewModel
10-28 15:33:52.183  2617  2617 I System.out: com.ustadmobile.core.db.UmAppDatabase_DoorWrapper@efea2f7
10-28 15:33:52.192  2617  2617 D UstadNavControllerPreCompose$onCollectNavCommand: NavCommandEffect: Navigate: Go to Login
10-28 15:33:52.197  2617  2617 D UstadViewModelFunKt$ustadViewModel$viewModel$invoke: ustadViewModel(): create viewmodel for: com.ustadmobile.core.viewmodel.login.LoginViewModel
10-28 15:33:52.201  2617  2719 V UstadCache: OKHttp-CacheInterceptor:  intercept: GET https://dars.nayestane.org/v2/Site/verify
10-28 15:33:52.201  2617  2719 I UstadCache: UstadCache(): Retrieve https://dars.nayestane.org/v2/Site/verify
10-28 15:33:52.202  2523  2540 D Benchmark: Result: Starting: Intent { act=android.intent.action.MAIN cat=[android.intent.category.LAUNCHER] flg=0x10008000 pkg=org.nayestane.ustad cmp=org.nayestane.ustad/com.ustadmobile.port.android.view.AppActivity }
10-28 15:33:52.202  2523  2540 D Benchmark: Status: ok
10-28 15:33:52.202  2523  2540 D Benchmark: LaunchState: WARM
10-28 15:33:52.202  2523  2540 D Benchmark: Activity: org.nayestane.ustad/com.ustadmobile.port.android.view.AppActivity
10-28 15:33:52.202  2523  2540 D Benchmark: TotalTime: 62
10-28 15:33:52.202  2523  2540 D Benchmark: WaitTime: 63
10-28 15:33:52.202  2523  2540 D Benchmark: Complete
10-28 15:33:52.202  2617  2719 D UstadCache: UstadCache(): FOUND https://dars.nayestane.org/v2/Site/verify
10-28 15:33:52.211  2617  2719 D TrafficStats: tagSocket(102) with statsTag=0xffffffff, statsUid=-1
10-28 15:33:52.218  1495  2561 W MediaProvider: isAppCloneUserPair for user 0: false
10-28 15:33:52.219  1495  2561 V MediaProvider: Inserted id:1000000036 less than next row id backup:1000001000.
10-28 15:33:52.299  2617  2719 D UstadCache: OKHttp-CacheInterceptor:  MISS(invalid) https://dars.nayestane.org/v2/Site/verify
10-28 15:33:52.299  2617  2719 D UstadCache: OKHttp-CacheInterceptor:  newCacheAndStoreResponse: GET https://dars.nayestane.org/v2/Site/verify 200 ()
10-28 15:33:52.300  2617  2719 V UstadCache: OKHttp-CacheInterceptor:  https://dars.nayestane.org/v2/Site/verify MISS(invalid) can store/update 200  (contentType=application/json; charset=UTF-8, content-encoding=null content-length=180)
10-28 15:33:52.302  2617  2730 D UstadCache: UstadCache(): storerequest 1 entries
10-28 15:33:52.303  2617  2730 V UstadCache: UstadCache(): copied request data for https://dars.nayestane.org/v2/Site/verify to /data/user/0/org.nayestane.ustad/files/httpfiles/tmpwork/3.tmp (integrity=sha256-VTW/47g5E/UMinnUcaDGC+8yXE8lgnmbnOjHxekFxd4=)
10-28 15:33:52.304  2617  2730 V UstadCache: UstadCache(): cacheEntries created 1 entries
10-28 15:33:52.304  2617  2730 D UstadCache: UstadCache(): deleting 1 tmp files
10-28 15:33:52.304  2617  2730 D UstadCache: UstadCache(): db transaction completed
10-28 15:33:52.310  2523  2540 I System.out: 0 Flags,FrameTimelineVsyncId,IntendedVsync,Vsync,InputEventId,HandleInputStart,AnimationStart,PerformTraversalsStart,DrawStart,FrameDeadline,FrameInterval,FrameStartTime,SyncQueued,SyncStart,IssueDrawCommandsStart,SwapBuffers,FrameCompleted,DequeueBufferDuration,QueueBufferDuration,GpuCompleted,SwapBuffersCompleted,DisplayPresentTime,CommandSubmissionCompleted,
10-28 15:33:52.310  2523  2540 I System.out: 1 1,5133,313068010291,313068010291,0,313073247309,313073247459,313073247579,313100011387,313084676957,313073246179,16666666,313100460577,313100577527,313100638037,313100776337,313101532007,2560,350220,313101507537,313101532007,270592149240,313100776337,
10-28 15:33:52.310  2523  2540 I System.out: 2 0,5176,313084676957,313101343623,0,313111494760,313111495190,313117265822,313117288282,313134676955,313111492740,16666666,313117970762,313117990862,313118068702,313118151832,313134758397,1960,98620,313134758397,313118639352,270714280264,313118151832,
10-28 15:33:52.310  2523  2540 I System.out: 3 0,5248,313118010289,313118010289,0,313124583884,313124584554,313161903874,313161929204,313168010287,313124581454,16666666,313177043358,313177064908,313177097488,313177151728,313177850788,2700,325910,313177824578,313177850788,271168594880,313177151728,
10-28 15:33:52.310  2523  2540 I System.out: 4 0,5291,313134676955,313168010287,0,313179822199,313179822589,313201039875,313201065475,313151343621,313179821119,16666666,313215050589,313215117329,313215177139,313215696109,271231981827,2790,182310,271231981827,313216851949,271243826441,313215696109,
10-28 15:33:52.310  2523  2540 D UiDevice: Waiting 10000ms for SearchCondition[hasObject=BySelector [TEXT='\QGet Started\E']].
10-28 15:33:52.310  2523  2540 D UiDevice: Searching for node with selector: BySelector [TEXT='\QGet Started\E'].
10-28 15:33:52.407  1133  1133 W FrameTracker: Missed SF frame:PREDICTION_ERROR, 5016, 6033625, CUJ=J<LAUNCHER_APP_CLOSE_TO_HOME>
10-28 15:33:52.407  1133  1133 W FrameTracker: Missed SF frame:PREDICTION_ERROR, 5060, 4138052, CUJ=J<LAUNCHER_APP_CLOSE_TO_HOME>
10-28 15:33:52.407  1133  1133 W FrameTracker: Missed SF frame:PREDICTION_ERROR, 5191, 5783336, CUJ=J<LAUNCHER_APP_CLOSE_TO_HOME>
10-28 15:33:52.407  1133  1133 W FrameTracker: Missed SF frame:PREDICTION_ERROR, 5356, 3559520, CUJ=J<LAUNCHER_APP_CLOSE_TO_HOME>
10-28 15:33:52.407  1133  1133 W FrameTracker: Missed SF frame:PREDICTION_ERROR, 5615, 4084499, CUJ=J<LAUNCHER_APP_CLOSE_TO_HOME>
10-28 15:33:52.407  1133  1133 W FrameTracker: Missed SF frame:PREDICTION_ERROR, 5645, 3453527, CUJ=J<LAUNCHER_APP_CLOSE_TO_HOME>
10-28 15:33:52.408  1133  1815 V PerfettoTrigger: Triggering /system/bin/trigger_perfetto com.android.telemetry.interaction-jank-monitor-9
10-28 15:33:52.453   422   465 W TransactionTracing: Could not find layer handle 0x7b315a685d10
10-28 15:33:52.459   582   960 W InputManager-JNI: Input channel object 'e42a0b4 Splash Screen org.nayestane.ustad (client)' was disposed without first being removed with the input manager!
10-28 15:33:52.508   870   925 W FrameTracker: Missed SF frame:PREDICTION_ERROR, 5234, 8358255, CUJ=J<SPLASHSCREEN_EXIT_ANIM>
10-28 15:33:52.508   870   925 W FrameTracker: Missed SF frame:PREDICTION_ERROR, 5378, 7295989, CUJ=J<SPLASHSCREEN_EXIT_ANIM>
10-28 15:33:52.508   870   925 W FrameTracker: Missing HWUI jank callback for vsyncId: 5414, CUJ=J<SPLASHSCREEN_EXIT_ANIM>
10-28 15:33:52.508   870   925 W FrameTracker: Missing HWUI jank callback for vsyncId: 5443, CUJ=J<SPLASHSCREEN_EXIT_ANIM>
10-28 15:33:52.508   870   925 W FrameTracker: Missed App frame:UNKNOWN: 24, 5472, 21500519, CUJ=J<SPLASHSCREEN_EXIT_ANIM>
10-28 15:33:52.508   870   925 W FrameTracker: Missed SF frame:UNKNOWN: 24, 5472, 21500519, CUJ=J<SPLASHSCREEN_EXIT_ANIM>
10-28 15:33:52.508   870   925 W FrameTracker: Missed SF frame:UNKNOWN: 80, 5508, 33448491, CUJ=J<SPLASHSCREEN_EXIT_ANIM>
10-28 15:33:52.508   870   925 W FrameTracker: Missed SF frame:UNKNOWN: 80, 5544, 21468506, CUJ=J<SPLASHSCREEN_EXIT_ANIM>
10-28 15:33:52.508   870   925 W FrameTracker: Missed SF frame:UNKNOWN: 80, 5580, 20192175, CUJ=J<SPLASHSCREEN_EXIT_ANIM>
10-28 15:33:52.508   870   925 W FrameTracker: Missed SF frame:UNKNOWN: 80, 5602, 19149103, CUJ=J<SPLASHSCREEN_EXIT_ANIM>
10-28 15:33:52.508   870   925 W FrameTracker: Missed SF frame:UNKNOWN: 80, 5632, 20977372, CUJ=J<SPLASHSCREEN_EXIT_ANIM>
10-28 15:33:52.508   870   925 W FrameTracker: Missed SF frame:UNKNOWN: 80, 5667, 20878771, CUJ=J<SPLASHSCREEN_EXIT_ANIM>
10-28 15:33:52.508   870   925 W FrameTracker: Missed SF frame:UNKNOWN: 80, 5703, 20249759, CUJ=J<SPLASHSCREEN_EXIT_ANIM>
10-28 15:33:52.509   870   915 V PerfettoTrigger: Triggering /system/bin/trigger_perfetto com.android.telemetry.interaction-jank-monitor-39
10-28 15:33:52.638   422   465 W TransactionTracing: Could not find layer handle 0x7b315a684990
10-28 15:33:52.638   422   465 W TransactionTracing: Could not find layer handle 0x7b315a688ad0
10-28 15:33:52.638   422   465 W TransactionTracing: Could not find layer handle 0x7b315a68a510
10-28 15:33:52.638   422   465 W TransactionTracing: Could not find layer handle 0x7b315a68a510
10-28 15:33:52.638   422   465 W TransactionTracing: Could not find layer handle 0x7b315a688ad0
10-28 15:33:52.764  2523  2540 D UiDevice: Searching for node with selector: BySelector [TEXT='\QGet Started\E'].
10-28 15:33:53.361  2523  2540 D UiDevice: Searching for node with selector: BySelector [TEXT='\QGet Started\E'].
10-28 15:33:53.464  2523  2540 D UiDevice: Searching for node with selector: BySelector [TEXT='\QGet Started\E'].
10-28 15:33:53.568  2523  2540 D UiDevice: Searching for node with selector: BySelector [TEXT='\QGet Started\E'].
10-28 15:33:53.671  2523  2540 D UiDevice: Searching for node with selector: BySelector [TEXT='\QGet Started\E'].
10-28 15:33:53.775  2523  2540 D UiDevice: Searching for node with selector: BySelector [TEXT='\QGet Started\E'].
10-28 15:33:53.878  2523  2540 D UiDevice: Searching for node with selector: BySelector [TEXT='\QGet Started\E'].
10-28 15:33:53.982  2523  2540 D UiDevice: Searching for node with selector: BySelector [TEXT='\QGet Started\E'].
10-28 15:33:54.085  2523  2540 D UiDevice: Searching for node with selector: BySelector [TEXT='\QGet Started\E'].
10-28 15:33:54.188  2523  2540 D UiDevice: Searching for node with selector: BySelector [TEXT='\QGet Started\E'].
10-28 15:33:54.291  2523  2540 D UiDevice: Searching for node with selector: BySelector [TEXT='\QGet Started\E'].
10-28 15:33:54.395  2523  2540 D UiDevice: Searching for node with selector: BySelector [TEXT='\QGet Started\E'].
10-28 15:33:54.498  2523  2540 D UiDevice: Searching for node with selector: BySelector [TEXT='\QGet Started\E'].
10-28 15:33:54.602  2523  2540 D UiDevice: Searching for node with selector: BySelector [TEXT='\QGet Started\E'].
10-28 15:33:54.705  2523  2540 D UiDevice: Searching for node with selector: BySelector [TEXT='\QGet Started\E'].
10-28 15:33:54.809  2523  2540 D UiDevice: Searching for node with selector: BySelector [TEXT='\QGet Started\E'].
10-28 15:33:54.912  2523  2540 D UiDevice: Searching for node with selector: BySelector [TEXT='\QGet Started\E'].
10-28 15:33:55.016  2523  2540 D UiDevice: Searching for node with selector: BySelector [TEXT='\QGet Started\E'].
10-28 15:33:55.120  2523  2540 D UiDevice: Searching for node with selector: BySelector [TEXT='\QGet Started\E'].
10-28 15:33:55.224  2523  2540 D UiDevice: Searching for node with selector: BySelector [TEXT='\QGet Started\E'].
10-28 15:33:55.328  2523  2540 D UiDevice: Searching for node with selector: BySelector [TEXT='\QGet Started\E'].
10-28 15:33:55.432  2523  2540 D UiDevice: Searching for node with selector: BySelector [TEXT='\QGet Started\E'].
10-28 15:33:55.535  2523  2540 D UiDevice: Searching for node with selector: BySelector [TEXT='\QGet Started\E'].
10-28 15:33:55.639  2523  2540 D UiDevice: Searching for node with selector: BySelector [TEXT='\QGet Started\E'].
10-28 15:33:55.743  2523  2540 D UiDevice: Searching for node with selector: BySelector [TEXT='\QGet Started\E'].
10-28 15:33:55.846  2523  2540 D UiDevice: Searching for node with selector: BySelector [TEXT='\QGet Started\E'].
10-28 15:33:55.949  2523  2540 D UiDevice: Searching for node with selector: BySelector [TEXT='\QGet Started\E'].
10-28 15:33:56.052  2523  2540 D UiDevice: Searching for node with selector: BySelector [TEXT='\QGet Started\E'].
10-28 15:33:56.156  2523  2540 D UiDevice: Searching for node with selector: BySelector [TEXT='\QGet Started\E'].
10-28 15:33:56.259  2523  2540 D UiDevice: Searching for node with selector: BySelector [TEXT='\QGet Started\E'].
10-28 15:33:56.362  2523  2540 D UiDevice: Searching for node with selector: BySelector [TEXT='\QGet Started\E'].
10-28 15:33:56.466  2523  2540 D UiDevice: Searching for node with selector: BySelector [TEXT='\QGet Started\E'].
10-28 15:33:56.570  2523  2540 D UiDevice: Searching for node with selector: BySelector [TEXT='\QGet Started\E'].
10-28 15:33:56.673  2523  2540 D UiDevice: Searching for node with selector: BySelector [TEXT='\QGet Started\E'].
10-28 15:33:56.777  2523  2540 D UiDevice: Searching for node with selector: BySelector [TEXT='\QGet Started\E'].
10-28 15:33:56.880  2523  2540 D UiDevice: Searching for node with selector: BySelector [TEXT='\QGet Started\E'].
10-28 15:33:56.983  2523  2540 D UiDevice: Searching for node with selector: BySelector [TEXT='\QGet Started\E'].
10-28 15:33:57.087  2523  2540 D UiDevice: Searching for node with selector: BySelector [TEXT='\QGet Started\E'].
10-28 15:33:57.190  2523  2540 D UiDevice: Searching for node with selector: BySelector [TEXT='\QGet Started\E'].
10-28 15:33:57.294  2523  2540 D UiDevice: Searching for node with selector: BySelector [TEXT='\QGet Started\E'].
10-28 15:33:57.397  2523  2540 D UiDevice: Searching for node with selector: BySelector [TEXT='\QGet Started\E'].
10-28 15:33:57.500  2523  2540 D UiDevice: Searching for node with selector: BySelector [TEXT='\QGet Started\E'].
10-28 15:33:57.604  2523  2540 D UiDevice: Searching for node with selector: BySelector [TEXT='\QGet Started\E'].
10-28 15:33:57.707  2523  2540 D UiDevice: Searching for node with selector: BySelector [TEXT='\QGet Started\E'].
10-28 15:33:57.810  2523  2540 D UiDevice: Searching for node with selector: BySelector [TEXT='\QGet Started\E'].
10-28 15:33:57.914  2523  2540 D UiDevice: Searching for node with selector: BySelector [TEXT='\QGet Started\E'].
10-28 15:33:58.017  2523  2540 D UiDevice: Searching for node with selector: BySelector [TEXT='\QGet Started\E'].
10-28 15:33:58.121  2523  2540 D UiDevice: Searching for node with selector: BySelector [TEXT='\QGet Started\E'].
10-28 15:33:58.224  2523  2540 D UiDevice: Searching for node with selector: BySelector [TEXT='\QGet Started\E'].
10-28 15:33:58.328  2523  2540 D UiDevice: Searching for node with selector: BySelector [TEXT='\QGet Started\E'].
10-28 15:33:58.432  2523  2540 D UiDevice: Searching for node with selector: BySelector [TEXT='\QGet Started\E'].
10-28 15:33:58.535  2523  2540 D UiDevice: Searching for node with selector: BySelector [TEXT='\QGet Started\E'].
10-28 15:33:58.638  2523  2540 D UiDevice: Searching for node with selector: BySelector [TEXT='\QGet Started\E'].
10-28 15:33:58.742  2523  2540 D UiDevice: Searching for node with selector: BySelector [TEXT='\QGet Started\E'].
10-28 15:33:58.845  2523  2540 D UiDevice: Searching for node with selector: BySelector [TEXT='\QGet Started\E'].
10-28 15:33:58.948  2523  2540 D UiDevice: Searching for node with selector: BySelector [TEXT='\QGet Started\E'].
10-28 15:33:59.050  2523  2540 D UiDevice: Searching for node with selector: BySelector [TEXT='\QGet Started\E'].
10-28 15:33:59.153  2523  2540 D UiDevice: Searching for node with selector: BySelector [TEXT='\QGet Started\E'].
10-28 15:33:59.256  2523  2540 D UiDevice: Searching for node with selector: BySelector [TEXT='\QGet Started\E'].
10-28 15:33:59.359  2523  2540 D UiDevice: Searching for node with selector: BySelector [TEXT='\QGet Started\E'].
10-28 15:33:59.462  2523  2540 D UiDevice: Searching for node with selector: BySelector [TEXT='\QGet Started\E'].
10-28 15:33:59.566  2523  2540 D UiDevice: Searching for node with selector: BySelector [TEXT='\QGet Started\E'].
10-28 15:33:59.669  2523  2540 D UiDevice: Searching for node with selector: BySelector [TEXT='\QGet Started\E'].
10-28 15:33:59.772  2523  2540 D UiDevice: Searching for node with selector: BySelector [TEXT='\QGet Started\E'].
10-28 15:33:59.875  2523  2540 D UiDevice: Searching for node with selector: BySelector [TEXT='\QGet Started\E'].
10-28 15:33:59.978  2523  2540 D UiDevice: Searching for node with selector: BySelector [TEXT='\QGet Started\E'].
10-28 15:34:00.031   870   976 D EGL_emulation: app_time_stats: avg=284.05ms min=5.34ms max=7257.57ms count=28
10-28 15:34:00.081  2523  2540 D UiDevice: Searching for node with selector: BySelector [TEXT='\QGet Started\E'].
10-28 15:34:00.734  2523  2540 D UiDevice: Searching for node with selector: BySelector [TEXT='\QGet Started\E'].
10-28 15:34:00.853  2523  2540 D UiDevice: Searching for node with selector: BySelector [TEXT='\QGet Started\E'].
10-28 15:34:00.975  2523  2540 D UiDevice: Searching for node with selector: BySelector [TEXT='\QGet Started\E'].
10-28 15:34:01.082  2523  2540 D UiDevice: Searching for node with selector: BySelector [TEXT='\QGet Started\E'].
10-28 15:34:01.186  2523  2540 D UiDevice: Searching for node with selector: BySelector [TEXT='\QGet Started\E'].
10-28 15:34:01.291  2523  2540 D UiDevice: Searching for node with selector: BySelector [TEXT='\QGet Started\E'].
10-28 15:34:01.396  2523  2540 D UiDevice: Searching for node with selector: BySelector [TEXT='\QGet Started\E'].
10-28 15:34:01.500  2523  2540 D UiDevice: Searching for node with selector: BySelector [TEXT='\QGet Started\E'].
10-28 15:34:01.604  2523  2540 D UiDevice: Searching for node with selector: BySelector [TEXT='\QGet Started\E'].
10-28 15:34:01.710  2523  2540 D UiDevice: Searching for node with selector: BySelector [TEXT='\QGet Started\E'].
10-28 15:34:01.815  2523  2540 D UiDevice: Searching for node with selector: BySelector [TEXT='\QGet Started\E'].
10-28 15:34:01.919  2523  2540 D UiDevice: Searching for node with selector: BySelector [TEXT='\QGet Started\E'].
10-28 15:34:02.022  2523  2540 D UiDevice: Searching for node with selector: BySelector [TEXT='\QGet Started\E'].
10-28 15:34:02.127  2523  2540 D UiDevice: Searching for node with selector: BySelector [TEXT='\QGet Started\E'].
10-28 15:34:02.231  2523  2540 D UiDevice: Searching for node with selector: BySelector [TEXT='\QGet Started\E'].
10-28 15:34:02.336  2523  2540 D UiDevice: Searching for node with selector: BySelector [TEXT='\QGet Started\E'].
10-28 15:34:03.341  2523  2540 D UiDevice: Retrieving node with selector: BySelector [TEXT='\QGet Started\E'].
10-28 15:34:03.345  2523  2540 D UiDevice: Node not found with selector: BySelector [TEXT='\QGet Started\E'].
10-28 15:34:08.346  2523  2540 D Benchmark: Profile Installer - Save Profile
10-28 15:34:08.373  2617  2617 I Process : Sending signal. PID: 2617 SIG: 10
10-28 15:34:08.373  2617  2617 D ProfileInstaller:
10-28 15:34:08.374  2617  2622 I nayestane.ustad: Thread[6,tid=2622,WaitingInMainSignalCatcherLoop,Thread*=0x7f5acd2a1200,peer=0x135c1f48,"Signal Catcher"]: reacting to signal 10
10-28 15:34:08.374  2617  2622 I nayestane.ustad:
10-28 15:34:08.374  2617  2622 I nayestane.ustad: SIGUSR1 forcing GC (no HPROF) and profile save
10-28 15:34:08.426  2617  2622 I nayestane.ustad: Explicit concurrent copying GC freed 154279(6008KB) AllocSpace objects, 12(376KB) LOS objects, 49% free, 7834KB/15MB, paused 62us,16us total 52.095ms
10-28 15:34:08.433  2617  2628 W System  : A resource failed to call close.
10-28 15:34:08.839  2617  2638 D UstadCache: CacheTrimmer:  Trim cache run: max (evictable) size = 100000000 bytes
10-28 15:34:08.840  2617  2638 V UstadCache: CacheTrimmer:  deleting
10-28 15:34:08.876  2523  2540 D Benchmark: Killing process org.nayestane.ustad
10-28 15:34:08.877  2523  2540 D UiDevice: Executing shell command: killall org.nayestane.ustad
10-28 15:34:08.903  1495  1681 W MediaProvider: isAppCloneUserPair for user 0: false
10-28 15:34:08.906  1495  1681 V MediaProvider: Inserted id:1000000037 less than next row id backup:1000001000.
10-28 15:34:08.951   582  1659 I PackageDexOptimizer: Running dexopt (dexoptNeeded=-3) on: /data/app/~~ZJQ7sXylsANplpuIJprZpw==/org.nayestane.ustad-MZAU5CLP1yOCe01YQZ7TaA==/base.apk pkg=org.nayestane.ustad isa=x86_64 dexoptFlags=boot_complete,profile_guided,force,enable_hidden_api_checks targetFilter=speed-profile oatDir=/data/app/~~ZJQ7sXylsANplpuIJprZpw==/org.nayestane.ustad-MZAU5CLP1yOCe01YQZ7TaA==/oat classLoaderContext=PCL[]{PCL[/system_ext/framework/androidx.window.extensions.jar]#PCL[/system_ext/framework/androidx.window.sidecar.jar]}
10-28 15:34:08.953   502   665 V installd: DexInv: --- BEGIN '/data/app/~~ZJQ7sXylsANplpuIJprZpw==/org.nayestane.ustad-MZAU5CLP1yOCe01YQZ7TaA==/base.apk' ---
10-28 15:34:08.953   502   665 V installd: Running /apex/com.android.art/bin/dex2oat64 in=base.apk out=/data/app/~~ZJQ7sXylsANplpuIJprZpw==/org.nayestane.ustad-MZAU5CLP1yOCe01YQZ7TaA==/oat/x86_64/base.odex
10-28 15:34:08.966  2983  2983 W dex2oat64: Unexpected CPU variant for x86: x86_64.
10-28 15:34:08.966  2983  2983 W dex2oat64: Known variants: atom, sandybridge, silvermont, kabylake, default
10-28 15:34:08.967  2983  2983 W dex2oat64: Mismatch between dex2oat instruction set features to use (ISA: X86_64 Feature string: -ssse3,-sse4.1,-sse4.2,-avx,-avx2,-popcnt) and those from CPP defines (ISA: X86_64 Feature string: ssse3,sse4.1,sse4.2,-avx,-avx2,popcnt) for the command line:
10-28 15:34:08.967  2983  2983 W dex2oat64: /apex/com.android.art/bin/dex2oat64 --zip-fd=8 --zip-location=base.apk --oat-fd=9 --oat-location=/data/app/~~ZJQ7sXylsANplpuIJprZpw==/org.nayestane.ustad-MZAU5CLP1yOCe01YQZ7TaA==/oat/x86_64/base.odex --input-vdex-fd=11 --output-vdex-fd=10 --app-image-fd=14 --image-format=lz4 --profile-file-fd=13 --swap-fd=12 --classpath-dir=/data/app/~~ZJQ7sXylsANplpuIJprZpw==/org.nayestane.ustad-MZAU5CLP1yOCe01YQZ7TaA== --class-loader-context=PCL[]{PCL[/system_ext/framework/androidx.window.extensions.jar]#PCL[/system_ext/framework/androidx.window.sidecar.jar]} --instruction-set=x86_64 --instruction-set-features=default --instruction-set-variant=x86_64 --compiler-filter=speed-profile --compilation-reason=cmdline --max-image-block-size=524288 --resolve-startup-const-strings=true --generate-mini-debug-info --runtime-arg -Xtarget-sdk-version:34 --runtime-arg -Xhidden-api-policy:enabled --runtime-arg -Xms64m --runtime-arg -Xmx512m
10-28 15:34:08.975  2983  2983 I dex2oat64: /apex/com.android.art/bin/dex2oat64 --input-vdex-fd=11 --output-vdex-fd=10 --profile-file-fd=13 --classpath-dir=/data/app/~~ZJQ7sXylsANplpuIJprZpw==/org.nayestane.ustad-MZAU5CLP1yOCe01YQZ7TaA== --class-loader-context=PCL[]{PCL[/system_ext/framework/androidx.window.extensions.jar]#PCL[/system_ext/framework/androidx.window.sidecar.jar]} --compiler-filter=speed-profile --compilation-reason=cmdline --max-image-block-size=524288 --resolve-startup-const-strings=true --generate-mini-debug-info
10-28 15:34:13.002  2983  2987 W dex2oat64: Accessing hidden method Landroid/window/BackEvent;->getProgress()F (blocked, linking, denied)
10-28 15:34:13.002  2983  2987 W dex2oat64: Accessing hidden method Landroid/window/BackEvent;->getSwipeEdge()I (blocked, linking, denied)
10-28 15:34:13.002  2983  2987 W dex2oat64: Accessing hidden method Landroid/window/BackEvent;->getTouchX()F (blocked, linking, denied)
10-28 15:34:13.003  2983  2987 W dex2oat64: Accessing hidden method Landroid/window/BackEvent;->getTouchY()F (blocked, linking, denied)
10-28 15:34:13.240  2983  2987 W dex2oat64: Method java.lang.Object androidx.compose.runtime.snapshots.SnapshotStateMap.mutate(kotlin.jvm.functions.Function1) failed lock verification and will run slower.
10-28 15:34:13.240  2983  2987 W dex2oat64: Common causes for lock verification issues are non-optimized dex code
10-28 15:34:13.240  2983  2987 W dex2oat64: and incorrect proguard optimizations.
10-28 15:34:13.240  2983  2987 W dex2oat64: Method void androidx.compose.runtime.snapshots.SnapshotStateMap.update(kotlin.jvm.functions.Function1) failed lock verification and will run slower.
10-28 15:34:13.241  2983  2987 W dex2oat64: Method boolean androidx.compose.runtime.snapshots.SnapshotStateMap.removeIf$runtime_release(kotlin.jvm.functions.Function1) failed lock verification and will run slower.
10-28 15:34:13.259  2983  2983 W dex2oat64: Method boolean androidx.compose.runtime.snapshots.SnapshotStateList.conditionalUpdate(boolean, kotlin.jvm.functions.Function1) failed lock verification and will run slower.
10-28 15:34:13.259  2983  2983 W dex2oat64: Method boolean androidx.compose.runtime.snapshots.SnapshotStateList.conditionalUpdate$default(androidx.compose.runtime.snapshots.SnapshotStateList, boolean, kotlin.jvm.functions.Function1, int, java.lang.Object) failed lock verification and will run slower.
10-28 15:34:13.259  2983  2983 W dex2oat64: Method java.lang.Object androidx.compose.runtime.snapshots.SnapshotStateList.mutate(kotlin.jvm.functions.Function1) failed lock verification and will run slower.
10-28 15:34:13.259  2983  2983 W dex2oat64: Method void androidx.compose.runtime.snapshots.SnapshotStateList.update(boolean, kotlin.jvm.functions.Function1) failed lock verification and will run slower.
10-28 15:34:13.259  2983  2983 W dex2oat64: Method void androidx.compose.runtime.snapshots.SnapshotStateList.update$default(androidx.compose.runtime.snapshots.SnapshotStateList, boolean, kotlin.jvm.functions.Function1, int, java.lang.Object) failed lock verification and will run slower.
10-28 15:34:14.562  2983  2983 I dex2oat64: Explicit concurrent copying GC freed 197105(31MB) AllocSpace objects, 0(0B) LOS objects, 49% free, 2157KB/4315KB, paused 15us,2us total 7.797ms
10-28 15:34:14.903  2983  2983 I dex2oat64: dex2oat took 5.937s (9.330s cpu) (threads: 4) arena alloc=10011KB (10251968B) java alloc=2157KB (2209576B) native alloc=22MB (23441216B) free=145MB (152837072B)
10-28 15:34:14.931   502   665 V installd: DexInv: --- END '/data/app/~~ZJQ7sXylsANplpuIJprZpw==/org.nayestane.ustad-MZAU5CLP1yOCe01YQZ7TaA==/base.apk' (success) ---
10-28 15:34:14.983  1495  2589 W MediaProvider: isAppCloneUserPair for user 0: false
10-28 15:34:14.983  1495  2589 V MediaProvider: Inserted id:1000000038 less than next row id backup:1000001000.
10-28 15:34:15.395  3003  3003 W profman : profman took 375.908ms
10-28 15:34:15.419  1495  1688 W MediaProvider: isAppCloneUserPair for user 0: false
10-28 15:34:15.420  1495  1688 V MediaProvider: Inserted id:1000000039 less than next row id backup:1000001000.
10-28 15:34:15.533  1495  2561 I MediaProvider: Deleted 0 0 0 0 0 0 0 items on external_primary due to com.ustadmobile.app_android_baselineprofile
10-28 15:34:16.357  2523  2540 D Benchmark: Unstable profiles during iteration 3
10-28 15:34:16.357  2523  2540 D Benchmark: Killing package org.nayestane.ustad
10-28 15:34:16.357  2523  2540 D Benchmark: Killing process org.nayestane.ustad
10-28 15:34:16.357  2523  2540 D UiDevice: Executing shell command: killall org.nayestane.ustad
10-28 15:34:16.370  2523  2540 D Benchmark: Compile iteration (4) for org.nayestane.ustad
10-28 15:34:16.370  2523  2540 D UiDevice: Pressing home button.
10-28 15:34:16.392   870   870 V ShadeControllerImpl: NotificationShadeWindow: com.android.systemui.shade.NotificationShadeWindowView{963422f I.E...... ......ID 0,0-320,640} canPanelBeCollapsed(): false
10-28 15:34:16.400  1133  1133 D TaplTarget: Launcher.onNewIntent: Intent { act=android.intent.action.MAIN cat=[android.intent.category.HOME] flg=0x10400100 cmp=com.android.launcher3/.uioverrides.QuickstepLauncher (has extras) }
10-28 15:34:16.401   870   870 V ShadeControllerImpl: NotificationShadeWindow: com.android.systemui.shade.NotificationShadeWindowView{963422f I.E...... ......ID 0,0-320,640} canPanelBeCollapsed(): false
10-28 15:34:16.420   422   422 I BpBinder: onLastStrongRef automatically unlinking death recipients: <uncached descriptor>
10-28 15:34:16.440   422   465 W TransactionTracing: Could not find layer handle 0x7b315a6895b0
10-28 15:34:16.444   870   976 D EGL_emulation: app_time_stats: avg=16411.99ms min=16411.99ms max=16411.99ms count=1
10-28 15:34:16.470   422   465 W TransactionTracing: Could not find layer handle 0x7b315a686c70
10-28 15:34:16.836   422   465 W TransactionTracing: Could not find layer handle 0x7b315a68a750
10-28 15:34:16.874  1495  1688 W MediaProvider: isAppCloneUserPair for user 0: false
10-28 15:34:16.874  1495  1688 V MediaProvider: Inserted id:1000000040 less than next row id backup:1000001000.
10-28 15:34:16.918  2523  2540 I System.out: 0 Flags,FrameTimelineVsyncId,IntendedVsync,Vsync,InputEventId,HandleInputStart,AnimationStart,PerformTraversalsStart,DrawStart,FrameDeadline,FrameInterval,FrameStartTime,SyncQueued,SyncStart,IssueDrawCommandsStart,SwapBuffers,FrameCompleted,DequeueBufferDuration,QueueBufferDuration,GpuCompleted,SwapBuffersCompleted,DisplayPresentTime,CommandSubmissionCompleted,
10-28 15:34:16.918  2523  2540 I System.out: 1 1,5133,313068010291,313068010291,0,313073247309,313073247459,313073247579,313100011387,313084676957,313073246179,16666666,313100460577,313100577527,313100638037,313100776337,313101532007,2560,350220,313101507537,313101532007,313105662978,313100776337,
10-28 15:34:16.918  2523  2540 I System.out: 2 0,5176,313084676957,313101343623,0,313111494760,313111495190,313117265822,313117288282,313134676955,313111492740,16666666,313117970762,313117990862,313118068702,313118151832,313134758397,1960,98620,313134758397,313118639352,313138550768,313118151832,
10-28 15:34:16.918  2523  2540 I System.out: 3 0,5248,313118010289,313118010289,0,313124583884,313124584554,313161903874,313161929204,313168010287,313124581454,16666666,313177043358,313177064908,313177097488,313177151728,313177850788,2700,325910,313177824578,313177850788,313185997631,313177151728,
10-28 15:34:16.919  2523  2540 I System.out: 4 0,5291,313134676955,313168010287,0,313179822199,313179822589,313201039875,313201065475,313201343619,313179821119,16666666,313215050589,313215117329,313215177139,313215696109,313218089930,2790,182310,313218089930,313216851949,313220273750,313215696109,
10-28 15:34:16.919  2523  2540 I System.out: 5 0,5392,313184676953,313218010285,0,313222302671,313222303001,313226367952,313226390182,313251343617,313222300621,16666666,313228823553,313228854163,313228928823,313229895383,313234775434,3110,113740,313234775434,313230537103,313251593459,313229895383,
10-28 15:34:16.919  2523  2540 I System.out: 6 0,5486,313234676951,313234676951,0,313236665065,313236665305,313239741676,313239763066,313268010283,313236663165,16666666,313241637956,313241705496,313241758686,313242750517,313268118214,11222363,86010,313268118214,313254559730,313271705685,313242750517,
10-28 15:34:16.919  2523  2540 I System.out: 7 0,5522,313251343617,313251343617,0,313251555179,313251555739,313264880333,313264901533,313301343615,313251552589,16666666,313271743065,313271791275,313271843985,313272737265,313280943777,1930,56090,313280943777,313273462605,313286271039,313272737265,
10-28 15:34:16.919  2523  2540 I System.out: 8 0,5558,313268010283,313268010283,0,313273955775,313273956275,313277412726,313277434896,313318010281,313273954315,16666666,313279600957,313279633807,313279665337,313280302147,313286557139,5572982,74920,313284798388,313286557139,313304522074,313280302147,
10-28 15:34:16.919  2523  2540 I System.out: 9 0,5594,313284676949,313284676949,0,313285008538,313285008678,313287384779,313287401209,313334676947,313285007898,16666666,313289308859,313289366299,313289412809,313290373340,313304777264,13013384,150580,313291719110,313304777264,313320288568,313290373340,
10-28 15:34:16.919  2523  2540 I System.out: 10 0,5622,313301343615,313301343615,0,313301815093,313301815383,313306122784,313306149244,313351343613,313301814073,16666666,313308643635,313308701165,313308759955,313309565195,313321082178,10544743,200280,313318110687,313321082178,313338670803,313309565195,
10-28 15:34:16.919  2523  2540 I System.out: 11 0,5652,313318010281,313318010281,0,313318471918,313318472128,313322896029,313322917689,313368010279,313318471078,16666666,313325066299,313325116019,313325185119,313325943320,313339734433,13030233,84200,313334828772,313339734433,313355253528,313325943320,
10-28 15:34:16.919  2523  2540 I System.out: 12 0,5688,313334676947,313334676947,0,313335280772,313335281002,313338711293,313338731183,313384676945,313335280112,16666666,313341042344,313341095064,313341157084,313342370274,313356066918,12193033,111850,313343835605,313356066918,313371301002,313342370274,
10-28 15:34:16.919  2523  2540 I System.out: 13 0,5717,313351343613,313351343613,0,313351617607,313351617717,313354173477,313354197447,313401343611,313351616657,16666666,313355969018,313356086398,313356128468,313356899788,313371793362,13889814,94970,313368148541,313371793362,313387081957,313356899788,
10-28 15:34:16.919  2523  2540 I System.out: 14 0,5753,313368010279,313368010279,0,313369977992,313369978282,313374683993,313374708143,313418010277,313369976342,16666666,313377929734,313377971174,313378018964,313378760674,313387488667,7801362,146001,313384826836,313387488667,313403570351,313378760674,
10-28 15:34:16.919  2523  2540 I System.out: 15 0,5775,313384676945,313384676945,0,313384883576,313384884396,313388219447,313388244157,313434676943,313384882136,16666666,313391260858,313391310178,313391368838,313392213038,313404184331,10986723,98360,313401484061,313404184331,313420297346,313392213038,
10-28 15:34:16.919  2523  2540 I System.out: 16 0,5797,313401343611,313401343611,0,313402022231,313402022651,313404623341,313404648491,313451343609,313402020711,16666666,313406568702,313406602302,313406650512,313406923112,313420514516,12547964,96940,313418107445,313420514516,313436997890,313406923112,
10-28 15:34:16.919  2523  2540 I System.out: 17 0,5821,313418010277,313418010277,0,313418154855,313418155165,313419332176,313419355786,313468010275,313418154065,16666666,313421881746,313421915476,313421950376,313422158026,313437226891,13678114,154070,313423514177,313437226891,313453605955,313422158026,
10-28 15:34:16.919  2523  2540 I System.out: 18 0,5841,313434676943,313434676943,0,313434904060,313434904610,313435975240,313435997810,313484676941,313434902650,16666666,313438277131,313438313511,313438351861,313439161551,313453840545,13672644,135300,313451516904,313453840545,313470071430,313439161551,
10-28 15:34:16.919  2523  2540 I System.out: 19 0,5858,313451343609,313451343609,0,313451556785,313451557445,313452517925,313452539835,313501343607,313451554825,16666666,313453872235,313453893485,313453935665,313454161855,313470236580,15180595,96870,313468145119,313470236580,313485975814,313454161855,
10-28 15:34:16.919  2523  2540 I System.out: 20 0,5872,313468010275,313468010275,0,313468252729,313468253119,313469270899,313469291229,313518010273,313468251219,16666666,313471082490,313471117300,313471149520,313471349290,313486677504,14334644,105790,313484782264,313486677504,313503217529,313471349290,
10-28 15:34:16.919  2523  2540 I System.out: 21 0,5893,313484676941,313484676941,0,313484870664,313484870874,313485981074,313486006754,313534676939,313484868594,16666666,313487637675,313487685295,313487736395,313488035295,313503543419,14461524,133390,313501451998,313503543419,313519343163,313488035295,
10-28 15:34:16.919  2523  2540 I System.out: 22 0,5908,313501343607,313501343607,0,313501504348,313501504768,313504774009,313504795499,313551343605,313501503268,16666666,313506672130,313506739850,313506818950,313507326580,313520439604,12175884,186610,313518110093,313520439604,313535611938,313507326580,
10-28 15:34:16.919  2523  2540 I System.out: 23 0,5917,313518010273,313518010273,0,313518200893,313518201263,313521079884,313521102544,313568010271,313518199503,16666666,313523145044,313523203264,313523240404,313523605655,313536608948,12308633,85340,313534800528,313536608948,313552395863,313523605655,
10-28 15:34:16.919  2523  2540 I System.out: 24 0,5938,313534676939,313534676939,0,313534873488,313534873878,313536013078,313536029108,313584676937,313534872568,16666666,313537583818,313537625478,313537660528,313538046509,313552572193,13615184,115280,313551465562,313552572193,313573078768,313538046509,
10-28 15:34:16.919  2523  2540 I System.out: 25 0,5952,313551343605,313551343605,0,313551556182,313551556512,313552436233,313552449103,313601343603,313551555422,16666666,313554368923,313554423593,313554467093,313554822443,313570349067,14609234,155010,313555688873,313570349067,313585646312,313554822443,
10-28 15:34:16.919  2523  2540 I System.out: 26 0,5975,313568010271,313568010271,0,313568232157,313568232627,313568676047,313568690597,313618010269,313568230987,16666666,313568760887,313570385648,313570435538,313570987008,313586264532,14271924,119800,313584789082,313586264532,0,313570987008,
10-28 15:34:16.919  2523  2540 I System.out: 27 0,6004,313584676937,313584676937,0,313585205512,313585205622,313585705592,313587730902,313634676935,313585204692,16666666,313587888782,313587931732,313587978742,313588381553,313602623766,13434303,71400,313601463726,313602623766,0,313588381553,
10-28 15:34:16.919  2523  2540 I System.out: 28 0,6026,313601343603,313601343603,0,313601516556,313601516896,313605700847,313605716187,313651343601,313601515476,16666666,313607982108,313608058488,313608105558,313608515288,313619002261,9702923,120630,313618089001,313619002261,72057628414509824,313608515288,
10-28 15:34:16.919  2523  2540 I System.out: 29 0,6041,313618010269,313618010269,0,313618176071,313618176621,313619667171,313619682791,313668010267,313618174841,16666666,313620138051,313620178831,313620213071,313620571651,313635718296,14311004,113330,313634770475,313635718296,0,313620571651,
10-28 15:34:16.919  2523  2540 I System.out: 30 8,6056,313634676935,313634676935,0,313634843145,313634843505,313634843705,313634854505,313651343601,313634842305,16666666,313634857835,313635740036,0,72057628414509835,72904454231819030,0,0,0,72057628414509838,72904454231819660,0,
10-28 15:34:16.919  2523  2540 D Benchmark: Starting activity with command: am start  -W "intent:#Intent;action=android.intent.action.MAIN;category=android.intent.category.LAUNCHER;launchFlags=0x10008000;package=org.nayestane.ustad;component=org.nayestane.ustad/com.ustadmobile.port.android.view.AppActivity;end"
10-28 15:34:16.921  1495  1688 W MediaProvider: isAppCloneUserPair for user 0: false
10-28 15:34:16.922  1495  1688 V MediaProvider: Inserted id:1000000041 less than next row id backup:1000001000.
10-28 15:34:16.950   870   926 D SplashScreenView: Build android.window.SplashScreenView{6bb6c4e V.E...... ......ID 0,0-0,0}
10-28 15:34:16.950   870   926 D SplashScreenView: Icon: view: null drawable: null size: 0
10-28 15:34:16.950   870   926 D SplashScreenView: Branding: view: android.view.View{b21116f G.ED..... ......I. 0,0-0,0 #10204db android:id/splashscreen_branding_view} drawable: null size w: 0 h: 0
10-28 15:34:16.954  2617  2617 D AppActivity$onDestroy: AppActivity#onDestroy
10-28 15:34:16.956   582  1645 W InputManager-JNI: Input channel object '2c31420 org.nayestane.ustad/com.ustadmobile.port.android.view.AppActivity (client)' was disposed without first being removed with the input manager!
10-28 15:34:16.960   870   976 W Parcel  : Expecting binder but got null!
10-28 15:34:16.965  2617  2617 W CustomTabsClient: Unable to find any Custom Tabs packages, you may need to add a <queries> element to your manifest. See the docs for CustomTabsClient#getPackageName.
10-28 15:34:16.965  2617  2617 W AppActivity$bindCustomTabsService: CustomTabs: Service NOT supported
10-28 15:34:16.969  2617  2617 D AutofillManager: Fill dialog is enabled:false, hints=[]
10-28 15:34:16.970   422   422 I BpBinder: onLastStrongRef automatically unlinking death recipients: <uncached descriptor>
10-28 15:34:16.971   422   465 W TransactionTracing: Could not find layer handle 0x7b315a688d70
10-28 15:34:16.971   422   465 W TransactionTracing: Could not find layer handle 0x7b315a689f70
10-28 15:34:16.971   422   465 W TransactionTracing: Could not find layer handle 0x7b315a689f70
10-28 15:34:16.975  2617  2617 W OnBackInvokedCallback: OnBackInvokedCallback is not enabled for the application.
10-28 15:34:16.975  2617  2617 W OnBackInvokedCallback: Set 'android:enableOnBackInvokedCallback="true"' in the application manifest.
10-28 15:34:16.982   582  1659 D ConnectivityService: requestNetwork for uid/pid:10126/2617 activeRequest: null callbackRequest: 52 [NetworkRequest [ REQUEST id=53, [ Capabilities: INTERNET&NOT_RESTRICTED&TRUSTED&NOT_VCN_MANAGED Uid: 10126 RequestorUid: 10126 RequestorPkg: org.nayestane.ustad UnderlyingNetworks: Null] ]] callback flags: 0 order: 2147483647
10-28 15:34:16.983   582   809 D ConnectivityService: NetReassign [53 : null → 100]
10-28 15:34:16.983   582   802 D WifiNetworkFactory: got request NetworkRequest [ REQUEST id=53, [ Capabilities: INTERNET&NOT_RESTRICTED&TRUSTED&NOT_VCN_MANAGED Uid: 10126 RequestorUid: 10126 RequestorPkg: org.nayestane.ustad UnderlyingNetworks: Null] ]
10-28 15:34:16.983   582   802 D UntrustedWifiNetworkFactory: got request NetworkRequest [ REQUEST id=53, [ Capabilities: INTERNET&NOT_RESTRICTED&TRUSTED&NOT_VCN_MANAGED Uid: 10126 RequestorUid: 10126 RequestorPkg: org.nayestane.ustad UnderlyingNetworks: Null] ]
10-28 15:34:16.984   582   802 D OemPaidWifiNetworkFactory: got request NetworkRequest [ REQUEST id=53, [ Capabilities: INTERNET&NOT_RESTRICTED&TRUSTED&NOT_VCN_MANAGED Uid: 10126 RequestorUid: 10126 RequestorPkg: org.nayestane.ustad UnderlyingNetworks: Null] ]
10-28 15:34:16.984   582   802 D MultiInternetWifiNetworkFactory: got request NetworkRequest [ REQUEST id=53, [ Capabilities: INTERNET&NOT_RESTRICTED&TRUSTED&NOT_VCN_MANAGED Uid: 10126 RequestorUid: 10126 RequestorPkg: org.nayestane.ustad UnderlyingNetworks: Null] ]
10-28 15:34:16.993  2617  2669 W Parcel  : Expecting binder but got null!
10-28 15:34:16.997   582   602 I ActivityTaskManager: Displayed org.nayestane.ustad/com.ustadmobile.port.android.view.AppActivity: +48ms
10-28 15:34:17.001  2617  2617 D UstadViewModelFunKt$ustadViewModel$viewModel$invoke: ustadViewModel(): create viewmodel for: com.ustadmobile.core.viewmodel.redirect.RedirectViewModel
10-28 15:34:17.002  2617  2617 I System.out: com.ustadmobile.core.db.UmAppDatabase_DoorWrapper@efea2f7
10-28 15:34:17.006   422   465 W TransactionTracing: Could not find layer handle 0x7b315a68a030
10-28 15:34:17.012  2617  2617 D UstadNavControllerPreCompose$onCollectNavCommand: NavCommandEffect: Navigate: Go to Login
10-28 15:34:17.023  2523  2540 D Benchmark: Result: Starting: Intent { act=android.intent.action.MAIN cat=[android.intent.category.LAUNCHER] flg=0x10008000 pkg=org.nayestane.ustad cmp=org.nayestane.ustad/com.ustadmobile.port.android.view.AppActivity }
10-28 15:34:17.023  2523  2540 D Benchmark: Status: ok
10-28 15:34:17.023  2523  2540 D Benchmark: LaunchState: WARM
10-28 15:34:17.023  2523  2540 D Benchmark: Activity: org.nayestane.ustad/com.ustadmobile.port.android.view.AppActivity
10-28 15:34:17.023  2523  2540 D Benchmark: TotalTime: 48
10-28 15:34:17.023  2523  2540 D Benchmark: WaitTime: 49
10-28 15:34:17.023  2523  2540 D Benchmark: Complete
10-28 15:34:17.030  2617  2617 D UstadViewModelFunKt$ustadViewModel$viewModel$invoke: ustadViewModel(): create viewmodel for: com.ustadmobile.core.viewmodel.login.LoginViewModel
10-28 15:34:17.034  2617  2719 V UstadCache: OKHttp-CacheInterceptor:  intercept: GET https://dars.nayestane.org/v2/Site/verify
10-28 15:34:17.034  2617  2719 I UstadCache: UstadCache(): Retrieve https://dars.nayestane.org/v2/Site/verify
10-28 15:34:17.035  2617  2719 D UstadCache: UstadCache(): FOUND https://dars.nayestane.org/v2/Site/verify
10-28 15:34:17.038  2617  2719 D TrafficStats: tagSocket(102) with statsTag=0xffffffff, statsUid=-1
10-28 15:34:17.042  1495  2561 W MediaProvider: isAppCloneUserPair for user 0: false
10-28 15:34:17.043  1495  2561 V MediaProvider: Inserted id:1000000042 less than next row id backup:1000001000.
10-28 15:34:17.088   422   465 W TransactionTracing: Could not find layer handle 0x7b315a6898b0
10-28 15:34:17.128  2617  2719 D UstadCache: OKHttp-CacheInterceptor:  MISS(invalid) https://dars.nayestane.org/v2/Site/verify
10-28 15:34:17.128  2617  2719 D UstadCache: OKHttp-CacheInterceptor:  newCacheAndStoreResponse: GET https://dars.nayestane.org/v2/Site/verify 200 ()
10-28 15:34:17.128  2617  2719 V UstadCache: OKHttp-CacheInterceptor:  https://dars.nayestane.org/v2/Site/verify MISS(invalid) can store/update 200  (contentType=application/json; charset=UTF-8, content-encoding=null content-length=180)
10-28 15:34:17.131  2617  2730 D UstadCache: UstadCache(): storerequest 1 entries
10-28 15:34:17.131  2617  2730 V UstadCache: UstadCache(): copied request data for https://dars.nayestane.org/v2/Site/verify to /data/user/0/org.nayestane.ustad/files/httpfiles/tmpwork/4.tmp (integrity=sha256-VTW/47g5E/UMinnUcaDGC+8yXE8lgnmbnOjHxekFxd4=)
10-28 15:34:17.132  2617  2730 V UstadCache: UstadCache(): cacheEntries created 1 entries
10-28 15:34:17.132  2617  2730 D UstadCache: UstadCache(): deleting 1 tmp files
10-28 15:34:17.132  2617  2730 D UstadCache: UstadCache(): db transaction completed
10-28 15:34:17.138  2523  2540 I System.out: 0 Flags,FrameTimelineVsyncId,IntendedVsync,Vsync,InputEventId,HandleInputStart,AnimationStart,PerformTraversalsStart,DrawStart,FrameDeadline,FrameInterval,FrameStartTime,SyncQueued,SyncStart,IssueDrawCommandsStart,SwapBuffers,FrameCompleted,DequeueBufferDuration,QueueBufferDuration,GpuCompleted,SwapBuffersCompleted,DisplayPresentTime,CommandSubmissionCompleted,
10-28 15:34:17.138  2523  2540 I System.out: 1 1,6560,337884675965,337884675965,0,337899138245,337899138605,337899233645,337923245052,337901342631,337899136825,16666666,337923796172,337923897582,337923957822,337924121502,337934834175,1860,206230,337934834175,337924703252,288704240641,337924121502,
10-28 15:34:17.138  2523  2540 I System.out: 2 0,6595,337901342631,337918009297,0,337929633774,337929634384,337940908967,337940925647,337968009295,337929631384,16666666,337941665307,337941682987,337941708347,337941787607,337951440720,2050,100230,337951440720,337942258697,288720830115,337941787607,
10-28 15:34:17.138  2523  2540 I System.out: 3 0,6670,337951342629,337951342629,0,337957309251,337957309921,337993830082,337993853482,337984675961,337957306261,16666666,338005370965,338005387335,338005444645,338005514825,338006017915,1610,126040,338005995755,338006017915,288807700259,338005514825,
10-28 15:34:17.138  2523  2540 I System.out: 4 0,6706,337968009295,338001342627,0,338009328166,338009328476,338028790191,338028813331,337984675961,338009326386,16666666,338042218525,338042261535,338042296675,338042700765,288851480221,1480,70960,288851480221,338043378145,288855750693,338042700765,
10-28 15:34:17.139  2523  2540 D UiDevice: Waiting 10000ms for SearchCondition[hasObject=BySelector [TEXT='\QGet Started\E']].
10-28 15:34:17.139  2523  2540 D UiDevice: Searching for node with selector: BySelector [TEXT='\QGet Started\E'].
10-28 15:34:17.291   582  1645 W InputManager-JNI: Input channel object 'd46ba43 Splash Screen org.nayestane.ustad (client)' was disposed without first being removed with the input manager!
10-28 15:34:17.308  1133  1133 W FrameTracker: Missed SF frame:PREDICTION_ERROR, 6228, 5270399, CUJ=J<LAUNCHER_APP_CLOSE_TO_HOME>
10-28 15:34:17.308  1133  1133 W FrameTracker: Missed SF frame:PREDICTION_ERROR, 6270, 5002826, CUJ=J<LAUNCHER_APP_CLOSE_TO_HOME>
10-28 15:34:17.308  1133  1133 W FrameTracker: Missed SF frame:PREDICTION_ERROR, 6287, 3818874, CUJ=J<LAUNCHER_APP_CLOSE_TO_HOME>
10-28 15:34:17.308  1133  1133 W FrameTracker: Missed SF frame:PREDICTION_ERROR, 6302, 4239283, CUJ=J<LAUNCHER_APP_CLOSE_TO_HOME>
10-28 15:34:17.308  1133  1133 W FrameTracker: Missed SF frame:PREDICTION_ERROR, 6362, 3388447, CUJ=J<LAUNCHER_APP_CLOSE_TO_HOME>
10-28 15:34:17.308  1133  1133 W FrameTracker: Missed SF frame:PREDICTION_ERROR, 6392, 3557445, CUJ=J<LAUNCHER_APP_CLOSE_TO_HOME>
10-28 15:34:17.308  1133  1133 W FrameTracker: Missed SF frame:PREDICTION_ERROR, 6438, 3336009, CUJ=J<LAUNCHER_APP_CLOSE_TO_HOME>
