10-28 15:36:19.848  2523  2540 I System.out: 23 0,12106,436401338691,436401338691,0,436401560436,436401561456,436402351586,436402379176,436434672023,436401557566,16666666,436403747407,436403799047,436403853907,436404114697,436419447151,14404924,93360,436418128391,436419447151,436435972316,436404114697,
10-28 15:36:19.848  2523  2540 I System.out: 24 0,12115,436418005357,436418005357,0,436418240261,436418241901,436420642751,436420664521,436451338689,436418215991,16666666,436421966092,436422010942,436422073962,436422567942,436436569606,13046784,181640,436423460882,436436569606,436452551250,436422567942,
10-28 15:36:19.848  2523  2540 I System.out: 25 0,12133,436434672023,436434672023,0,436436134126,436436134636,436438231106,436438251976,436468005355,436436132436,16666666,436439487186,436439522776,436439572907,436439991637,436453491020,12643593,199660,436451428000,436453491020,436469135305,436439991637,
10-28 15:36:19.848  2523  2540 I System.out: 26 0,12151,436451338689,436451338689,0,436451519290,436451519690,436452722410,436452745010,436484672021,436451517900,16666666,436454148151,436454180661,436454218061,436454583701,436469472745,14068394,118740,436468116714,436469472745,436489623320,436454583701,
10-28 15:36:19.848  2523  2540 I System.out: 27 0,12166,436468005355,436468005355,0,436468260344,436468260864,436469321325,436469345435,436501338687,436468259174,16666666,436470561925,436470744665,436470791265,436471240235,436487446910,15241864,116740,436484800079,436487446910,436502847754,436471240235,
10-28 15:36:19.848  2523  2540 I System.out: 28 0,12195,436484672021,436484672021,0,436484879799,436484880289,436485479739,436485502239,436518005353,436484878509,16666666,436485558269,436487479620,436487519900,436487889070,436503070794,14176394,125120,436501445994,436503070794,0,436487889070,
10-28 15:36:19.848  2523  2540 I System.out: 29 0,12217,436501338687,436501338687,0,436501513014,436501513334,436502012444,436503584364,436534672019,436501511994,16666666,436503750224,436503809774,436503857124,436504216334,436519275349,14242834,98760,436518103058,436519275349,0,436504216334,
10-28 15:36:19.848  2523  2540 I System.out: 30 0,12239,436518005353,436518005353,0,436518221148,436518221378,436521525549,436521541739,436551338685,436518220518,16666666,436523748690,436523789920,436523831030,436524269760,436536067053,10920443,137390,436534811443,436536067053,0,436524269760,
10-28 15:36:19.848  2523  2540 I System.out: 31 0,12254,436534672019,436534672019,0,436534887173,436534887543,436536342603,436536357083,436568005351,436534885593,16666666,436536745863,436536780084,436536818074,436537241814,436552864168,14629304,179190,436551405478,436552864168,0,436537241814,
10-28 15:36:19.848  2523  2540 I System.out: 32 8,12269,436551338685,436551338685,0,436551497488,436551497868,436551498038,436551509988,436568005351,436551496428,16666666,436551514118,436552883138,0,0,0,0,0,0,0,0,0,
10-28 15:36:19.849  2523  2540 D Benchmark: Starting activity with command: am start  -W "intent:#Intent;action=android.intent.action.MAIN;category=android.intent.category.LAUNCHER;launchFlags=0x10008000;package=org.nayestane.ustad;component=org.nayestane.ustad/com.ustadmobile.port.android.view.AppActivity;end"
10-28 15:36:19.850  1495  1681 W MediaProvider: isAppCloneUserPair for user 0: false
10-28 15:36:19.851  1495  1681 V MediaProvider: Inserted id:1000000071 less than next row id backup:1000001000.
10-28 15:36:19.884   870   926 D SplashScreenView: Build android.window.SplashScreenView{5044fe9 V.E...... ......ID 0,0-0,0}
10-28 15:36:19.884   870   926 D SplashScreenView: Icon: view: null drawable: null size: 0
10-28 15:36:19.884   870   926 D SplashScreenView: Branding: view: android.view.View{a65346e G.ED..... ......I. 0,0-0,0 #10204db android:id/splashscreen_branding_view} drawable: null size w: 0 h: 0
10-28 15:36:19.888  2617  2617 D AppActivity$onDestroy: AppActivity#onDestroy
10-28 15:36:19.894   582   995 W InputManager-JNI: Input channel object '8c6a2c5 org.nayestane.ustad/com.ustadmobile.port.android.view.AppActivity (client)' was disposed without first being removed with the input manager!
10-28 15:36:19.900   870   976 W Parcel  : Expecting binder but got null!
10-28 15:36:19.909  2617  2617 W CustomTabsClient: Unable to find any Custom Tabs packages, you may need to add a <queries> element to your manifest. See the docs for CustomTabsClient#getPackageName.
10-28 15:36:19.909  2617  2617 W AppActivity$bindCustomTabsService: CustomTabs: Service NOT supported
10-28 15:36:19.922  2617  2617 D AutofillManager: Fill dialog is enabled:false, hints=[]
10-28 15:36:19.927  2617  2617 W OnBackInvokedCallback: OnBackInvokedCallback is not enabled for the application.
10-28 15:36:19.927  2617  2617 W OnBackInvokedCallback: Set 'android:enableOnBackInvokedCallback="true"' in the application manifest.
10-28 15:36:19.931   582   863 D ConnectivityService: requestNetwork for uid/pid:10126/2617 activeRequest: null callbackRequest: 62 [NetworkRequest [ REQUEST id=63, [ Capabilities: INTERNET&NOT_RESTRICTED&TRUSTED&NOT_VCN_MANAGED Uid: 10126 RequestorUid: 10126 RequestorPkg: org.nayestane.ustad UnderlyingNetworks: Null] ]] callback flags: 0 order: 2147483647
10-28 15:36:19.932   582   809 D ConnectivityService: NetReassign [63 : null → 100]
10-28 15:36:19.932   582   802 D WifiNetworkFactory: got request NetworkRequest [ REQUEST id=63, [ Capabilities: INTERNET&NOT_RESTRICTED&TRUSTED&NOT_VCN_MANAGED Uid: 10126 RequestorUid: 10126 RequestorPkg: org.nayestane.ustad UnderlyingNetworks: Null] ]
10-28 15:36:19.932   582   802 D UntrustedWifiNetworkFactory: got request NetworkRequest [ REQUEST id=63, [ Capabilities: INTERNET&NOT_RESTRICTED&TRUSTED&NOT_VCN_MANAGED Uid: 10126 RequestorUid: 10126 RequestorPkg: org.nayestane.ustad UnderlyingNetworks: Null] ]
10-28 15:36:19.932   582   802 D OemPaidWifiNetworkFactory: got request NetworkRequest [ REQUEST id=63, [ Capabilities: INTERNET&NOT_RESTRICTED&TRUSTED&NOT_VCN_MANAGED Uid: 10126 RequestorUid: 10126 RequestorPkg: org.nayestane.ustad UnderlyingNetworks: Null] ]
10-28 15:36:19.932   582   802 D MultiInternetWifiNetworkFactory: got request NetworkRequest [ REQUEST id=63, [ Capabilities: INTERNET&NOT_RESTRICTED&TRUSTED&NOT_VCN_MANAGED Uid: 10126 RequestorUid: 10126 RequestorPkg: org.nayestane.ustad UnderlyingNetworks: Null] ]
10-28 15:36:19.943  2617  2669 W Parcel  : Expecting binder but got null!
10-28 15:36:19.946   582   602 I ActivityTaskManager: Displayed org.nayestane.ustad/com.ustadmobile.port.android.view.AppActivity: +65ms
10-28 15:36:19.950  2617  2617 D UstadViewModelFunKt$ustadViewModel$viewModel$invoke: ustadViewModel(): create viewmodel for: com.ustadmobile.core.viewmodel.redirect.RedirectViewModel
10-28 15:36:19.951  2617  2617 I System.out: com.ustadmobile.core.db.UmAppDatabase_DoorWrapper@efea2f7
10-28 15:36:19.956  2617  2617 D UstadNavControllerPreCompose$onCollectNavCommand: NavCommandEffect: Navigate: Go to Login
10-28 15:36:19.961  2617  2617 D UstadViewModelFunKt$ustadViewModel$viewModel$invoke: ustadViewModel(): create viewmodel for: com.ustadmobile.core.viewmodel.login.LoginViewModel
10-28 15:36:19.965  2617  2719 V UstadCache: OKHttp-CacheInterceptor:  intercept: GET https://dars.nayestane.org/v2/Site/verify
10-28 15:36:19.966  2617  2719 I UstadCache: UstadCache(): Retrieve https://dars.nayestane.org/v2/Site/verify
10-28 15:36:19.966  2617  2719 D UstadCache: UstadCache(): FOUND https://dars.nayestane.org/v2/Site/verify
10-28 15:36:19.975  2523  2540 D Benchmark: Result: Starting: Intent { act=android.intent.action.MAIN cat=[android.intent.category.LAUNCHER] flg=0x10008000 pkg=org.nayestane.ustad cmp=org.nayestane.ustad/com.ustadmobile.port.android.view.AppActivity }
10-28 15:36:19.975  2523  2540 D Benchmark: Status: ok
10-28 15:36:19.975  2523  2540 D Benchmark: LaunchState: WARM
10-28 15:36:19.975  2523  2540 D Benchmark: Activity: org.nayestane.ustad/com.ustadmobile.port.android.view.AppActivity
10-28 15:36:19.975  2523  2540 D Benchmark: TotalTime: 65
10-28 15:36:19.975  2523  2540 D Benchmark: WaitTime: 66
10-28 15:36:19.975  2523  2540 D Benchmark: Complete
10-28 15:36:19.999  1495  2561 W MediaProvider: isAppCloneUserPair for user 0: false
10-28 15:36:19.999  1495  2561 V MediaProvider: Inserted id:1000000072 less than next row id backup:1000001000.
10-28 15:36:20.040  2617  2719 D TrafficStats: tagSocket(95) with statsTag=0xffffffff, statsUid=-1
10-28 15:36:20.068  2523  2540 I System.out: 0 Flags,FrameTimelineVsyncId,IntendedVsync,Vsync,InputEventId,HandleInputStart,AnimationStart,PerformTraversalsStart,DrawStart,FrameDeadline,FrameInterval,FrameStartTime,SyncQueued,SyncStart,IssueDrawCommandsStart,SwapBuffers,FrameCompleted,DequeueBufferDuration,QueueBufferDuration,GpuCompleted,SwapBuffersCompleted,DisplayPresentTime,CommandSubmissionCompleted,
10-28 15:36:20.068  2523  2540 I System.out: 1 1,12631,460851337713,460851337713,0,460851668397,460851668567,460851668757,460871862543,460868004379,460851667657,16666666,460872379653,460872520613,460872608443,460872845993,460884833097,1004721,147090,460884833097,460874444384,460888708928,460872845993,
10-28 15:36:20.068  2523  2540 I System.out: 2 0,12660,460868004379,460868004379,0,460879201705,460879202105,460884395516,460884416726,460918004377,460879199735,16666666,460885213877,460885230797,460885264247,460885369247,460901488491,2970,124460,460901488491,460885963737,460903584472,460885369247,
10-28 15:36:20.068  2523  2540 I System.out: 3 0,12710,460884671045,460884671045,0,460889258628,460889258818,460916451805,460916477725,460934671043,460889257788,16666666,460926778748,460926838788,460926880258,460926933628,460934802950,2380,318410,460934802950,460927645318,411719330830,460926933628,
10-28 15:36:20.068  2523  2540 I System.out: 4 0,12753,460901337711,460918004377,0,460928898029,460928898279,460940288302,460940310802,460968004375,460928896659,16666666,460947381454,460947419724,460947480414,460947921384,460951468925,2200,81400,460951468925,460948935894,411753349039,460947921384,
10-28 15:36:20.068  2523  2540 I System.out: 5 0,12825,460934671043,460934671043,0,460948633114,460948633394,460950332305,460950351305,460984671041,460948632084,16666666,460951379145,460951425735,460951470735,460953652926,460955444856,2210,154310,460955415896,460955444856,411769209454,460953652926,
10-28 15:36:20.068  2523  2540 I System.out: 6 0,12861,460951337709,460951337709,0,460956714877,460956715187,460958596777,460958615647,460968004375,460956714087,16666666,460959823507,460959877147,460959928417,460960641148,411772375515,9173332,56950,411768124904,460970294110,411786858579,460960641148,
10-28 15:36:20.068  2523  2540 D UiDevice: Waiting 10000ms for SearchCondition[hasObject=BySelector [TEXT='\QGet Started\E']].
10-28 15:36:20.068  2523  2540 D UiDevice: Searching for node with selector: BySelector [TEXT='\QGet Started\E'].
10-28 15:36:20.127  2617  2719 D UstadCache: OKHttp-CacheInterceptor:  MISS(invalid) https://dars.nayestane.org/v2/Site/verify
10-28 15:36:20.128  2617  2719 D UstadCache: OKHttp-CacheInterceptor:  newCacheAndStoreResponse: GET https://dars.nayestane.org/v2/Site/verify 200 ()
10-28 15:36:20.128  2617  2719 V UstadCache: OKHttp-CacheInterceptor:  https://dars.nayestane.org/v2/Site/verify MISS(invalid) can store/update 200  (contentType=application/json; charset=UTF-8, content-encoding=null content-length=180)
10-28 15:36:20.131  2617  2730 D UstadCache: UstadCache(): storerequest 1 entries
10-28 15:36:20.131  2617  2730 V UstadCache: UstadCache(): copied request data for https://dars.nayestane.org/v2/Site/verify to /data/user/0/org.nayestane.ustad/files/httpfiles/tmpwork/9.tmp (integrity=sha256-VTW/47g5E/UMinnUcaDGC+8yXE8lgnmbnOjHxekFxd4=)
10-28 15:36:20.132  2617  2730 V UstadCache: UstadCache(): cacheEntries created 1 entries
10-28 15:36:20.132  2617  2730 D UstadCache: UstadCache(): deleting 1 tmp files
10-28 15:36:20.132  2617  2730 D UstadCache: UstadCache(): db transaction completed
10-28 15:36:20.156  1133  1133 W FrameTracker: Missed SF frame:PREDICTION_ERROR, 12449, 6671086, CUJ=J<LAUNCHER_APP_CLOSE_TO_HOME>
10-28 15:36:20.156  1133  1133 W FrameTracker: Missed SF frame:PREDICTION_ERROR, 12508, 6170841, CUJ=J<LAUNCHER_APP_CLOSE_TO_HOME>
10-28 15:36:20.156  1133  1133 W FrameTracker: Missed SF frame:PREDICTION_ERROR, 12523, 5233560, CUJ=J<LAUNCHER_APP_CLOSE_TO_HOME>
10-28 15:36:20.156  1133  1133 W FrameTracker: Missed SF frame:PREDICTION_ERROR, 12552, 6959799, CUJ=J<LAUNCHER_APP_CLOSE_TO_HOME>
10-28 15:36:20.156  1133  1133 W FrameTracker: Missed SF frame:PREDICTION_ERROR, 12595, 3973057, CUJ=J<LAUNCHER_APP_CLOSE_TO_HOME>
10-28 15:36:20.156  1133  1133 W FrameTracker: Missed SF frame:PREDICTION_ERROR, 12624, 4679806, CUJ=J<LAUNCHER_APP_CLOSE_TO_HOME>
10-28 15:36:20.156  1133  1133 W FrameTracker: Missed SF frame:PREDICTION_ERROR, 12703, 4343983, CUJ=J<LAUNCHER_APP_CLOSE_TO_HOME>
10-28 15:36:20.156  1133  1133 W FrameTracker: Missed SF frame:PREDICTION_ERROR, 12746, 3954151, CUJ=J<LAUNCHER_APP_CLOSE_TO_HOME>
10-28 15:36:20.156  1133  1133 W FrameTracker: Missed SF frame:PREDICTION_ERROR, 12789, 7934881, CUJ=J<LAUNCHER_APP_CLOSE_TO_HOME>
10-28 15:36:20.156   422   465 W TransactionTracing: Could not find layer handle 0x7b315a687510
10-28 15:36:20.156  1133  1133 W FrameTracker: Missed SF frame:PREDICTION_ERROR, 12962, 4577913, CUJ=J<LAUNCHER_APP_CLOSE_TO_HOME>
10-28 15:36:20.156  1133  1133 W FrameTracker: Missed SF frame:PREDICTION_ERROR, 13034, 3263670, CUJ=J<LAUNCHER_APP_CLOSE_TO_HOME>
10-28 15:36:20.156   422   465 W TransactionTracing: Could not find layer handle 0x7b315a6850b0
10-28 15:36:20.156  1133  1133 W FrameTracker: Missed SF frame:PREDICTION_ERROR, 13070, 3886959, CUJ=J<LAUNCHER_APP_CLOSE_TO_HOME>
10-28 15:36:20.156   422   465 W TransactionTracing: Could not find layer handle 0x7b315a687510
10-28 15:36:20.156  1133  1133 W FrameTracker: Missed SF frame:PREDICTION_ERROR, 13099, 3492237, CUJ=J<LAUNCHER_APP_CLOSE_TO_HOME>
10-28 15:36:20.157  1133  1815 V PerfettoTrigger: Not triggering com.android.telemetry.interaction-jank-monitor-9 - not enough time since last trigger
10-28 15:36:20.224   582  1257 W InputManager-JNI: Input channel object '2192a39 Splash Screen org.nayestane.ustad (client)' was disposed without first being removed with the input manager!
10-28 15:36:20.254   422   465 W TransactionTracing: Could not find layer handle 0x7b315a68dd50
10-28 15:36:20.274   870   925 W FrameTracker: Missed SF frame:PREDICTION_ERROR, 12739, 0, CUJ=J<SPLASHSCREEN_EXIT_ANIM>
10-28 15:36:20.274   870   925 W FrameTracker: Missing HWUI jank callback for vsyncId: 12739, CUJ=J<SPLASHSCREEN_EXIT_ANIM>
10-28 15:36:20.274   870   925 W FrameTracker: Missed SF frame:PREDICTION_ERROR, 12845, 9210689, CUJ=J<SPLASHSCREEN_EXIT_ANIM>
10-28 15:36:20.274   870   925 W FrameTracker: Missed SF frame:PREDICTION_ERROR, 12877, 3122656, CUJ=J<SPLASHSCREEN_EXIT_ANIM>
10-28 15:36:20.274   870   925 W FrameTracker: Missed SF frame:PREDICTION_ERROR, 12919, 0, CUJ=J<SPLASHSCREEN_EXIT_ANIM>
10-28 15:36:20.274   870   925 W FrameTracker: Missing HWUI jank callback for vsyncId: 12919, CUJ=J<SPLASHSCREEN_EXIT_ANIM>
10-28 15:36:20.274   870   925 W FrameTracker: Missed SF frame:PREDICTION_ERROR, 12955, 4350973, CUJ=J<SPLASHSCREEN_EXIT_ANIM>
10-28 15:36:20.274   870   925 W FrameTracker: Missed SF frame:PREDICTION_ERROR, 12991, 6811982, CUJ=J<SPLASHSCREEN_EXIT_ANIM>
10-28 15:36:20.274   870   925 W FrameTracker: Missing HWUI jank callback for vsyncId: 13027, CUJ=J<SPLASHSCREEN_EXIT_ANIM>
10-28 15:36:20.274   870   925 W FrameTracker: Missed SF frame:PREDICTION_ERROR, 13063, 4150789, CUJ=J<SPLASHSCREEN_EXIT_ANIM>
10-28 15:36:20.274   870   925 W FrameTracker: Missed SF frame:PREDICTION_ERROR, 13092, 5336338, CUJ=J<SPLASHSCREEN_EXIT_ANIM>
10-28 15:36:20.274   870   925 W FrameTracker: Missing HWUI jank callback for vsyncId: 13121, CUJ=J<SPLASHSCREEN_EXIT_ANIM>
10-28 15:36:20.274   870   925 W FrameTracker: Missed SF frame:PREDICTION_ERROR, 13157, 4960565, CUJ=J<SPLASHSCREEN_EXIT_ANIM>
10-28 15:36:20.274   870   915 V PerfettoTrigger: Not triggering com.android.telemetry.interaction-jank-monitor-39 - not enough time since last trigger
10-28 15:36:20.403   422   465 W TransactionTracing: Could not find layer handle 0x7b315a68adb0
10-28 15:36:20.511  2523  2540 D UiDevice: Searching for node with selector: BySelector [TEXT='\QGet Started\E'].
10-28 15:36:21.109  2523  2540 D UiDevice: Searching for node with selector: BySelector [TEXT='\QGet Started\E'].
10-28 15:36:21.212  2523  2540 D UiDevice: Searching for node with selector: BySelector [TEXT='\QGet Started\E'].
10-28 15:36:21.315  2523  2540 D UiDevice: Searching for node with selector: BySelector [TEXT='\QGet Started\E'].
10-28 15:36:21.418  2523  2540 D UiDevice: Searching for node with selector: BySelector [TEXT='\QGet Started\E'].
10-28 15:36:21.521  2523  2540 D UiDevice: Searching for node with selector: BySelector [TEXT='\QGet Started\E'].
10-28 15:36:21.624  2523  2540 D UiDevice: Searching for node with selector: BySelector [TEXT='\QGet Started\E'].
10-28 15:36:21.726  2523  2540 D UiDevice: Searching for node with selector: BySelector [TEXT='\QGet Started\E'].
10-28 15:36:21.829  2523  2540 D UiDevice: Searching for node with selector: BySelector [TEXT='\QGet Started\E'].
10-28 15:36:21.932  2523  2540 D UiDevice: Searching for node with selector: BySelector [TEXT='\QGet Started\E'].
10-28 15:36:22.035  2523  2540 D UiDevice: Searching for node with selector: BySelector [TEXT='\QGet Started\E'].
10-28 15:36:22.137  2523  2540 D UiDevice: Searching for node with selector: BySelector [TEXT='\QGet Started\E'].
10-28 15:36:22.240  2523  2540 D UiDevice: Searching for node with selector: BySelector [TEXT='\QGet Started\E'].
10-28 15:36:22.343  2523  2540 D UiDevice: Searching for node with selector: BySelector [TEXT='\QGet Started\E'].
10-28 15:36:22.446  2523  2540 D UiDevice: Searching for node with selector: BySelector [TEXT='\QGet Started\E'].
10-28 15:36:22.548  2523  2540 D UiDevice: Searching for node with selector: BySelector [TEXT='\QGet Started\E'].
10-28 15:36:22.651  2523  2540 D UiDevice: Searching for node with selector: BySelector [TEXT='\QGet Started\E'].
10-28 15:36:22.754  2523  2540 D UiDevice: Searching for node with selector: BySelector [TEXT='\QGet Started\E'].
10-28 15:36:22.856  2523  2540 D UiDevice: Searching for node with selector: BySelector [TEXT='\QGet Started\E'].
10-28 15:36:22.958  2523  2540 D UiDevice: Searching for node with selector: BySelector [TEXT='\QGet Started\E'].
10-28 15:36:23.061  2523  2540 D UiDevice: Searching for node with selector: BySelector [TEXT='\QGet Started\E'].
10-28 15:36:23.163  2523  2540 D UiDevice: Searching for node with selector: BySelector [TEXT='\QGet Started\E'].
10-28 15:36:23.266  2523  2540 D UiDevice: Searching for node with selector: BySelector [TEXT='\QGet Started\E'].
10-28 15:36:23.369  2523  2540 D UiDevice: Searching for node with selector: BySelector [TEXT='\QGet Started\E'].
10-28 15:36:23.472  2523  2540 D UiDevice: Searching for node with selector: BySelector [TEXT='\QGet Started\E'].
10-28 15:36:23.574  2523  2540 D UiDevice: Searching for node with selector: BySelector [TEXT='\QGet Started\E'].
10-28 15:36:23.677  2523  2540 D UiDevice: Searching for node with selector: BySelector [TEXT='\QGet Started\E'].
10-28 15:36:23.780  2523  2540 D UiDevice: Searching for node with selector: BySelector [TEXT='\QGet Started\E'].
10-28 15:36:23.883  2523  2540 D UiDevice: Searching for node with selector: BySelector [TEXT='\QGet Started\E'].
10-28 15:36:23.986  2523  2540 D UiDevice: Searching for node with selector: BySelector [TEXT='\QGet Started\E'].
10-28 15:36:24.088  2523  2540 D UiDevice: Searching for node with selector: BySelector [TEXT='\QGet Started\E'].
10-28 15:36:24.191  2523  2540 D UiDevice: Searching for node with selector: BySelector [TEXT='\QGet Started\E'].
10-28 15:36:24.294  2523  2540 D UiDevice: Searching for node with selector: BySelector [TEXT='\QGet Started\E'].
10-28 15:36:24.397  2523  2540 D UiDevice: Searching for node with selector: BySelector [TEXT='\QGet Started\E'].
10-28 15:36:24.500  2523  2540 D UiDevice: Searching for node with selector: BySelector [TEXT='\QGet Started\E'].
10-28 15:36:24.603  2523  2540 D UiDevice: Searching for node with selector: BySelector [TEXT='\QGet Started\E'].
10-28 15:36:24.705  2523  2540 D UiDevice: Searching for node with selector: BySelector [TEXT='\QGet Started\E'].
10-28 15:36:24.808  2523  2540 D UiDevice: Searching for node with selector: BySelector [TEXT='\QGet Started\E'].
10-28 15:36:24.911  2523  2540 D UiDevice: Searching for node with selector: BySelector [TEXT='\QGet Started\E'].
10-28 15:36:25.014  2523  2540 D UiDevice: Searching for node with selector: BySelector [TEXT='\QGet Started\E'].
10-28 15:36:25.117  2523  2540 D UiDevice: Searching for node with selector: BySelector [TEXT='\QGet Started\E'].
10-28 15:36:25.220  2523  2540 D UiDevice: Searching for node with selector: BySelector [TEXT='\QGet Started\E'].
10-28 15:36:25.322  2523  2540 D UiDevice: Searching for node with selector: BySelector [TEXT='\QGet Started\E'].
10-28 15:36:25.425  2523  2540 D UiDevice: Searching for node with selector: BySelector [TEXT='\QGet Started\E'].
10-28 15:36:25.527  2523  2540 D UiDevice: Searching for node with selector: BySelector [TEXT='\QGet Started\E'].
10-28 15:36:25.630  2523  2540 D UiDevice: Searching for node with selector: BySelector [TEXT='\QGet Started\E'].
10-28 15:36:25.733  2523  2540 D UiDevice: Searching for node with selector: BySelector [TEXT='\QGet Started\E'].
10-28 15:36:25.836  2523  2540 D UiDevice: Searching for node with selector: BySelector [TEXT='\QGet Started\E'].
10-28 15:36:25.939  2523  2540 D UiDevice: Searching for node with selector: BySelector [TEXT='\QGet Started\E'].
10-28 15:36:26.041  2523  2540 D UiDevice: Searching for node with selector: BySelector [TEXT='\QGet Started\E'].
10-28 15:36:26.144  2523  2540 D UiDevice: Searching for node with selector: BySelector [TEXT='\QGet Started\E'].
10-28 15:36:26.247  2523  2540 D UiDevice: Searching for node with selector: BySelector [TEXT='\QGet Started\E'].
10-28 15:36:26.349  2523  2540 D UiDevice: Searching for node with selector: BySelector [TEXT='\QGet Started\E'].
10-28 15:36:26.452  2523  2540 D UiDevice: Searching for node with selector: BySelector [TEXT='\QGet Started\E'].
10-28 15:36:26.555  2523  2540 D UiDevice: Searching for node with selector: BySelector [TEXT='\QGet Started\E'].
10-28 15:36:26.658  2523  2540 D UiDevice: Searching for node with selector: BySelector [TEXT='\QGet Started\E'].
10-28 15:36:26.761  2523  2540 D UiDevice: Searching for node with selector: BySelector [TEXT='\QGet Started\E'].
10-28 15:36:26.864  2523  2540 D UiDevice: Searching for node with selector: BySelector [TEXT='\QGet Started\E'].
10-28 15:36:26.967  2523  2540 D UiDevice: Searching for node with selector: BySelector [TEXT='\QGet Started\E'].
10-28 15:36:27.070  2523  2540 D UiDevice: Searching for node with selector: BySelector [TEXT='\QGet Started\E'].
10-28 15:36:27.172  2523  2540 D UiDevice: Searching for node with selector: BySelector [TEXT='\QGet Started\E'].
10-28 15:36:27.275  2523  2540 D UiDevice: Searching for node with selector: BySelector [TEXT='\QGet Started\E'].
10-28 15:36:27.377  2523  2540 D UiDevice: Searching for node with selector: BySelector [TEXT='\QGet Started\E'].
10-28 15:36:27.480  2523  2540 D UiDevice: Searching for node with selector: BySelector [TEXT='\QGet Started\E'].
10-28 15:36:27.583  2523  2540 D UiDevice: Searching for node with selector: BySelector [TEXT='\QGet Started\E'].
10-28 15:36:27.686  2523  2540 D UiDevice: Searching for node with selector: BySelector [TEXT='\QGet Started\E'].
10-28 15:36:27.789  2523  2540 D UiDevice: Searching for node with selector: BySelector [TEXT='\QGet Started\E'].
10-28 15:36:27.892  2523  2540 D UiDevice: Searching for node with selector: BySelector [TEXT='\QGet Started\E'].
10-28 15:36:27.994  2523  2540 D UiDevice: Searching for node with selector: BySelector [TEXT='\QGet Started\E'].
10-28 15:36:28.097  2523  2540 D UiDevice: Searching for node with selector: BySelector [TEXT='\QGet Started\E'].
10-28 15:36:28.200  2523  2540 D UiDevice: Searching for node with selector: BySelector [TEXT='\QGet Started\E'].
10-28 15:36:28.303  2523  2540 D UiDevice: Searching for node with selector: BySelector [TEXT='\QGet Started\E'].
10-28 15:36:28.405  2523  2540 D UiDevice: Searching for node with selector: BySelector [TEXT='\QGet Started\E'].
10-28 15:36:28.508  2523  2540 D UiDevice: Searching for node with selector: BySelector [TEXT='\QGet Started\E'].
10-28 15:36:28.610  2523  2540 D UiDevice: Searching for node with selector: BySelector [TEXT='\QGet Started\E'].
10-28 15:36:28.713  2523  2540 D UiDevice: Searching for node with selector: BySelector [TEXT='\QGet Started\E'].
10-28 15:36:28.815  2523  2540 D UiDevice: Searching for node with selector: BySelector [TEXT='\QGet Started\E'].
10-28 15:36:28.918  2523  2540 D UiDevice: Searching for node with selector: BySelector [TEXT='\QGet Started\E'].
10-28 15:36:29.021  2523  2540 D UiDevice: Searching for node with selector: BySelector [TEXT='\QGet Started\E'].
10-28 15:36:29.123  2523  2540 D UiDevice: Searching for node with selector: BySelector [TEXT='\QGet Started\E'].
10-28 15:36:29.226  2523  2540 D UiDevice: Searching for node with selector: BySelector [TEXT='\QGet Started\E'].
10-28 15:36:29.329  2523  2540 D UiDevice: Searching for node with selector: BySelector [TEXT='\QGet Started\E'].
10-28 15:36:29.432  2523  2540 D UiDevice: Searching for node with selector: BySelector [TEXT='\QGet Started\E'].
10-28 15:36:29.535  2523  2540 D UiDevice: Searching for node with selector: BySelector [TEXT='\QGet Started\E'].
10-28 15:36:29.637  2523  2540 D UiDevice: Searching for node with selector: BySelector [TEXT='\QGet Started\E'].
10-28 15:36:29.740  2523  2540 D UiDevice: Searching for node with selector: BySelector [TEXT='\QGet Started\E'].
10-28 15:36:29.843  2523  2540 D UiDevice: Searching for node with selector: BySelector [TEXT='\QGet Started\E'].
10-28 15:36:29.946  2523  2540 D UiDevice: Searching for node with selector: BySelector [TEXT='\QGet Started\E'].
10-28 15:36:30.049  2523  2540 D UiDevice: Searching for node with selector: BySelector [TEXT='\QGet Started\E'].
10-28 15:36:30.152  2523  2540 D UiDevice: Searching for node with selector: BySelector [TEXT='\QGet Started\E'].
10-28 15:36:31.154  2523  2540 D UiDevice: Retrieving node with selector: BySelector [TEXT='\QGet Started\E'].
10-28 15:36:31.157  2523  2540 D UiDevice: Node not found with selector: BySelector [TEXT='\QGet Started\E'].
10-28 15:36:36.157  2523  2540 D Benchmark: Profile Installer - Save Profile
10-28 15:36:36.174  2617  2617 I Process : Sending signal. PID: 2617 SIG: 10
10-28 15:36:36.174  2617  2617 D ProfileInstaller:
10-28 15:36:36.174  2617  2622 I nayestane.ustad: Thread[6,tid=2622,WaitingInMainSignalCatcherLoop,Thread*=0x7f5acd2a1200,peer=0x13841e40,"Signal Catcher"]: reacting to signal 10
10-28 15:36:36.174  2617  2622 I nayestane.ustad:
10-28 15:36:36.174  2617  2622 I nayestane.ustad: SIGUSR1 forcing GC (no HPROF) and profile save
10-28 15:36:36.197  2617  2622 I nayestane.ustad: Explicit concurrent copying GC freed 189802(7229KB) AllocSpace objects, 11(292KB) LOS objects, 49% free, 7907KB/15MB, paused 41us,10us total 22.467ms
10-28 15:36:36.199  2617  2628 W System  : A resource failed to call close.
10-28 15:36:36.676  2523  2540 D Benchmark: Killing process org.nayestane.ustad
10-28 15:36:36.676  2523  2540 D UiDevice: Executing shell command: killall org.nayestane.ustad
10-28 15:36:36.690  1495  1688 W MediaProvider: isAppCloneUserPair for user 0: false
10-28 15:36:36.691  1495  1688 V MediaProvider: Inserted id:1000000073 less than next row id backup:1000001000.
10-28 15:36:36.723   582  1257 I PackageDexOptimizer: Running dexopt (dexoptNeeded=-3) on: /data/app/~~ZJQ7sXylsANplpuIJprZpw==/org.nayestane.ustad-MZAU5CLP1yOCe01YQZ7TaA==/base.apk pkg=org.nayestane.ustad isa=x86_64 dexoptFlags=boot_complete,profile_guided,force,enable_hidden_api_checks targetFilter=speed-profile oatDir=/data/app/~~ZJQ7sXylsANplpuIJprZpw==/org.nayestane.ustad-MZAU5CLP1yOCe01YQZ7TaA==/oat classLoaderContext=PCL[]{PCL[/system_ext/framework/androidx.window.extensions.jar]#PCL[/system_ext/framework/androidx.window.sidecar.jar]}
10-28 15:36:36.724   502   665 V installd: DexInv: --- BEGIN '/data/app/~~ZJQ7sXylsANplpuIJprZpw==/org.nayestane.ustad-MZAU5CLP1yOCe01YQZ7TaA==/base.apk' ---
10-28 15:36:36.724   502   665 V installd: Running /apex/com.android.art/bin/dex2oat64 in=base.apk out=/data/app/~~ZJQ7sXylsANplpuIJprZpw==/org.nayestane.ustad-MZAU5CLP1yOCe01YQZ7TaA==/oat/x86_64/base.odex
10-28 15:36:36.732  3664  3664 W dex2oat64: Unexpected CPU variant for x86: x86_64.
10-28 15:36:36.732  3664  3664 W dex2oat64: Known variants: atom, sandybridge, silvermont, kabylake, default
10-28 15:36:36.733  3664  3664 W dex2oat64: Mismatch between dex2oat instruction set features to use (ISA: X86_64 Feature string: -ssse3,-sse4.1,-sse4.2,-avx,-avx2,-popcnt) and those from CPP defines (ISA: X86_64 Feature string: ssse3,sse4.1,sse4.2,-avx,-avx2,popcnt) for the command line:
10-28 15:36:36.733  3664  3664 W dex2oat64: /apex/com.android.art/bin/dex2oat64 --zip-fd=8 --zip-location=base.apk --oat-fd=9 --oat-location=/data/app/~~ZJQ7sXylsANplpuIJprZpw==/org.nayestane.ustad-MZAU5CLP1yOCe01YQZ7TaA==/oat/x86_64/base.odex --input-vdex-fd=11 --output-vdex-fd=10 --app-image-fd=14 --image-format=lz4 --profile-file-fd=13 --swap-fd=12 --classpath-dir=/data/app/~~ZJQ7sXylsANplpuIJprZpw==/org.nayestane.ustad-MZAU5CLP1yOCe01YQZ7TaA== --class-loader-context=PCL[]{PCL[/system_ext/framework/androidx.window.extensions.jar]#PCL[/system_ext/framework/androidx.window.sidecar.jar]} --instruction-set=x86_64 --instruction-set-features=default --instruction-set-variant=x86_64 --compiler-filter=speed-profile --compilation-reason=cmdline --max-image-block-size=524288 --resolve-startup-const-strings=true --generate-mini-debug-info --runtime-arg -Xtarget-sdk-version:34 --runtime-arg -Xhidden-api-policy:enabled --runtime-arg -Xms64m --runtime-arg -Xmx512m
10-28 15:36:36.738  3664  3664 I dex2oat64: /apex/com.android.art/bin/dex2oat64 --input-vdex-fd=11 --output-vdex-fd=10 --profile-file-fd=13 --classpath-dir=/data/app/~~ZJQ7sXylsANplpuIJprZpw==/org.nayestane.ustad-MZAU5CLP1yOCe01YQZ7TaA== --class-loader-context=PCL[]{PCL[/system_ext/framework/androidx.window.extensions.jar]#PCL[/system_ext/framework/androidx.window.sidecar.jar]} --compiler-filter=speed-profile --compilation-reason=cmdline --max-image-block-size=524288 --resolve-startup-const-strings=true --generate-mini-debug-info
10-28 15:36:38.852  2617  2681 D UstadCache: CacheTrimmer:  Trim cache run: max (evictable) size = 100000000 bytes
10-28 15:36:38.852  2617  2681 V UstadCache: CacheTrimmer:  deleting
10-28 15:36:41.492  3664  3667 W dex2oat64: Accessing hidden method Landroid/window/BackEvent;->getProgress()F (blocked, linking, denied)
10-28 15:36:41.492  3664  3667 W dex2oat64: Accessing hidden method Landroid/window/BackEvent;->getSwipeEdge()I (blocked, linking, denied)
10-28 15:36:41.492  3664  3667 W dex2oat64: Accessing hidden method Landroid/window/BackEvent;->getTouchX()F (blocked, linking, denied)
10-28 15:36:41.492  3664  3667 W dex2oat64: Accessing hidden method Landroid/window/BackEvent;->getTouchY()F (blocked, linking, denied)
10-28 15:36:41.726  3664  3664 W dex2oat64: Method java.lang.Object androidx.compose.runtime.snapshots.SnapshotStateMap.mutate(kotlin.jvm.functions.Function1) failed lock verification and will run slower.
10-28 15:36:41.726  3664  3664 W dex2oat64: Common causes for lock verification issues are non-optimized dex code
10-28 15:36:41.726  3664  3664 W dex2oat64: and incorrect proguard optimizations.
10-28 15:36:41.726  3664  3664 W dex2oat64: Method void androidx.compose.runtime.snapshots.SnapshotStateMap.update(kotlin.jvm.functions.Function1) failed lock verification and will run slower.
10-28 15:36:41.726  3664  3664 W dex2oat64: Method boolean androidx.compose.runtime.snapshots.SnapshotStateMap.removeIf$runtime_release(kotlin.jvm.functions.Function1) failed lock verification and will run slower.
10-28 15:36:41.744  3664  3666 W dex2oat64: Method boolean androidx.compose.runtime.snapshots.SnapshotStateList.conditionalUpdate(boolean, kotlin.jvm.functions.Function1) failed lock verification and will run slower.
10-28 15:36:41.744  3664  3666 W dex2oat64: Method boolean androidx.compose.runtime.snapshots.SnapshotStateList.conditionalUpdate$default(androidx.compose.runtime.snapshots.SnapshotStateList, boolean, kotlin.jvm.functions.Function1, int, java.lang.Object) failed lock verification and will run slower.
10-28 15:36:41.744  3664  3666 W dex2oat64: Method java.lang.Object androidx.compose.runtime.snapshots.SnapshotStateList.mutate(kotlin.jvm.functions.Function1) failed lock verification and will run slower.
10-28 15:36:41.745  3664  3666 W dex2oat64: Method void androidx.compose.runtime.snapshots.SnapshotStateList.update(boolean, kotlin.jvm.functions.Function1) failed lock verification and will run slower.
10-28 15:36:41.745  3664  3666 W dex2oat64: Method void androidx.compose.runtime.snapshots.SnapshotStateList.update$default(androidx.compose.runtime.snapshots.SnapshotStateList, boolean, kotlin.jvm.functions.Function1, int, java.lang.Object) failed lock verification and will run slower.
10-28 15:36:43.025  3664  3664 I dex2oat64: Explicit concurrent copying GC freed 197104(31MB) AllocSpace objects, 0(0B) LOS objects, 49% free, 2157KB/4315KB, paused 37us,2us total 7.281ms
10-28 15:36:43.336  3664  3664 I dex2oat64: dex2oat took 6.604s (9.994s cpu) (threads: 4) arena alloc=9862KB (10098840B) java alloc=2157KB (2209576B) native alloc=22MB (23506272B) free=145MB (152709712B)
10-28 15:36:43.368   502   665 V installd: DexInv: --- END '/data/app/~~ZJQ7sXylsANplpuIJprZpw==/org.nayestane.ustad-MZAU5CLP1yOCe01YQZ7TaA==/base.apk' (success) ---
10-28 15:36:43.431  1495  1681 W MediaProvider: isAppCloneUserPair for user 0: false
10-28 15:36:43.433  1495  1681 V MediaProvider: Inserted id:1000000074 less than next row id backup:1000001000.
10-28 15:36:43.841  3684  3684 W profman : profman took 367.734ms
10-28 15:36:43.862  1495  1688 W MediaProvider: isAppCloneUserPair for user 0: false
10-28 15:36:43.863  1495  1688 V MediaProvider: Inserted id:1000000075 less than next row id backup:1000001000.
10-28 15:36:44.485  1495  1681 I MediaProvider: Deleted 0 0 0 0 0 0 0 items on external_primary due to com.ustadmobile.app_android_baselineprofile
10-28 15:36:45.290  2523  2540 D Benchmark: Unstable profiles during iteration 9
10-28 15:36:45.290  2523  2540 D Benchmark: Killing package org.nayestane.ustad
10-28 15:36:45.290  2523  2540 D Benchmark: Killing process org.nayestane.ustad
10-28 15:36:45.290  2523  2540 D UiDevice: Executing shell command: killall org.nayestane.ustad
10-28 15:36:45.306  2523  2540 D Benchmark: Compile iteration (10) for org.nayestane.ustad
10-28 15:36:45.306  2523  2540 D UiDevice: Pressing home button.
10-28 15:36:45.329   870   870 V ShadeControllerImpl: NotificationShadeWindow: com.android.systemui.shade.NotificationShadeWindowView{963422f I.E...... ......ID 0,0-320,640} canPanelBeCollapsed(): false
10-28 15:36:45.335  1133  1133 D TaplTarget: Launcher.onNewIntent: Intent { act=android.intent.action.MAIN cat=[android.intent.category.HOME] flg=0x10400100 cmp=com.android.launcher3/.uioverrides.QuickstepLauncher (has extras) }
10-28 15:36:45.339   870   870 V ShadeControllerImpl: NotificationShadeWindow: com.android.systemui.shade.NotificationShadeWindowView{963422f I.E...... ......ID 0,0-320,640} canPanelBeCollapsed(): false
10-28 15:36:45.353   422   422 I BpBinder: onLastStrongRef automatically unlinking death recipients: <uncached descriptor>
10-28 15:36:45.382  1495  2561 W MediaProvider: isAppCloneUserPair for user 0: false
10-28 15:36:45.382  1495  2561 V MediaProvider: Inserted id:1000000076 less than next row id backup:1000001000.
10-28 15:36:45.392   870   976 D EGL_emulation: app_time_stats: avg=882.69ms min=12.60ms max=24851.83ms count=29
10-28 15:36:45.422   422   465 W TransactionTracing: Could not find layer handle 0x7b315a68b170
10-28 15:36:45.434  2523  2540 I System.out: 0 Flags,FrameTimelineVsyncId,IntendedVsync,Vsync,InputEventId,HandleInputStart,AnimationStart,PerformTraversalsStart,DrawStart,FrameDeadline,FrameInterval,FrameStartTime,SyncQueued,SyncStart,IssueDrawCommandsStart,SwapBuffers,FrameCompleted,DequeueBufferDuration,QueueBufferDuration,GpuCompleted,SwapBuffersCompleted,DisplayPresentTime,CommandSubmissionCompleted,
10-28 15:36:45.434  2523  2540 I System.out: 1 1,12631,460851337713,460851337713,0,460851668397,460851668567,460851668757,460871862543,460868004379,460851667657,16666666,460872379653,460872520613,460872608443,460872845993,460884833097,1004721,147090,460884833097,460874444384,460888708928,460872845993,
10-28 15:36:45.434  2523  2540 I System.out: 2 0,12660,460868004379,460868004379,0,460879201705,460879202105,460884395516,460884416726,460918004377,460879199735,16666666,460885213877,460885230797,460885264247,460885369247,460901488491,2970,124460,460901488491,460885963737,460903584472,460885369247,
10-28 15:36:45.434  2523  2540 I System.out: 3 0,12710,460884671045,460884671045,0,460889258628,460889258818,460916451805,460916477725,460934671043,460889257788,16666666,460926778748,460926838788,460926880258,460926933628,460934802950,2380,318410,460934802950,460927645318,460937051861,460926933628,
10-28 15:36:45.434  2523  2540 I System.out: 4 0,12753,460901337711,460918004377,0,460928898029,460928898279,460940288302,460940310802,460968004375,460928896659,16666666,460947381454,460947419724,460947480414,460947921384,460951468925,2200,81400,460951468925,460948935894,460953602306,460947921384,
10-28 15:36:45.434  2523  2540 I System.out: 5 0,12825,460934671043,460934671043,0,460948633114,460948633394,460950332305,460950351305,460984671041,460948632084,16666666,460951379145,460951425735,460951470735,460953652926,460955444856,2210,154310,460955415896,460955444856,460970289340,460953652926,
10-28 15:36:45.434  2523  2540 I System.out: 6 0,12861,460951337709,460951337709,0,460956714877,460956715187,460958596777,460958615647,461001337707,460956714087,16666666,460959823507,460959877147,460959928417,460960641148,460970294110,9173332,56950,460968107570,460970294110,460989036636,460960641148,
10-28 15:36:45.434  2523  2540 I System.out: 7 0,12897,460968004375,460968004375,0,460973144981,460973145601,460975414742,460975434082,461018004373,460973143531,16666666,460976508962,460976547882,460976600792,460977509802,460989438766,11348664,111360,460984814424,460989438766,461003594060,460977509802,
10-28 15:36:45.434  2523  2540 I System.out: 8 0,12933,460984671041,460984671041,0,460989307406,460989307706,460992351556,460992376766,461034671039,460989305206,16666666,460993998417,460994048797,460994090327,460994672947,461004027440,8828443,61140,461001451189,461004027440,461021193934,460994672947,
10-28 15:36:45.434  2523  2540 I System.out: 9 0,12969,461001337707,461001337707,0,461002338649,461002338869,461004743000,461004762580,461051337705,461002337189,16666666,461006937741,461006978461,461007034091,461007940811,461021761085,12827344,120690,461018103674,461021761085,461037037399,461007940811,
10-28 15:36:45.434  2523  2540 I System.out: 10 0,13005,461018004373,461018004373,0,461021669605,461021670395,461024651675,461024679745,461068004371,461021667135,16666666,461027354836,461027394296,461027446686,461028210456,461038193079,9097592,110060,461034779028,461038193079,461053445113,461028210456,
10-28 15:36:45.434  2523  2540 I System.out: 11 0,13041,461034671039,461034671039,0,461037322329,461037322619,461039989630,461040011070,461084671037,461037320529,16666666,461041740050,461042460410,461042497200,461043041801,461054277154,10482733,95700,461051515353,461054277154,461069357438,461043041801,
10-28 15:36:45.434  2523  2540 I System.out: 12 0,13077,461051337705,461051337705,0,461051842113,461051842203,461054440884,461054466824,461101337703,461051841373,16666666,461056895284,461056956364,461056999364,461057647855,461070056408,11595883,135770,461068127497,461070056408,461087150133,461057647855,
10-28 15:36:45.434  2523  2540 I System.out: 13 0,13106,461068004371,461068004371,0,461068495958,461068496228,461080317271,461080341241,461118004369,461068494518,16666666,461084139992,461084190802,461084246862,461088248253,461091093594,4110,212490,461091039124,461091093594,461104598548,461088248253,
10-28 15:36:45.434  2523  2540 I System.out: 14 0,13142,461084671037,461084671037,0,461085085562,461085085772,461087010093,461087025653,461134671035,461085085102,16666666,461088257453,461091139794,461091204244,461091884024,461105086118,12390134,116320,461101480767,461105086118,461119487522,461091884024,
10-28 15:36:45.434  2523  2540 I System.out: 15 0,13171,461101337703,461101337703,0,461101544907,461101545087,461103756307,461103777467,461151337701,461101544007,16666666,461105769698,461105810068,461105863558,461107037938,461120396362,12249233,82350,461118132311,461120396362,461136787807,461107037938,
10-28 15:36:45.434  2523  2540 I System.out: 16 0,13207,461118004369,461118004369,0,461118191611,461118191901,461121434572,461121456642,461168004367,461118189821,16666666,461123527003,461123577693,461123638953,461125143453,461137113867,10714173,98340,461134801766,461137113867,461152475881,461125143453,
10-28 15:36:45.434  2523  2540 I System.out: 17 0,13229,461134671035,461134671035,0,461135443926,461135444226,461137521317,461137541527,461184671033,461135442256,16666666,461138752567,461138794527,461138848007,461139808087,461153580441,12856643,133260,461151461541,461153580441,461170106966,461139808087,
10-28 15:36:45.434  2523  2540 I System.out: 18 0,13251,461151337701,461151337701,0,461151812451,461151812551,461154828152,461154856192,461201337699,461151811441,16666666,461156719002,461156778782,461156829052,461157899472,461170199376,11153263,117560,461168142225,461170199376,461186065730,461157899472,
10-28 15:36:45.434  2523  2540 I System.out: 19 0,13276,461168004367,461168004367,0,461168709945,461168710065,461171534856,461171561736,461218004365,461168709015,16666666,461173483507,461173523127,461173576137,461174361187,461186344050,10999503,122800,461184786150,461186344050,461203151495,461174361187,
10-28 15:36:45.434  2523  2540 I System.out: 20 0,13309,461184671033,461184671033,0,461185033040,461185033280,461187486921,461187509071,461234671031,461185031240,16666666,461188911711,461188953861,461189009911,461189862211,461203271895,12323523,215520,461201442315,461203271895,461219253639,461189862211,
10-28 15:36:45.434  2523  2540 I System.out: 21 0,13324,461201337699,461201337699,0,461201525895,461201526375,461204246305,461204266525,461251337697,461201524655,16666666,461205981866,461206035886,461206089766,461207048726,461219406690,11326694,136440,461208037476,461219406690,461235885494,461207048726,
10-28 15:36:45.434  2523  2540 I System.out: 22 0,13346,461218004365,461218004365,0,461218149389,461218149769,461220689110,461220708570,461268004363,461218148239,16666666,461222190510,461222226880,461222267510,461222890910,461236080974,12063783,140330,461223939511,461236080974,461252625489,461222890910,
10-28 15:36:45.434  2523  2540 I System.out: 23 0,13361,461234671031,461234671031,0,461234817024,461234817384,461236923254,461236937864,461284671029,461234816224,16666666,461238129425,461238167195,461238207835,461238913625,461253352489,13394664,174240,461251428698,461253352489,461269116803,461238913625,
10-28 15:36:45.434  2523  2540 I System.out: 24 0,13376,461251337697,461251337697,0,461251484198,461251484678,461254250939,461254269689,461301337695,461251483208,16666666,461255604600,461255641950,461255691010,461256174150,461270092654,12917494,194180,461268115633,461270092654,461285926338,461256174150,
10-28 15:36:45.434  2523  2540 I System.out: 25 0,13391,461268004363,461268004363,0,461268187783,461268188163,461270360354,461270376254,461318004361,461268187133,16666666,461271304404,461271341774,461271372314,461271697834,461286873518,14333724,169480,461284772218,461286873518,461302369083,461271697834,
10-28 15:36:45.434  2523  2540 I System.out: 26 0,13406,461284671029,461284671029,0,461284865038,461284865398,461285771458,461285789498,461334671027,461284864178,16666666,461287272558,461287325608,461287379288,461287881859,461302601893,13997934,114400,461301423932,461302601893,461320053177,461287881859,
10-28 15:36:45.434  2523  2540 I System.out: 27 0,13421,461301337695,461301337695,0,461301507862,461301508182,461302242303,461302262363,461351337693,461301507052,16666666,461303334023,461303398263,461303442653,461304023573,461320242568,15445025,119640,461318085467,461320242568,461339791383,461304023573,
10-28 15:36:45.434  2523  2540 I System.out: 28 0,13436,461318004361,461318004361,0,461318351797,461318352207,461318793047,461318816587,461368004359,461318349737,16666666,461318868947,461320281588,461320316078,461320681778,461337692732,16090694,101960,461334817512,461337692732,72057628414509824,461320681778,
10-28 15:36:45.434  2523  2540 I System.out: 29 0,13459,461334671027,461334671027,0,461334870042,461334870492,461335326842,461336497392,461384671025,461334868592,16666666,461336681492,461337727542,461337793862,461338333393,461352769417,13411114,104390,461351453446,461352769417,0,461338333393,
10-28 15:36:45.434  2523  2540 I System.out: 30 0,13487,461351337693,461351337693,0,461351846196,461351846426,461354630357,461354651707,461401337691,461351844256,16666666,461356267688,461356308118,461356345428,461356671668,461369024321,11537853,79660,461368101991,461369024321,72904454231819660,461356671668,
10-28 15:36:45.434  2523  2540 I System.out: 31 0,13509,461368004359,461368004359,0,461368252331,461368252521,461369544311,461369565941,461418004357,461368251391,16666666,461369941171,461369967861,461370000831,461370474931,461386286636,14742314,196430,461384746505,461386286636,0,461370474931,
10-28 15:36:45.434  2523  2540 I System.out: 32 8,13524,461384671025,461384671025,0,461384814305,461384814775,461384814935,461384827065,461401337691,461384813385,16666666,461384830865,461386329296,72057628414509870,72904454231491233,0,0,0,72057628414509871,72904454231491800,0,0,
10-28 15:36:45.435  2523  2540 D Benchmark: Starting activity with command: am start  -W "intent:#Intent;action=android.intent.action.MAIN;category=android.intent.category.LAUNCHER;launchFlags=0x10008000;package=org.nayestane.ustad;component=org.nayestane.ustad/com.ustadmobile.port.android.view.AppActivity;end"
10-28 15:36:45.436  1495  2589 W MediaProvider: isAppCloneUserPair for user 0: false
10-28 15:36:45.437  1495  2589 V MediaProvider: Inserted id:1000000077 less than next row id backup:1000001000.
10-28 15:36:45.465   870   926 D SplashScreenView: Build android.window.SplashScreenView{ace4bcc V.E...... ......ID 0,0-0,0}
10-28 15:36:45.465   870   926 D SplashScreenView: Icon: view: null drawable: null size: 0
10-28 15:36:45.465   870   926 D SplashScreenView: Branding: view: android.view.View{b69e15 G.ED..... ......I. 0,0-0,0 #10204db android:id/splashscreen_branding_view} drawable: null size w: 0 h: 0
10-28 15:36:45.473  2617  2617 D AppActivity$onDestroy: AppActivity#onDestroy
10-28 15:36:45.476   582  1659 W InputManager-JNI: Input channel object 'dbc13a9 org.nayestane.ustad/com.ustadmobile.port.android.view.AppActivity (client)' was disposed without first being removed with the input manager!
10-28 15:36:45.479   870   976 W Parcel  : Expecting binder but got null!
10-28 15:36:45.485  2617  2617 W CustomTabsClient: Unable to find any Custom Tabs packages, you may need to add a <queries> element to your manifest. See the docs for CustomTabsClient#getPackageName.
10-28 15:36:45.485  2617  2617 W AppActivity$bindCustomTabsService: CustomTabs: Service NOT supported
10-28 15:36:45.492  2617  2617 D AutofillManager: Fill dialog is enabled:false, hints=[]
10-28 15:36:45.498  2617  2617 W OnBackInvokedCallback: OnBackInvokedCallback is not enabled for the application.
10-28 15:36:45.498  2617  2617 W OnBackInvokedCallback: Set 'android:enableOnBackInvokedCallback="true"' in the application manifest.
10-28 15:36:45.504   582   863 D ConnectivityService: requestNetwork for uid/pid:10126/2617 activeRequest: null callbackRequest: 64 [NetworkRequest [ REQUEST id=65, [ Capabilities: INTERNET&NOT_RESTRICTED&TRUSTED&NOT_VCN_MANAGED Uid: 10126 RequestorUid: 10126 RequestorPkg: org.nayestane.ustad UnderlyingNetworks: Null] ]] callback flags: 0 order: 2147483647
10-28 15:36:45.505   582   809 D ConnectivityService: NetReassign [65 : null → 100]
10-28 15:36:45.506   582   802 D WifiNetworkFactory: got request NetworkRequest [ REQUEST id=65, [ Capabilities: INTERNET&NOT_RESTRICTED&TRUSTED&NOT_VCN_MANAGED Uid: 10126 RequestorUid: 10126 RequestorPkg: org.nayestane.ustad UnderlyingNetworks: Null] ]
10-28 15:36:45.506   582   802 D UntrustedWifiNetworkFactory: got request NetworkRequest [ REQUEST id=65, [ Capabilities: INTERNET&NOT_RESTRICTED&TRUSTED&NOT_VCN_MANAGED Uid: 10126 RequestorUid: 10126 RequestorPkg: org.nayestane.ustad UnderlyingNetworks: Null] ]
10-28 15:36:45.506   582   802 D OemPaidWifiNetworkFactory: got request NetworkRequest [ REQUEST id=65, [ Capabilities: INTERNET&NOT_RESTRICTED&TRUSTED&NOT_VCN_MANAGED Uid: 10126 RequestorUid: 10126 RequestorPkg: org.nayestane.ustad UnderlyingNetworks: Null] ]
10-28 15:36:45.506   582   802 D MultiInternetWifiNetworkFactory: got request NetworkRequest [ REQUEST id=65, [ Capabilities: INTERNET&NOT_RESTRICTED&TRUSTED&NOT_VCN_MANAGED Uid: 10126 RequestorUid: 10126 RequestorPkg: org.nayestane.ustad UnderlyingNetworks: Null] ]
