10-28 15:33:27.503  2523  2540 I System.out: 10 2,3511,274218011845,274218011845,0,274218011845,274218011845,274218011845,274218011845,274234678511,0,16666666,274226222739,274226223189,274226273689,274226738499,274227883789,2360,186320,274227853579,274227883789,274245898344,274226738499,
10-28 15:33:27.503  2523  2540 I System.out: 11 2,3519,274234678511,274234678511,0,274234678511,274234678511,274234678511,274234678511,274251345177,0,16666666,274246041455,274246042335,274246085355,274246993245,274249594225,3310,157250,274249389965,274249594225,274268174291,274246993245,
10-28 15:33:27.504  2523  2540 I System.out: 12 0,3496,273801345195,273818011861,0,273828293268,273828294188,274185100068,274185138768,273818011861,273828289948,16666666,274250685866,274252133596,274252233896,274252321796,0,16123584,263210,72057628414509186,274270579281,274272733702,274252321796,
10-28 15:33:27.504  2523  2540 I System.out: 13 0,3503,273851345193,274251345177,0,274261591099,274261591819,274349356413,274349388283,274218011845,274261588809,16666666,274389091954,274397787587,274397877457,274408763240,274489041712,2650,195150,274488991212,274489041712,274530394623,274408763240,
10-28 15:33:27.504  2523  2540 I System.out: 14 0,3535,274284678509,274401345171,0,274404312938,274404313688,274423202894,274423239194,274518011833,274404310448,16666666,274428359395,274489149522,274489297062,274668058682,274673471483,7260,3040541,274673366353,274673471483,274719795016,274668058682,
10-28 15:33:27.504  2523  2540 I System.out: 15 0,3591,274418011837,274484678501,0,274491024853,274491025543,274496370334,274496418674,274701345159,274491022153,16666666,274498488345,274673567383,274673644143,274678511605,274818211353,6820,15269244,274818101883,274818211353,274820434044,274678511605,
10-28 15:33:27.504  2523  2540 I System.out: 16 0,3599,274501345167,274668011827,0,274681594585,274681595655,274702686751,274702725561,274851345153,274681590975,16666666,274704691882,274818269933,274818390943,274821070554,274822905655,2780,174010,274822864335,274822905655,274880001301,274821070554,
10-28 15:33:27.504  2523  2540 I System.out: 17 0,3613,274684678493,274818011821,0,274827747586,274827748326,274916508811,274916548551,274868011819,274827743846,16666666,274921900302,274922001152,274922072602,274922989433,274934811926,3070,215620,274934811926,274924147133,274945488519,274922989433,
10-28 15:33:27.504  2523  2540 I System.out: 18 0,3623,274834678487,274934678483,0,274936179356,274936180056,274947217419,274947252549,274968011815,274936176906,16666666,274956828372,274956921002,274956997462,274957523082,274969522955,2960,161760,274969522955,274958557662,274975197507,274957523082,
10-28 15:33:27.504  2523  2540 I System.out: 19 0,3639,274984678481,274984678481,0,274985053400,274985054010,274989390301,274989419431,275001345147,274985050500,16666666,274990556911,274990644531,274990712131,274996061043,275006002386,5600,8920973,275005867526,275006002386,275023432500,274996061043,
10-28 15:33:27.504  2523  2540 I System.out: 20 0,3646,275001345147,275001345147,0,275006496166,275006497536,275010713287,275010742777,275034678479,275006492526,16666666,275011882987,275011989407,275012063627,275016170428,275023544500,6114091,281760,275017367569,275023544500,275041717656,275016170428,
10-28 15:33:27.504  2523  2540 I System.out: 21 0,3654,275018011813,275018011813,0,275018313159,275018313949,275022107160,275022137920,275051345145,275018309769,16666666,275023097350,275023581210,275023634670,275024404801,275042457846,16972855,150840,275034869194,275042457846,275056352050,275024404801,
10-28 15:33:27.504  2523  2540 I System.out: 22 0,3662,275034678479,275034678479,0,275036110624,275036111234,275040184685,275040219515,275068011811,275036107754,16666666,275041397955,275042505626,275042570426,275043040446,275056564960,12444294,228260,275044047486,275056564960,275076287095,275043040446,
10-28 15:33:27.505  2523  2540 I System.out: 23 0,3670,275051345145,275051345145,0,275051721378,275051722188,275055494099,275055525359,275084678477,275051718188,16666666,275057222840,275063640562,275063728622,275064590072,275076721415,11008333,137490,275068215483,275076721415,275086511788,275064590072,
10-28 15:33:27.505  2523  2540 I System.out: 24 0,3678,275068011811,275068011811,0,275068355753,275068356693,275071944684,275071971994,275101345143,275068352703,16666666,275073041434,275076777235,275076842935,275077309295,275086689498,8389842,143220,275084888608,275086689498,0,275077309295,
10-28 15:33:27.505  2523  2540 I System.out: 25 0,3686,275084678477,275084678477,0,275085056978,275085057718,275096268761,275096302191,275118011809,275085054398,16666666,275097593281,275097733581,275097785011,275098285161,275109436144,10192333,144470,275104035043,275109436144,72904454231491818,275098285161,
10-28 15:33:27.505  2523  2540 I System.out: 26 0,3694,275101345143,275101345143,0,275104278473,275104279343,275108131034,275108161904,275134678475,275104275703,16666666,275109253484,275109479614,275109539024,275109994434,275126951559,15937234,175900,275118236387,275126951559,0,275109994434,
10-28 15:33:27.505  2523  2540 I System.out: 27 0,3702,275118011809,275118011809,0,275124010968,275124011958,275137061992,275137094322,275151345141,275124007578,16666666,275138280362,275155933017,275156005307,275156517467,275168226041,2730,140390,275168226041,275157788958,0,275156517467,
10-28 15:33:27.505  2523  2540 D Benchmark: Starting activity with command: am start  -W "intent:#Intent;action=android.intent.action.MAIN;category=android.intent.category.LAUNCHER;launchFlags=0x10008000;package=org.nayestane.ustad;component=org.nayestane.ustad/com.ustadmobile.port.android.view.AppActivity;end"
10-28 15:33:27.508  1495  1688 W MediaProvider: isAppCloneUserPair for user 0: false
10-28 15:33:27.508  1495  1688 V MediaProvider: Inserted id:1000000029 less than next row id backup:1000001000.
10-28 15:33:27.552   870   926 D SplashScreenView: Build android.window.SplashScreenView{86184d8 V.E...... ......ID 0,0-0,0}
10-28 15:33:27.552   870   926 D SplashScreenView: Icon: view: null drawable: null size: 0
10-28 15:33:27.552   870   926 D SplashScreenView: Branding: view: android.view.View{f0f9031 G.ED..... ......I. 0,0-0,0 #10204db android:id/splashscreen_branding_view} drawable: null size w: 0 h: 0
10-28 15:33:27.568  2617  2617 D AppActivity$onDestroy: AppActivity#onDestroy
10-28 15:33:27.578   582   597 W InputManager-JNI: Input channel object '1715250 org.nayestane.ustad/com.ustadmobile.port.android.view.AppActivity (client)' was disposed without first being removed with the input manager!
10-28 15:33:27.595   870   976 W Parcel  : Expecting binder but got null!
10-28 15:33:27.711  2617  2617 W CustomTabsClient: Unable to find any Custom Tabs packages, you may need to add a <queries> element to your manifest. See the docs for CustomTabsClient#getPackageName.
10-28 15:33:27.711  2617  2617 W AppActivity$bindCustomTabsService: CustomTabs: Service NOT supported
10-28 15:33:27.724  2617  2617 D AutofillManager: Fill dialog is enabled:false, hints=[]
10-28 15:33:27.733  2617  2617 W OnBackInvokedCallback: OnBackInvokedCallback is not enabled for the application.
10-28 15:33:27.733  2617  2617 W OnBackInvokedCallback: Set 'android:enableOnBackInvokedCallback="true"' in the application manifest.
10-28 15:33:27.742   582   938 D ConnectivityService: requestNetwork for uid/pid:10126/2617 activeRequest: null callbackRequest: 48 [NetworkRequest [ REQUEST id=49, [ Capabilities: INTERNET&NOT_RESTRICTED&TRUSTED&NOT_VCN_MANAGED Uid: 10126 RequestorUid: 10126 RequestorPkg: org.nayestane.ustad UnderlyingNetworks: Null] ]] callback flags: 0 order: 2147483647
10-28 15:33:27.743   582   809 D ConnectivityService: NetReassign [49 : null → 100]
10-28 15:33:27.745   582   802 D WifiNetworkFactory: got request NetworkRequest [ REQUEST id=49, [ Capabilities: INTERNET&NOT_RESTRICTED&TRUSTED&NOT_VCN_MANAGED Uid: 10126 RequestorUid: 10126 RequestorPkg: org.nayestane.ustad UnderlyingNetworks: Null] ]
10-28 15:33:27.745   582   802 D UntrustedWifiNetworkFactory: got request NetworkRequest [ REQUEST id=49, [ Capabilities: INTERNET&NOT_RESTRICTED&TRUSTED&NOT_VCN_MANAGED Uid: 10126 RequestorUid: 10126 RequestorPkg: org.nayestane.ustad UnderlyingNetworks: Null] ]
10-28 15:33:27.745   582   802 D OemPaidWifiNetworkFactory: got request NetworkRequest [ REQUEST id=49, [ Capabilities: INTERNET&NOT_RESTRICTED&TRUSTED&NOT_VCN_MANAGED Uid: 10126 RequestorUid: 10126 RequestorPkg: org.nayestane.ustad UnderlyingNetworks: Null] ]
10-28 15:33:27.745   582   802 D MultiInternetWifiNetworkFactory: got request NetworkRequest [ REQUEST id=49, [ Capabilities: INTERNET&NOT_RESTRICTED&TRUSTED&NOT_VCN_MANAGED Uid: 10126 RequestorUid: 10126 RequestorPkg: org.nayestane.ustad UnderlyingNetworks: Null] ]
10-28 15:33:27.754  2617  2669 W Parcel  : Expecting binder but got null!
10-28 15:33:27.758   582   602 I ActivityTaskManager: Displayed org.nayestane.ustad/com.ustadmobile.port.android.view.AppActivity: +214ms
10-28 15:33:27.765  2617  2617 D UstadViewModelFunKt$ustadViewModel$viewModel$invoke: ustadViewModel(): create viewmodel for: com.ustadmobile.core.viewmodel.redirect.RedirectViewModel
10-28 15:33:27.765  2617  2617 I System.out: com.ustadmobile.core.db.UmAppDatabase_DoorWrapper@efea2f7
10-28 15:33:27.772  2617  2617 D UstadNavControllerPreCompose$onCollectNavCommand: NavCommandEffect: Navigate: Go to Login
10-28 15:33:27.780  2617  2617 D UstadViewModelFunKt$ustadViewModel$viewModel$invoke: ustadViewModel(): create viewmodel for: com.ustadmobile.core.viewmodel.login.LoginViewModel
10-28 15:33:27.784  2523  2540 D Benchmark: Result: Starting: Intent { act=android.intent.action.MAIN cat=[android.intent.category.LAUNCHER] flg=0x10008000 pkg=org.nayestane.ustad cmp=org.nayestane.ustad/com.ustadmobile.port.android.view.AppActivity }
10-28 15:33:27.784  2523  2540 D Benchmark: Status: ok
10-28 15:33:27.784  2523  2540 D Benchmark: LaunchState: WARM
10-28 15:33:27.784  2523  2540 D Benchmark: Activity: org.nayestane.ustad/com.ustadmobile.port.android.view.AppActivity
10-28 15:33:27.784  2523  2540 D Benchmark: TotalTime: 214
10-28 15:33:27.784  2523  2540 D Benchmark: WaitTime: 215
10-28 15:33:27.784  2523  2540 D Benchmark: Complete
10-28 15:33:27.785  2617  2719 V UstadCache: OKHttp-CacheInterceptor:  intercept: GET https://dars.nayestane.org/v2/Site/verify
10-28 15:33:27.786  2617  2719 I UstadCache: UstadCache(): Retrieve https://dars.nayestane.org/v2/Site/verify
10-28 15:33:27.789  2617  2719 D UstadCache: UstadCache(): FOUND https://dars.nayestane.org/v2/Site/verify
10-28 15:33:27.799  2617  2719 D TrafficStats: tagSocket(99) with statsTag=0xffffffff, statsUid=-1
10-28 15:33:27.808   422   465 W TransactionTracing: Could not find layer handle 0x7b315a687510
10-28 15:33:27.808   422   465 W TransactionTracing: Could not find layer handle 0x7b315a684330
10-28 15:33:27.808   422   465 W TransactionTracing: Could not find layer handle 0x7b315a6891f0
10-28 15:33:27.808   422   465 W TransactionTracing: Could not find layer handle 0x7b315a684330
10-28 15:33:27.824  1495  1681 W MediaProvider: isAppCloneUserPair for user 0: false
10-28 15:33:27.825  1495  1681 V MediaProvider: Inserted id:1000000030 less than next row id backup:1000001000.
10-28 15:33:27.894  2617  2719 D UstadCache: OKHttp-CacheInterceptor:  MISS(invalid) https://dars.nayestane.org/v2/Site/verify
10-28 15:33:27.895  2617  2719 D UstadCache: OKHttp-CacheInterceptor:  newCacheAndStoreResponse: GET https://dars.nayestane.org/v2/Site/verify 200 ()
10-28 15:33:27.895  2617  2719 V UstadCache: OKHttp-CacheInterceptor:  https://dars.nayestane.org/v2/Site/verify MISS(invalid) can store/update 200  (contentType=application/json; charset=UTF-8, content-encoding=null content-length=180)
10-28 15:33:27.898  2617  2730 D UstadCache: UstadCache(): storerequest 1 entries
10-28 15:33:27.899  2617  2730 V UstadCache: UstadCache(): copied request data for https://dars.nayestane.org/v2/Site/verify to /data/user/0/org.nayestane.ustad/files/httpfiles/tmpwork/2.tmp (integrity=sha256-VTW/47g5E/UMinnUcaDGC+8yXE8lgnmbnOjHxekFxd4=)
10-28 15:33:27.900  2617  2730 V UstadCache: UstadCache(): cacheEntries created 1 entries
10-28 15:33:27.900  2617  2730 D UstadCache: UstadCache(): deleting 1 tmp files
10-28 15:33:27.900  2617  2730 D UstadCache: UstadCache(): db transaction completed
10-28 15:33:27.925  1133  1133 W FrameTracker: Missed SF frame:UNKNOWN: 80, 3893, 0, CUJ=J<LAUNCHER_APP_CLOSE_TO_HOME>
10-28 15:33:27.925  1133  1133 W FrameTracker: Missing HWUI jank callback for vsyncId: 3893, CUJ=J<LAUNCHER_APP_CLOSE_TO_HOME>
10-28 15:33:27.925  1133  1133 W FrameTracker: Missed SF frame:UNKNOWN: 80, 3908, 0, CUJ=J<LAUNCHER_APP_CLOSE_TO_HOME>
10-28 15:33:27.925  1133  1133 W FrameTracker: Missing HWUI jank callback for vsyncId: 3908, CUJ=J<LAUNCHER_APP_CLOSE_TO_HOME>
10-28 15:33:27.925  1133  1133 W FrameTracker: Missed SF frame:UNKNOWN: 80, 4030, 37131418, CUJ=J<LAUNCHER_APP_CLOSE_TO_HOME>
10-28 15:33:27.925  1133  1133 W FrameTracker: Missed SF frame:UNKNOWN: 80, 4052, 36101986, CUJ=J<LAUNCHER_APP_CLOSE_TO_HOME>
10-28 15:33:27.925  1133  1133 W FrameTracker: Missed SF frame:UNKNOWN: 80, 4060, 39968726, CUJ=J<LAUNCHER_APP_CLOSE_TO_HOME>
10-28 15:33:27.925  1133  1133 W FrameTracker: Missed SF frame:UNKNOWN: 80, 4089, 36877324, CUJ=J<LAUNCHER_APP_CLOSE_TO_HOME>
10-28 15:33:27.925  1133  1133 W FrameTracker: Missed SF frame:UNKNOWN: 80, 4139, 44534624, CUJ=J<LAUNCHER_APP_CLOSE_TO_HOME>
10-28 15:33:27.925  1133  1133 W FrameTracker: Missed App frame:UNKNOWN: 88, 4175, 126402546, CUJ=J<LAUNCHER_APP_CLOSE_TO_HOME>
10-28 15:33:27.925  1133  1133 W FrameTracker: Missed SF frame:UNKNOWN: 88, 4175, 126402546, CUJ=J<LAUNCHER_APP_CLOSE_TO_HOME>
10-28 15:33:27.925  1133  1133 W FrameTracker: Missed SF frame:UNKNOWN: 80, 4216, 121906273, CUJ=J<LAUNCHER_APP_CLOSE_TO_HOME>
10-28 15:33:27.925  1133  1815 V PerfettoTrigger: Not triggering com.android.telemetry.interaction-jank-monitor-9 - not enough time since last trigger
10-28 15:33:27.938   422   465 W TransactionTracing: Could not find layer handle 0x7b315a688a70
10-28 15:33:27.952  2523  2540 I System.out: 0 Flags,FrameTimelineVsyncId,IntendedVsync,Vsync,InputEventId,HandleInputStart,AnimationStart,PerformTraversalsStart,DrawStart,FrameDeadline,FrameInterval,FrameStartTime,SyncQueued,SyncStart,IssueDrawCommandsStart,SwapBuffers,FrameCompleted,DequeueBufferDuration,QueueBufferDuration,GpuCompleted,SwapBuffersCompleted,DisplayPresentTime,CommandSubmissionCompleted,
10-28 15:33:27.952  2523  2540 I System.out: 1 1,4069,288651344601,288651344601,0,288651601036,288651602316,288651602546,288683725355,288668011267,288651598156,16666666,288684365495,288684468325,288684521615,288684623675,288685441625,2320,397220,288685389565,288685441625,0,288684623675,
10-28 15:33:27.952  2523  2540 I System.out: 2 0,4110,288668011267,288684677933,0,288691783977,288691784837,288700016559,288700038989,288718011265,288691781817,16666666,288700871200,288701198670,288701237110,288701338900,288718155034,2840,110400,288718155034,288704814641,0,288701338900,
10-28 15:33:27.952  2523  2540 I System.out: 3 0,4182,288701344599,288701344599,0,288704365541,288704365941,288759982936,288760015476,288751344597,288704364601,16666666,288797367676,288797402246,288797457256,288797526576,288801511518,3270,329720,288801511518,288798276547,0,288797526576,
10-28 15:33:27.952  2523  2540 I System.out: 4 0,4223,288718011265,288801344595,0,288802722798,288802723108,288832067156,288832091006,288734677931,288802721068,16666666,288847082350,288847150280,288847219310,288847619870,0,3020,239231,0,288848366801,0,288847619870,
10-28 15:33:27.952  2523  2540 D UiDevice: Waiting 10000ms for SearchCondition[hasObject=BySelector [TEXT='\QGet Started\E']].
10-28 15:33:27.952  2523  2540 D UiDevice: Searching for node with selector: BySelector [TEXT='\QGet Started\E'].
10-28 15:33:27.989   422   465 W TransactionTracing: Could not find layer handle 0x7b315a688350
10-28 15:33:27.989   422   465 W TransactionTracing: Could not find layer handle 0x7b315a688f50
10-28 15:33:27.989   422   465 W TransactionTracing: Could not find layer handle 0x7b315a687030
10-28 15:33:27.989   422   465 W TransactionTracing: Could not find layer handle 0x7b315a685a70
10-28 15:33:27.989   422   465 W TransactionTracing: Could not find layer handle 0x7b315a687930
10-28 15:33:27.989   422   465 W TransactionTracing: Could not find layer handle 0x7b315a685a70
10-28 15:33:27.989   422   465 W TransactionTracing: Could not find layer handle 0x7b315a688350
10-28 15:33:27.989   422   465 W TransactionTracing: Could not find layer handle 0x7b315a688f50
10-28 15:33:28.006   582  2846 D HostConnection: HostComposition ext ANDROID_EMU_CHECKSUM_HELPER_v1 ANDROID_EMU_native_sync_v2 ANDROID_EMU_dma_v1 ANDROID_EMU_direct_mem ANDROID_EMU_host_composition_v1 ANDROID_EMU_host_composition_v2 ANDROID_EMU_vulkan ANDROID_EMU_deferred_vulkan_commands ANDROID_EMU_vulkan_null_optional_strings ANDROID_EMU_vulkan_create_resources_with_requirements ANDROID_EMU_YUV_Cache ANDROID_EMU_vulkan_ignored_handles ANDROID_EMU_has_shared_slots_host_memory_allocator ANDROID_EMU_vulkan_free_memory_sync ANDROID_EMU_vulkan_shader_float16_int8 ANDROID_EMU_vulkan_async_queue_submit ANDROID_EMU_vulkan_queue_submit_with_commands ANDROID_EMU_vulkan_batched_descriptor_set_update ANDROID_EMU_sync_buffer_data ANDROID_EMU_vulkan_async_qsri ANDROID_EMU_read_color_buffer_dma ANDROID_EMU_hwc_multi_configs GL_OES_EGL_image_external_essl3 GL_OES_vertex_array_object GL_KHR_texture_compression_astc_ldr ANDROID_EMU_host_side_tracing ANDROID_EMU_gles_max_version_3_0
10-28 15:33:28.008   582  2846 W OpenGLRenderer: Failed to initialize 101010-2 format, error = EGL_SUCCESS
10-28 15:33:28.139   582  2846 D EGL_emulation: eglCreateContext: 0x7f59ed2b2e90: maj 3 min 0 rcv 3
10-28 15:33:28.142   582  2846 D EGL_emulation: eglMakeCurrent: 0x7f59ed2b2e90: ver 3 0 (tinfo 0x7f5c07c02100) (first time)
10-28 15:33:28.150   582   597 W InputManager-JNI: Input channel object '37f14fc Splash Screen org.nayestane.ustad (client)' was disposed without first being removed with the input manager!
10-28 15:33:28.190   422   465 W TransactionTracing: Could not find layer handle 0x7b315a686a90
10-28 15:33:28.200   870   925 W FrameTracker: Missed SF frame:PREDICTION_ERROR, 4168, 10378954, CUJ=J<SPLASHSCREEN_EXIT_ANIM>
10-28 15:33:28.200   870   925 W FrameTracker: Missed SF frame:PREDICTION_ERROR, 4204, 6679061, CUJ=J<SPLASHSCREEN_EXIT_ANIM>
10-28 15:33:28.200   870   925 W FrameTracker: Missed SF frame:PREDICTION_ERROR, 4240, 0, CUJ=J<SPLASHSCREEN_EXIT_ANIM>
10-28 15:33:28.200   870   925 W FrameTracker: Missing HWUI jank callback for vsyncId: 4240, CUJ=J<SPLASHSCREEN_EXIT_ANIM>
10-28 15:33:28.200   870   925 W FrameTracker: Missed SF frame:PREDICTION_ERROR, 4334, 6721876, CUJ=J<SPLASHSCREEN_EXIT_ANIM>
10-28 15:33:28.200   870   925 W FrameTracker: Missing HWUI jank callback for vsyncId: 4378, CUJ=J<SPLASHSCREEN_EXIT_ANIM>
10-28 15:33:28.200   870   925 W FrameTracker: Missed SF frame:PREDICTION_ERROR, 4429, 9466721, CUJ=J<SPLASHSCREEN_EXIT_ANIM>
10-28 15:33:28.200   870   925 W FrameTracker: Missed App frame:UNKNOWN: 24, 4458, 20400803, CUJ=J<SPLASHSCREEN_EXIT_ANIM>
10-28 15:33:28.200   870   925 W FrameTracker: Missed SF frame:UNKNOWN: 24, 4458, 20400803, CUJ=J<SPLASHSCREEN_EXIT_ANIM>
10-28 15:33:28.200   870   925 W FrameTracker: Missing SF jank callback for vsyncId: 4474, CUJ=J<SPLASHSCREEN_EXIT_ANIM>
10-28 15:33:28.200   870   925 W FrameTracker: Missed App frame:UNKNOWN: 328, 4509, 170645822, CUJ=J<SPLASHSCREEN_EXIT_ANIM>
10-28 15:33:28.200   870   925 W FrameTracker: Missed SF frame:UNKNOWN: 80, 4524, 0, CUJ=J<SPLASHSCREEN_EXIT_ANIM>
10-28 15:33:28.200   870   925 W FrameTracker: Missing HWUI jank callback for vsyncId: 4524, CUJ=J<SPLASHSCREEN_EXIT_ANIM>
10-28 15:33:28.200   870   915 V PerfettoTrigger: Not triggering com.android.telemetry.interaction-jank-monitor-39 - not enough time since last trigger
10-28 15:33:28.280  2523  2540 D UiDevice: Searching for node with selector: BySelector [TEXT='\QGet Started\E'].
10-28 15:33:28.336   422   465 W TransactionTracing: Could not find layer handle 0x7b315a6878d0
10-28 15:33:28.337   422   465 W TransactionTracing: Could not find layer handle 0x7b315a687210
10-28 15:33:28.337   422   465 W TransactionTracing: Could not find layer handle 0x7b315a687210
10-28 15:33:28.460   870   976 D EGL_emulation: app_time_stats: avg=33.53ms min=3.04ms max=415.65ms count=27
10-28 15:33:29.052  2523  2540 D UiDevice: Searching for node with selector: BySelector [TEXT='\QGet Started\E'].
10-28 15:33:29.166  2523  2540 D UiDevice: Searching for node with selector: BySelector [TEXT='\QGet Started\E'].
10-28 15:33:29.272  2523  2540 D UiDevice: Searching for node with selector: BySelector [TEXT='\QGet Started\E'].
10-28 15:33:29.379  2523  2540 D UiDevice: Searching for node with selector: BySelector [TEXT='\QGet Started\E'].
10-28 15:33:29.492  2523  2540 D UiDevice: Searching for node with selector: BySelector [TEXT='\QGet Started\E'].
10-28 15:33:29.612  2523  2540 D UiDevice: Searching for node with selector: BySelector [TEXT='\QGet Started\E'].
10-28 15:33:29.724  2523  2540 D UiDevice: Searching for node with selector: BySelector [TEXT='\QGet Started\E'].
10-28 15:33:29.840  2523  2540 D UiDevice: Searching for node with selector: BySelector [TEXT='\QGet Started\E'].
10-28 15:33:29.969  2523  2540 D UiDevice: Searching for node with selector: BySelector [TEXT='\QGet Started\E'].
10-28 15:33:30.078  2523  2540 D UiDevice: Searching for node with selector: BySelector [TEXT='\QGet Started\E'].
10-28 15:33:30.185  2523  2540 D UiDevice: Searching for node with selector: BySelector [TEXT='\QGet Started\E'].
10-28 15:33:30.294  2523  2540 D UiDevice: Searching for node with selector: BySelector [TEXT='\QGet Started\E'].
10-28 15:33:30.398  2523  2540 D UiDevice: Searching for node with selector: BySelector [TEXT='\QGet Started\E'].
10-28 15:33:30.467  1394  2037 I Dialer  : OmtpVvmCarrierCfgHlpr - OmtpEvent:CONFIG_STATUS_SMS_TIME_OUT
10-28 15:33:30.467  1394  1394 I Dialer  : RetryPolicy - discarding deferred status: configuration_state=4
10-28 15:33:30.469  1394  1394 I Dialer  : VvmTaskExecutor - no more tasks, stopping service if no task are added in 5000 millis
10-28 15:33:30.472  1394  1394 I Dialer  : VvmTaskReceiver - task received
10-28 15:33:30.472  1394  1394 I Dialer  : VvmTaskReceiver - TaskExecutor already running
10-28 15:33:30.472  1394  1394 I Dialer  : Task.createTask - create task:com.android.voicemail.impl.ActivationTask
10-28 15:33:30.472  1394  1394 I Dialer  : RetryPolicy - retry #4 for com.android.voicemail.impl.ActivationTask@8670bd9 queued, executing in 5000
10-28 15:33:30.472  1394  1394 I Dialer  : VvmTaskExecutor - com.android.voicemail.impl.ActivationTask@8670bd9 added
10-28 15:33:30.472  1394  1394 I Dialer  : VvmTaskExecutor - minimal wait time:5000
10-28 15:33:30.473  1394  1394 I Dialer  : VvmTaskExecutor - sleep for 5000 millis
10-28 15:33:30.503  2523  2540 D UiDevice: Searching for node with selector: BySelector [TEXT='\QGet Started\E'].
10-28 15:33:30.607  2523  2540 D UiDevice: Searching for node with selector: BySelector [TEXT='\QGet Started\E'].
10-28 15:33:30.711  2523  2540 D UiDevice: Searching for node with selector: BySelector [TEXT='\QGet Started\E'].
10-28 15:33:30.815  2523  2540 D UiDevice: Searching for node with selector: BySelector [TEXT='\QGet Started\E'].
10-28 15:33:30.920  2523  2540 D UiDevice: Searching for node with selector: BySelector [TEXT='\QGet Started\E'].
10-28 15:33:31.025  2523  2540 D UiDevice: Searching for node with selector: BySelector [TEXT='\QGet Started\E'].
10-28 15:33:31.131  2523  2540 D UiDevice: Searching for node with selector: BySelector [TEXT='\QGet Started\E'].
10-28 15:33:31.237  2523  2540 D UiDevice: Searching for node with selector: BySelector [TEXT='\QGet Started\E'].
10-28 15:33:31.343  2523  2540 D UiDevice: Searching for node with selector: BySelector [TEXT='\QGet Started\E'].
10-28 15:33:31.450  2523  2540 D UiDevice: Searching for node with selector: BySelector [TEXT='\QGet Started\E'].
10-28 15:33:31.556  2523  2540 D UiDevice: Searching for node with selector: BySelector [TEXT='\QGet Started\E'].
10-28 15:33:31.661  2523  2540 D UiDevice: Searching for node with selector: BySelector [TEXT='\QGet Started\E'].
10-28 15:33:31.769  2523  2540 D UiDevice: Searching for node with selector: BySelector [TEXT='\QGet Started\E'].
10-28 15:33:31.877  2523  2540 D UiDevice: Searching for node with selector: BySelector [TEXT='\QGet Started\E'].
10-28 15:33:31.983  2523  2540 D UiDevice: Searching for node with selector: BySelector [TEXT='\QGet Started\E'].
10-28 15:33:32.088  2523  2540 D UiDevice: Searching for node with selector: BySelector [TEXT='\QGet Started\E'].
10-28 15:33:32.197  2523  2540 D UiDevice: Searching for node with selector: BySelector [TEXT='\QGet Started\E'].
10-28 15:33:32.309  2523  2540 D UiDevice: Searching for node with selector: BySelector [TEXT='\QGet Started\E'].
10-28 15:33:32.415  2523  2540 D UiDevice: Searching for node with selector: BySelector [TEXT='\QGet Started\E'].
10-28 15:33:32.523  2523  2540 D UiDevice: Searching for node with selector: BySelector [TEXT='\QGet Started\E'].
10-28 15:33:32.637  2523  2540 D UiDevice: Searching for node with selector: BySelector [TEXT='\QGet Started\E'].
10-28 15:33:32.752  2523  2540 D UiDevice: Searching for node with selector: BySelector [TEXT='\QGet Started\E'].
10-28 15:33:32.860  2523  2540 D UiDevice: Searching for node with selector: BySelector [TEXT='\QGet Started\E'].
10-28 15:33:32.966  2523  2540 D UiDevice: Searching for node with selector: BySelector [TEXT='\QGet Started\E'].
10-28 15:33:33.080  2523  2540 D UiDevice: Searching for node with selector: BySelector [TEXT='\QGet Started\E'].
10-28 15:33:33.188  2523  2540 D UiDevice: Searching for node with selector: BySelector [TEXT='\QGet Started\E'].
10-28 15:33:33.297  2523  2540 D UiDevice: Searching for node with selector: BySelector [TEXT='\QGet Started\E'].
10-28 15:33:33.402  2523  2540 D UiDevice: Searching for node with selector: BySelector [TEXT='\QGet Started\E'].
10-28 15:33:33.508  2523  2540 D UiDevice: Searching for node with selector: BySelector [TEXT='\QGet Started\E'].
10-28 15:33:33.613  2523  2540 D UiDevice: Searching for node with selector: BySelector [TEXT='\QGet Started\E'].
10-28 15:33:33.719  2523  2540 D UiDevice: Searching for node with selector: BySelector [TEXT='\QGet Started\E'].
10-28 15:33:33.825  2523  2540 D UiDevice: Searching for node with selector: BySelector [TEXT='\QGet Started\E'].
10-28 15:33:33.932  2523  2540 D UiDevice: Searching for node with selector: BySelector [TEXT='\QGet Started\E'].
10-28 15:33:34.037  2523  2540 D UiDevice: Searching for node with selector: BySelector [TEXT='\QGet Started\E'].
10-28 15:33:34.150  2523  2540 D UiDevice: Searching for node with selector: BySelector [TEXT='\QGet Started\E'].
10-28 15:33:34.259  2523  2540 D UiDevice: Searching for node with selector: BySelector [TEXT='\QGet Started\E'].
10-28 15:33:34.367  2523  2540 D UiDevice: Searching for node with selector: BySelector [TEXT='\QGet Started\E'].
10-28 15:33:34.472  2523  2540 D UiDevice: Searching for node with selector: BySelector [TEXT='\QGet Started\E'].
10-28 15:33:34.583  2523  2540 D UiDevice: Searching for node with selector: BySelector [TEXT='\QGet Started\E'].
10-28 15:33:34.691  2523  2540 D UiDevice: Searching for node with selector: BySelector [TEXT='\QGet Started\E'].
10-28 15:33:34.797  2523  2540 D UiDevice: Searching for node with selector: BySelector [TEXT='\QGet Started\E'].
10-28 15:33:34.907  2523  2540 D UiDevice: Searching for node with selector: BySelector [TEXT='\QGet Started\E'].
10-28 15:33:35.019  2523  2540 D UiDevice: Searching for node with selector: BySelector [TEXT='\QGet Started\E'].
10-28 15:33:35.132  2523  2540 D UiDevice: Searching for node with selector: BySelector [TEXT='\QGet Started\E'].
10-28 15:33:35.240  2523  2540 D UiDevice: Searching for node with selector: BySelector [TEXT='\QGet Started\E'].
10-28 15:33:35.345  2523  2540 D UiDevice: Searching for node with selector: BySelector [TEXT='\QGet Started\E'].
10-28 15:33:35.452  2523  2540 D UiDevice: Searching for node with selector: BySelector [TEXT='\QGet Started\E'].
10-28 15:33:35.478  1394  2037 I Dialer  : VvmTaskExecutor - executing task com.android.voicemail.impl.ActivationTask@8670bd9
10-28 15:33:35.479  1394  2037 I Dialer  : PreOMigrationHandler - ComponentInfo{com.android.phone/com.android.services.telephony.TelephonyConnectionService}, 1, UserHandle{0} already migrated
10-28 15:33:35.501  1679  2083 I VoicemailNotifier: receivers for android.intent.action.PROVIDER_CHANGED :[]
10-28 15:33:35.504  1394  2037 I Dialer  : VvmActivationTask - VVM content provider configured - vvm_type_cvvm
10-28 15:33:35.505  1394  2037 I Dialer  : OmtpVvmCarrierCfgHlpr - OmtpEvent:CONFIG_ACTIVATING
10-28 15:33:35.508  1679  2083 I VoicemailNotifier: receivers for android.intent.action.PROVIDER_CHANGED :[]
10-28 15:33:35.521  1074  1370 D SmsNumberUtils: enter filterDestAddr. destAddr="[BajqU4K5_YhSYbs-7QUn0dOwcmI]"
10-28 15:33:35.522  1074  1370 D SmsNumberUtils: destAddr is not formatted.
10-28 15:33:35.522  1074  1370 D SmsNumberUtils: leave filterDestAddr, new destAddr="[BajqU4K5_YhSYbs-7QUn0dOwcmI]"
10-28 15:33:35.556  2523  2540 D UiDevice: Searching for node with selector: BySelector [TEXT='\QGet Started\E'].
10-28 15:33:35.663  2523  2540 D UiDevice: Searching for node with selector: BySelector [TEXT='\QGet Started\E'].
10-28 15:33:35.770  2523  2540 D UiDevice: Searching for node with selector: BySelector [TEXT='\QGet Started\E'].
10-28 15:33:35.875  2523  2540 D UiDevice: Searching for node with selector: BySelector [TEXT='\QGet Started\E'].
10-28 15:33:35.980  2523  2540 D UiDevice: Searching for node with selector: BySelector [TEXT='\QGet Started\E'].
10-28 15:33:36.085  2523  2540 D UiDevice: Searching for node with selector: BySelector [TEXT='\QGet Started\E'].
10-28 15:33:36.190  2523  2540 D UiDevice: Searching for node with selector: BySelector [TEXT='\QGet Started\E'].
10-28 15:33:36.296  2523  2540 D UiDevice: Searching for node with selector: BySelector [TEXT='\QGet Started\E'].
10-28 15:33:36.401  2523  2540 D UiDevice: Searching for node with selector: BySelector [TEXT='\QGet Started\E'].
10-28 15:33:36.507  2523  2540 D UiDevice: Searching for node with selector: BySelector [TEXT='\QGet Started\E'].
10-28 15:33:36.611  2523  2540 D UiDevice: Searching for node with selector: BySelector [TEXT='\QGet Started\E'].
10-28 15:33:36.717  2523  2540 D UiDevice: Searching for node with selector: BySelector [TEXT='\QGet Started\E'].
10-28 15:33:36.821  2523  2540 D UiDevice: Searching for node with selector: BySelector [TEXT='\QGet Started\E'].
10-28 15:33:36.927  2523  2540 D UiDevice: Searching for node with selector: BySelector [TEXT='\QGet Started\E'].
10-28 15:33:37.031  2523  2540 D UiDevice: Searching for node with selector: BySelector [TEXT='\QGet Started\E'].
10-28 15:33:37.137  2523  2540 D UiDevice: Searching for node with selector: BySelector [TEXT='\QGet Started\E'].
10-28 15:33:37.242  2523  2540 D UiDevice: Searching for node with selector: BySelector [TEXT='\QGet Started\E'].
10-28 15:33:37.346  2523  2540 D UiDevice: Searching for node with selector: BySelector [TEXT='\QGet Started\E'].
10-28 15:33:37.452  2523  2540 D UiDevice: Searching for node with selector: BySelector [TEXT='\QGet Started\E'].
10-28 15:33:37.557  2523  2540 D UiDevice: Searching for node with selector: BySelector [TEXT='\QGet Started\E'].
10-28 15:33:37.662  2523  2540 D UiDevice: Searching for node with selector: BySelector [TEXT='\QGet Started\E'].
10-28 15:33:37.768  2523  2540 D UiDevice: Searching for node with selector: BySelector [TEXT='\QGet Started\E'].
10-28 15:33:37.873  2523  2540 D UiDevice: Searching for node with selector: BySelector [TEXT='\QGet Started\E'].
10-28 15:33:37.978  2523  2540 D UiDevice: Searching for node with selector: BySelector [TEXT='\QGet Started\E'].
10-28 15:33:38.838  2617  2679 D UstadCache: CacheTrimmer:  Trim cache run: max (evictable) size = 100000000 bytes
10-28 15:33:38.839  2617  2679 V UstadCache: CacheTrimmer:  deleting
10-28 15:33:38.984  2523  2540 D UiDevice: Retrieving node with selector: BySelector [TEXT='\QGet Started\E'].
10-28 15:33:38.989  2523  2540 D UiDevice: Node not found with selector: BySelector [TEXT='\QGet Started\E'].
10-28 15:33:43.989  2523  2540 D Benchmark: Profile Installer - Save Profile
10-28 15:33:44.035  2617  2617 I Process : Sending signal. PID: 2617 SIG: 10
10-28 15:33:44.035  2617  2617 D ProfileInstaller:
10-28 15:33:44.035  2617  2622 I nayestane.ustad: Thread[6,tid=2622,WaitingInMainSignalCatcherLoop,Thread*=0x7f5acd2a1200,peer=0x14404148,"Signal Catcher"]: reacting to signal 10
10-28 15:33:44.035  2617  2622 I nayestane.ustad:
10-28 15:33:44.035  2617  2622 I nayestane.ustad: SIGUSR1 forcing GC (no HPROF) and profile save
10-28 15:33:44.104  2617  2622 W nayestane.ustad: Cleared Reference was only reachable from finalizer (only reported once)
10-28 15:33:44.111  2617  2622 I nayestane.ustad: Explicit concurrent copying GC freed 111444(4501KB) AllocSpace objects, 9(360KB) LOS objects, 49% free, 8221KB/16MB, paused 96us,19us total 75.836ms
10-28 15:33:44.115  2617  2628 W System  : A resource failed to call close.
10-28 15:33:44.567  2523  2540 D Benchmark: Killing process org.nayestane.ustad
10-28 15:33:44.567  2523  2540 D UiDevice: Executing shell command: killall org.nayestane.ustad
10-28 15:33:44.596  1495  1688 W MediaProvider: isAppCloneUserPair for user 0: false
10-28 15:33:44.598  1495  1688 V MediaProvider: Inserted id:1000000031 less than next row id backup:1000001000.
10-28 15:33:44.644   582   995 I PackageDexOptimizer: Running dexopt (dexoptNeeded=-3) on: /data/app/~~ZJQ7sXylsANplpuIJprZpw==/org.nayestane.ustad-MZAU5CLP1yOCe01YQZ7TaA==/base.apk pkg=org.nayestane.ustad isa=x86_64 dexoptFlags=boot_complete,profile_guided,force,enable_hidden_api_checks targetFilter=speed-profile oatDir=/data/app/~~ZJQ7sXylsANplpuIJprZpw==/org.nayestane.ustad-MZAU5CLP1yOCe01YQZ7TaA==/oat classLoaderContext=PCL[]{PCL[/system_ext/framework/androidx.window.extensions.jar]#PCL[/system_ext/framework/androidx.window.sidecar.jar]}
10-28 15:33:44.646   502   665 V installd: DexInv: --- BEGIN '/data/app/~~ZJQ7sXylsANplpuIJprZpw==/org.nayestane.ustad-MZAU5CLP1yOCe01YQZ7TaA==/base.apk' ---
10-28 15:33:44.646   502   665 V installd: Running /apex/com.android.art/bin/dex2oat64 in=base.apk out=/data/app/~~ZJQ7sXylsANplpuIJprZpw==/org.nayestane.ustad-MZAU5CLP1yOCe01YQZ7TaA==/oat/x86_64/base.odex
10-28 15:33:44.664  2864  2864 W dex2oat64: Unexpected CPU variant for x86: x86_64.
10-28 15:33:44.664  2864  2864 W dex2oat64: Known variants: atom, sandybridge, silvermont, kabylake, default
10-28 15:33:44.666  2864  2864 W dex2oat64: Mismatch between dex2oat instruction set features to use (ISA: X86_64 Feature string: -ssse3,-sse4.1,-sse4.2,-avx,-avx2,-popcnt) and those from CPP defines (ISA: X86_64 Feature string: ssse3,sse4.1,sse4.2,-avx,-avx2,popcnt) for the command line:
10-28 15:33:44.666  2864  2864 W dex2oat64: /apex/com.android.art/bin/dex2oat64 --zip-fd=8 --zip-location=base.apk --oat-fd=9 --oat-location=/data/app/~~ZJQ7sXylsANplpuIJprZpw==/org.nayestane.ustad-MZAU5CLP1yOCe01YQZ7TaA==/oat/x86_64/base.odex --input-vdex-fd=11 --output-vdex-fd=10 --app-image-fd=14 --image-format=lz4 --profile-file-fd=13 --swap-fd=12 --classpath-dir=/data/app/~~ZJQ7sXylsANplpuIJprZpw==/org.nayestane.ustad-MZAU5CLP1yOCe01YQZ7TaA== --class-loader-context=PCL[]{PCL[/system_ext/framework/androidx.window.extensions.jar]#PCL[/system_ext/framework/androidx.window.sidecar.jar]} --instruction-set=x86_64 --instruction-set-features=default --instruction-set-variant=x86_64 --compiler-filter=speed-profile --compilation-reason=cmdline --max-image-block-size=524288 --resolve-startup-const-strings=true --generate-mini-debug-info --runtime-arg -Xtarget-sdk-version:34 --runtime-arg -Xhidden-api-policy:enabled --runtime-arg -Xms64m --runtime-arg -Xmx512m
10-28 15:33:44.672  2864  2864 I dex2oat64: /apex/com.android.art/bin/dex2oat64 --input-vdex-fd=11 --output-vdex-fd=10 --profile-file-fd=13 --classpath-dir=/data/app/~~ZJQ7sXylsANplpuIJprZpw==/org.nayestane.ustad-MZAU5CLP1yOCe01YQZ7TaA== --class-loader-context=PCL[]{PCL[/system_ext/framework/androidx.window.extensions.jar]#PCL[/system_ext/framework/androidx.window.sidecar.jar]} --compiler-filter=speed-profile --compilation-reason=cmdline --max-image-block-size=524288 --resolve-startup-const-strings=true --generate-mini-debug-info
10-28 15:33:48.208   870   976 D EGL_emulation: app_time_stats: avg=9873.74ms min=16.83ms max=19730.65ms count=2
10-28 15:33:48.733  2864  2867 W dex2oat64: Accessing hidden method Landroid/window/BackEvent;->getProgress()F (blocked, linking, denied)
10-28 15:33:48.733  2864  2867 W dex2oat64: Accessing hidden method Landroid/window/BackEvent;->getSwipeEdge()I (blocked, linking, denied)
10-28 15:33:48.733  2864  2867 W dex2oat64: Accessing hidden method Landroid/window/BackEvent;->getTouchX()F (blocked, linking, denied)
10-28 15:33:48.733  2864  2867 W dex2oat64: Accessing hidden method Landroid/window/BackEvent;->getTouchY()F (blocked, linking, denied)
10-28 15:33:48.971  2864  2864 W dex2oat64: Method java.lang.Object androidx.compose.runtime.snapshots.SnapshotStateMap.mutate(kotlin.jvm.functions.Function1) failed lock verification and will run slower.
10-28 15:33:48.971  2864  2864 W dex2oat64: Common causes for lock verification issues are non-optimized dex code
10-28 15:33:48.971  2864  2864 W dex2oat64: and incorrect proguard optimizations.
10-28 15:33:48.972  2864  2864 W dex2oat64: Method void androidx.compose.runtime.snapshots.SnapshotStateMap.update(kotlin.jvm.functions.Function1) failed lock verification and will run slower.
10-28 15:33:48.972  2864  2864 W dex2oat64: Method boolean androidx.compose.runtime.snapshots.SnapshotStateMap.removeIf$runtime_release(kotlin.jvm.functions.Function1) failed lock verification and will run slower.
10-28 15:33:48.990  2864  2867 W dex2oat64: Method boolean androidx.compose.runtime.snapshots.SnapshotStateList.conditionalUpdate(boolean, kotlin.jvm.functions.Function1) failed lock verification and will run slower.
10-28 15:33:48.990  2864  2867 W dex2oat64: Method boolean androidx.compose.runtime.snapshots.SnapshotStateList.conditionalUpdate$default(androidx.compose.runtime.snapshots.SnapshotStateList, boolean, kotlin.jvm.functions.Function1, int, java.lang.Object) failed lock verification and will run slower.
10-28 15:33:48.990  2864  2867 W dex2oat64: Method java.lang.Object androidx.compose.runtime.snapshots.SnapshotStateList.mutate(kotlin.jvm.functions.Function1) failed lock verification and will run slower.
10-28 15:33:48.990  2864  2867 W dex2oat64: Method void androidx.compose.runtime.snapshots.SnapshotStateList.update(boolean, kotlin.jvm.functions.Function1) failed lock verification and will run slower.
10-28 15:33:48.991  2864  2867 W dex2oat64: Method void androidx.compose.runtime.snapshots.SnapshotStateList.update$default(androidx.compose.runtime.snapshots.SnapshotStateList, boolean, kotlin.jvm.functions.Function1, int, java.lang.Object) failed lock verification and will run slower.
10-28 15:33:50.292  2864  2864 I dex2oat64: Explicit concurrent copying GC freed 197116(31MB) AllocSpace objects, 0(0B) LOS objects, 49% free, 2157KB/4315KB, paused 14us,2us total 7.933ms
10-28 15:33:50.644  2864  2864 I dex2oat64: dex2oat took 5.980s (9.427s cpu) (threads: 4) arena alloc=9442KB (9669208B) java alloc=2157KB (2209576B) native alloc=22MB (23483696B) free=145MB (152802144B)
10-28 15:33:50.674   502   665 V installd: DexInv: --- END '/data/app/~~ZJQ7sXylsANplpuIJprZpw==/org.nayestane.ustad-MZAU5CLP1yOCe01YQZ7TaA==/base.apk' (success) ---
10-28 15:33:50.731  1495  2589 W MediaProvider: isAppCloneUserPair for user 0: false
10-28 15:33:50.732  1495  2589 V MediaProvider: Inserted id:1000000032 less than next row id backup:1000001000.
10-28 15:33:51.144  2884  2884 W profman : profman took 381.835ms
10-28 15:33:51.165  1495  2561 W MediaProvider: isAppCloneUserPair for user 0: false
10-28 15:33:51.165  1495  2561 V MediaProvider: Inserted id:1000000033 less than next row id backup:1000001000.
10-28 15:33:51.282  1495  1688 I MediaProvider: Deleted 0 0 0 0 0 0 0 items on external_primary due to com.ustadmobile.app_android_baselineprofile
10-28 15:33:51.958  2523  2540 D Benchmark: Unstable profiles during iteration 2
10-28 15:33:51.958  2523  2540 D Benchmark: Killing package org.nayestane.ustad
10-28 15:33:51.958  2523  2540 D Benchmark: Killing process org.nayestane.ustad
10-28 15:33:51.958  2523  2540 D UiDevice: Executing shell command: killall org.nayestane.ustad
10-28 15:33:51.970  2523  2540 D Benchmark: Compile iteration (3) for org.nayestane.ustad
10-28 15:33:51.970  2523  2540 D UiDevice: Pressing home button.
10-28 15:33:51.993   870   870 V ShadeControllerImpl: NotificationShadeWindow: com.android.systemui.shade.NotificationShadeWindowView{963422f I.E...... ......ID 0,0-320,640} canPanelBeCollapsed(): false
10-28 15:33:51.999  1133  1133 D TaplTarget: Launcher.onNewIntent: Intent { act=android.intent.action.MAIN cat=[android.intent.category.HOME] flg=0x10400100 cmp=com.android.launcher3/.uioverrides.QuickstepLauncher (has extras) }
10-28 15:33:52.002   870   870 V ShadeControllerImpl: NotificationShadeWindow: com.android.systemui.shade.NotificationShadeWindowView{963422f I.E...... ......ID 0,0-320,640} canPanelBeCollapsed(): false
10-28 15:33:52.020   422   465 W TransactionTracing: Could not find layer handle 0x7b315a687f30
10-28 15:33:52.020   422   422 I BpBinder: onLastStrongRef automatically unlinking death recipients: <uncached descriptor>
10-28 15:33:52.043  1495  2561 W MediaProvider: isAppCloneUserPair for user 0: false
10-28 15:33:52.043   870   976 D EGL_emulation: app_time_stats: avg=3835.71ms min=3835.71ms max=3835.71ms count=1
10-28 15:33:52.044  1495  2561 V MediaProvider: Inserted id:1000000034 less than next row id backup:1000001000.
10-28 15:33:52.074   422   465 W TransactionTracing: Could not find layer handle 0x7b315a689c10
10-28 15:33:52.085  2523  2540 I System.out: 0 Flags,FrameTimelineVsyncId,IntendedVsync,Vsync,InputEventId,HandleInputStart,AnimationStart,PerformTraversalsStart,DrawStart,FrameDeadline,FrameInterval,FrameStartTime,SyncQueued,SyncStart,IssueDrawCommandsStart,SwapBuffers,FrameCompleted,DequeueBufferDuration,QueueBufferDuration,GpuCompleted,SwapBuffersCompleted,DisplayPresentTime,CommandSubmissionCompleted,
10-28 15:33:52.085  2523  2540 I System.out: 1 1,4069,288651344601,288651344601,0,288651601036,288651602316,288651602546,288683725355,288668011267,288651598156,16666666,288684365495,288684468325,288684521615,288684623675,288685441625,2320,397220,288685389565,288685441625,288704240641,288684623675,
10-28 15:33:52.085  2523  2540 I System.out: 2 0,4110,288668011267,288684677933,0,288691783977,288691784837,288700016559,288700038989,288718011265,288691781817,16666666,288700871200,288701198670,288701237110,288701338900,288718155034,2840,110400,288718155034,288704814641,288720830115,288701338900,
10-28 15:33:52.085  2523  2540 I System.out: 3 0,4182,288701344599,288701344599,0,288704365541,288704365941,288759982936,288760015476,288751344597,288704364601,16666666,288797367676,288797402246,288797457256,288797526576,288801511518,3270,329720,288801511518,288798276547,288807700259,288797526576,
10-28 15:33:52.085  2523  2540 I System.out: 4 0,4223,288718011265,288801344595,0,288802722798,288802723108,288832067156,288832091006,288834677927,288802721068,16666666,288847082350,288847150280,288847219310,288847619870,288851480221,3020,239231,288851480221,288848366801,288855750693,288847619870,
10-28 15:33:52.085  2523  2540 I System.out: 5 0,4385,288818011261,288851344593,0,288854881672,288854882432,288861418644,288861441044,288884677925,288854878662,16666666,288863917695,288863959915,288864014165,288864898395,288951459589,3540,103880,288951459589,288938145275,289074971403,288864898395,
10-28 15:33:52.085  2523  2540 I System.out: 6 0,4465,288868011259,288868011259,0,288868196966,288868197316,288889538572,288889571742,288984677921,288868195506,16666666,288896912634,288938244766,288938296416,288941389726,289075275234,3974862,138640,289075050404,289075275234,289078790255,288941389726,
10-28 15:33:52.085  2523  2540 I System.out: 7 0,4482,288884677925,288951344589,0,288966825993,288966826303,288981570578,288981603818,289101344583,288966823933,16666666,288983912798,289075393054,289078677205,289080220165,289081884325,2970,188050,289081839845,289081884325,289086025217,289080220165,
10-28 15:33:52.085  2523  2540 I System.out: 8 0,4569,288968011255,289068011251,0,289076483834,289076484294,289081916995,289081945645,289118011249,289076482054,16666666,289084688916,289084724036,289086120027,289087982547,289098569210,3300,132460,289098569210,289089195967,289103604081,289087982547,
10-28 15:33:52.085  2523  2540 I System.out: 9 0,4598,289084677917,289084677917,0,289094136469,289094137159,289094920209,289096493619,289134677915,289094134689,16666666,289096643880,289096698510,289096759070,289097096480,289104304282,5672732,239140,289101466521,289104304282,289121223456,289097096480,
10-28 15:33:52.085  2523  2540 I System.out: 10 0,4615,289101344583,289101344583,0,289102407231,289102407591,289103841442,289103864972,289151344581,289102405401,16666666,289105424522,289105460642,289105516532,289105810012,289121477886,14579584,118710,289118168615,289121477886,289137976051,289105810012,
10-28 15:33:52.085  2523  2540 I System.out: 11 0,4635,289118011249,289118011249,0,289118322476,289118323226,289119695396,289119722006,289168011247,289118319556,16666666,289121775236,289121829987,289121880327,289122234867,289138284531,14879134,108150,289134824990,289138284531,289154268426,289122234867,
10-28 15:33:52.085  2523  2540 I System.out: 12 0,4664,289134677915,289134677915,0,289134893550,289134894120,289139719441,289139751631,289184677913,289134890650,16666666,289142423512,289142718102,289142772382,289143141122,289154458606,9513823,524360,289144890143,289154458606,289170730090,289143141122,
10-28 15:33:52.085  2523  2540 I System.out: 13 0,4686,289151344581,289151344581,0,289151734195,289151734355,289154755886,289154781156,289201344579,289151732515,16666666,289156380336,289156418396,289156473316,289156870056,289170965450,13047063,201971,289168156349,289170965450,289187195145,289156870056,
10-28 15:33:52.085  2523  2540 I System.out: 14 0,4698,289168011247,289168011247,0,289168279899,289168280599,289170912370,289170945940,289218011245,289168277449,16666666,289174283571,289174361431,289174414521,289174791471,289187363585,11604814,125690,289184814324,289187363585,289204071139,289174791471,
10-28 15:33:52.085  2523  2540 I System.out: 15 0,4710,289184677913,289184677913,0,289185451484,289185451704,289188462695,289188489495,289234677911,289185449684,16666666,289190431376,289190492126,289190539996,289191097826,289204225049,12172693,166940,289201460969,289204225049,289220835454,289191097826,
10-28 15:33:52.085  2523  2540 I System.out: 16 0,4731,289201344579,289201344579,0,289204405109,289204405499,289204968400,289204992680,289251344577,289204402989,16666666,289205077860,289205114490,289205157310,289205570250,289220900174,13956744,104730,289206881440,289220900174,0,289205570250,
10-28 15:33:52.085  2523  2540 I System.out: 17 0,4746,289218011245,289218011245,0,289218295113,289218295833,289219236844,289219260624,289268011243,289218291943,16666666,289222397494,289222441234,289222484204,289222877095,289237660749,13842434,223070,289223756835,289237660749,0,289222877095,
10-28 15:33:52.085  2523  2540 I System.out: 18 0,4761,289234677911,289234677911,0,289234879498,289234880098,289239736829,289239762519,289284677909,289234877318,16666666,289242718970,289242773560,289242819330,289243328780,289253638943,9335892,181791,289251502443,289253638943,0,289243328780,
10-28 15:33:52.085  2523  2540 I System.out: 19 0,4776,289251344577,289251344577,0,289251553153,289251553803,289253751013,289253775683,289301344575,289251551323,16666666,289254515163,289254561653,289254612733,289255070734,289270291848,14327104,219070,289268150507,289270291848,0,289255070734,
10-28 15:33:52.085  2523  2540 I System.out: 20 8,4798,289268011243,289268011243,0,289268269397,289268270087,289268270297,289268302197,289284677909,289268267237,16666666,289268316507,289270325268,0,0,0,0,0,0,0,0,0,
10-28 15:33:52.086  2523  2540 D Benchmark: Starting activity with command: am start  -W "intent:#Intent;action=android.intent.action.MAIN;category=android.intent.category.LAUNCHER;launchFlags=0x10008000;package=org.nayestane.ustad;component=org.nayestane.ustad/com.ustadmobile.port.android.view.AppActivity;end"
10-28 15:33:52.088  1495  2589 W MediaProvider: isAppCloneUserPair for user 0: false
10-28 15:33:52.088  1495  2589 V MediaProvider: Inserted id:1000000035 less than next row id backup:1000001000.
10-28 15:33:52.124   870   926 D SplashScreenView: Build android.window.SplashScreenView{69ef187 V.E...... ......ID 0,0-0,0}
10-28 15:33:52.124   870   926 D SplashScreenView: Icon: view: null drawable: null size: 0
10-28 15:33:52.124   870   926 D SplashScreenView: Branding: view: android.view.View{4ae28b4 G.ED..... ......I. 0,0-0,0 #10204db android:id/splashscreen_branding_view} drawable: null size w: 0 h: 0
10-28 15:33:52.125  2617  2617 D AppActivity$onDestroy: AppActivity#onDestroy
10-28 15:33:52.128   582   995 W InputManager-JNI: Input channel object '48bbbf5 org.nayestane.ustad/com.ustadmobile.port.android.view.AppActivity (client)' was disposed without first being removed with the input manager!
