10-28 15:38:47.642  2523  2540 I System.out: 1 1,18750,584617999429,584634666095,0,584636082511,584636082871,584636083111,584654226066,584634666095,584636080831,16666666,584655269956,584655417276,584655495446,584655684706,584656306396,2520,226260,584656274146,584656306396,-2,584655684706,
10-28 15:38:47.642  2523  2540 I System.out: 2 0,18808,584651332761,584651332761,0,584660506897,584660507327,584665272949,584665294849,584684666093,584660505477,16666666,584665790199,584665807519,584665827069,584665906549,584666638819,2180,337340,584666618879,584666638819,584670074440,584665906549,
10-28 15:38:47.642  2523  2540 I System.out: 3 0,18858,584667999427,584667999427,0,584674006211,584674006661,584695927097,584695953807,584701332759,584674004351,16666666,584703116539,584704432620,584704487200,584704558090,584718122203,2530,116880,584718122203,584705086250,584720322614,584704558090,
10-28 15:38:47.642  2523  2540 I System.out: 4 0,18901,584684666093,584701332759,0,584709988491,584709988781,584722710315,584722733975,584751332757,584709987231,16666666,584731303267,584731360277,584731422497,584731941237,584734868658,2840,160810,584734868658,584732739987,584739280779,584731941237,
10-28 15:38:47.642  2523  2540 I System.out: 5 0,18980,584717999425,584717999425,0,584732567027,584732567297,584734165378,584734187038,584767999423,584732565437,16666666,584736655769,584737230469,584737305769,584739664599,584749766212,3250,94450,584749766212,584741079060,584755434964,584739664599,
10-28 15:38:47.642  2523  2540 I System.out: 6 0,19016,584734666091,584734666091,0,584745441421,584745441911,584747228921,584747252491,584784666089,584745439441,16666666,584748575312,584748605472,584748648302,584749233762,584755845554,6039322,69750,584751497533,584755845554,584769867458,584749233762,
10-28 15:38:47.642  2523  2540 I System.out: 7 0,19046,584751332757,584751332757,0,584755489994,584755490554,584757788504,584757816884,584801332755,584755487444,16666666,584759500565,584759549165,584759598635,584760367115,584769486128,8417923,71350,584768098017,584769486128,584786717092,584760367115,
10-28 15:38:47.642  2523  2540 I System.out: 8 0,19088,584767999423,584767999423,0,584768179777,584768179967,584770405278,584770426188,584817999421,584768177737,16666666,584771662638,584771701248,584771756928,584772594429,584785924082,12545183,99060,584773348879,584785924082,584804045337,584772594429,
10-28 15:38:47.642  2523  2540 I System.out: 9 0,19124,584784666089,584784666089,0,584784891442,584784891692,584787895903,584787922833,584834666087,584784890442,16666666,584789869403,584789959133,584790018343,584791476244,584804602807,12133243,109510,584801428887,584804602807,584820773262,584791476244,
10-28 15:38:47.642  2523  2540 I System.out: 10 0,19160,584801332755,584801332755,0,584802598797,584802599257,584806417148,584806444568,584851332753,584802597017,16666666,584808389218,584808458098,584808512548,584809545919,584820935672,10438493,131760,584810459689,584820935672,584836507196,584809545919,
10-28 15:38:47.642  2523  2540 I System.out: 11 0,19196,584817999421,584817999421,0,584818492341,584818492471,584820599922,584820620362,584867999419,584818491491,16666666,584822207762,584822272552,584822326812,584823468273,584835896056,11429513,128770,584824416473,584835896056,584853530741,584823468273,
10-28 15:38:47.642  2523  2540 I System.out: 12 0,19232,584834666087,584834666087,0,584841926908,584841927208,584848703610,584848726020,584884666085,584841925088,16666666,584851318690,584851348630,584852133391,584855488762,584859316543,2190,68000,584859316543,584856422422,584874415367,584855488762,
10-28 15:38:47.643  2523  2540 I System.out: 13 0,19268,584851332753,584851332753,0,584853746471,584853746711,584857045162,584857065052,584901332751,584853745721,16666666,584857989212,584858015582,584858053122,584858612942,584874235497,14352554,82320,584868174625,584874235497,584889473481,584858612942,
10-28 15:38:47.643  2523  2540 I System.out: 14 0,19304,584867999419,584867999419,0,584868652295,584868652565,584871695356,584871725846,584917999417,584868651135,16666666,584874206187,584874269117,584874335747,584875104607,584888761431,12666844,111320,584876048007,584888761431,584906206036,584875104607,
10-28 15:38:47.643  2523  2540 I System.out: 15 0,19333,584884666085,584884666085,0,584884900110,584884900260,584886993930,584887016490,584934666083,584884899630,16666666,584888326991,584888783161,584888827221,584890360791,584906463716,14924814,129121,584901483074,584906463716,584922231040,584890360791,
10-28 15:38:47.643  2523  2540 I System.out: 16 0,19362,584901332751,584901332751,0,584904394435,584904394955,584907150636,584907177426,584951332749,584904392155,16666666,584908684576,584908724786,584908783146,584909749837,584922510140,11785023,112580,584918143479,584922510140,584936588404,584909749837,
10-28 15:38:47.643  2523  2540 I System.out: 17 0,19398,584917999417,584917999417,0,584918890329,584918890599,584920268200,584920281250,584967999415,584918889389,16666666,584921296130,584922537410,584922593870,584923505080,584936834234,12023283,85080,584934764584,584936834234,584953452899,584923505080,
10-28 15:38:47.643  2523  2540 I System.out: 18 0,19420,584934666083,584934666083,0,584934850034,584934850424,584937046874,584937066864,584984666081,584934847614,16666666,584938020214,584938058764,584938110744,584938832535,584953755389,14180144,78580,584951466838,584953755389,584970363503,584938832535,
10-28 15:38:47.643  2523  2540 I System.out: 19 0,19442,584951332749,584951332749,0,584951595178,584951595558,584954149739,584954176229,585001332747,584951593858,16666666,584955539129,584955580429,584955627559,584956513700,584970588673,13016453,112740,584968138793,584970588673,584987406248,584956513700,
10-28 15:38:47.643  2523  2540 I System.out: 20 0,19464,584967999415,584967999415,0,584968364973,584968365183,584970409333,584970433743,585017999413,584968364003,16666666,584971560864,584971602044,584971656744,584972355734,584987665678,14367274,125850,584984827267,584987665678,585002248582,584972355734,
10-28 15:38:47.643  2523  2540 I System.out: 21 0,19486,584984666081,584984666081,0,584984842047,584984842447,584986852988,584986880558,585034666079,584984839247,16666666,584988089318,584988122638,584988167938,584988951149,585003210173,13122884,250820,585001453302,585003210173,585019235287,584988951149,
10-28 15:38:47.643  2523  2540 I System.out: 22 0,19522,585001332747,585001332747,0,585001554832,585001554932,585003576623,585003600673,585051332745,585001554282,16666666,585005039183,585005075083,585005108813,585005994603,585020175957,12905123,115620,585018150237,585020175957,585036291962,585005994603,
10-28 15:38:47.643  2523  2540 I System.out: 23 0,19530,585017999413,585017999413,0,585018206057,585018206507,585018821597,585018847957,585067999411,585018204237,16666666,585020031627,585020217227,585020274927,585020543177,585036687142,15138894,177440,585021511368,585036687142,585052305936,585020543177,
10-28 15:38:47.643  2523  2540 I System.out: 24 0,19548,585034666079,585034666079,0,585034854681,585034855031,585036999722,585037021342,585084666077,585034853701,16666666,585038198082,585038237122,585038278852,585038640662,585052565146,13134203,133360,585039359623,585052565146,585069435521,585038640662,
10-28 15:38:47.643  2523  2540 I System.out: 25 0,19560,585051332745,585051332745,0,585051499436,585051499836,585053341356,585053363596,585101332743,585051498436,16666666,585054290417,585054332937,585054369347,585054740667,585069876091,14158654,100810,585068099451,585069876091,585086527456,585054740667,
10-28 15:38:47.643  2523  2540 I System.out: 26 0,19575,585067999411,585067999411,0,585068175231,585068175741,585068808951,585068825971,585117999409,585068174041,16666666,585070074821,585070154231,585070199171,585070539441,585086337106,15021335,123570,585071269761,585086337106,585102584470,585070539441,
10-28 15:38:47.643  2523  2540 I System.out: 27 0,19597,585084666077,585084666077,0,585084872575,585084873025,585085670375,585085702275,585134666075,585084870475,16666666,585086850916,585086890326,585086931686,585087320576,585103026890,14957534,115330,585101447030,585103026890,585119795715,585087320576,
10-28 15:38:47.643  2523  2540 I System.out: 28 0,19612,585101332743,585101332743,0,585101505550,585101506190,585101807590,585101830020,585151332741,585101504280,16666666,585101877490,585103053960,585103101090,585103565390,585119628445,15133474,89360,585118133184,585119628445,0,585103565390,
10-28 15:38:47.643  2523  2540 I System.out: 29 0,19620,585117999409,585117999409,0,585118193684,585118194074,585118609895,585118627385,585167999407,585118192304,16666666,585120641845,585120700355,585120741415,585121135025,585136865970,14815794,82720,585134785789,585136865970,0,585121135025,
10-28 15:38:47.643  2523  2540 I System.out: 30 0,19649,585134666075,585134666075,0,585135292859,585135293079,585138699470,585138729510,585184666073,585135291639,16666666,585140521011,585140581071,585140628661,585141086831,585152447154,10532403,153110,585141874091,585152447154,0,585141086831,
10-28 15:38:47.643  2523  2540 I System.out: 31 0,19678,585151332741,585151332741,0,585151869934,585151870134,585152844654,585153462024,585201332739,585151869154,16666666,585153603964,585153665114,585153712064,585154175054,585169241009,14078044,176960,585168077188,585169241009,0,585154175054,
10-28 15:38:47.644  2523  2540 D Benchmark: Starting activity with command: am start  -W "intent:#Intent;action=android.intent.action.MAIN;category=android.intent.category.LAUNCHER;launchFlags=0x10008000;package=org.nayestane.ustad;component=org.nayestane.ustad/com.ustadmobile.port.android.view.AppActivity;end"
10-28 15:38:47.645  1495  1688 W MediaProvider: isAppCloneUserPair for user 0: false
10-28 15:38:47.646  1495  1688 V MediaProvider: Inserted id:1000000107 less than next row id backup:1000001000.
10-28 15:38:47.712   870   926 D SplashScreenView: Build android.window.SplashScreenView{2fb89ee V.E...... ......ID 0,0-0,0}
10-28 15:38:47.712   870   926 D SplashScreenView: Icon: view: null drawable: null size: 0
10-28 15:38:47.712   870   926 D SplashScreenView: Branding: view: android.view.View{5346e8f G.ED..... ......I. 0,0-0,0 #10204db android:id/splashscreen_branding_view} drawable: null size w: 0 h: 0
10-28 15:38:47.741  2617  2617 D AppActivity$onDestroy: AppActivity#onDestroy
10-28 15:38:47.742   870   976 W Parcel  : Expecting binder but got null!
10-28 15:38:47.751   582   995 W InputManager-JNI: Input channel object '85691d2 org.nayestane.ustad/com.ustadmobile.port.android.view.AppActivity (client)' was disposed without first being removed with the input manager!
10-28 15:38:47.765  2617  2617 W CustomTabsClient: Unable to find any Custom Tabs packages, you may need to add a <queries> element to your manifest. See the docs for CustomTabsClient#getPackageName.
10-28 15:38:47.765  2617  2617 W AppActivity$bindCustomTabsService: CustomTabs: Service NOT supported
10-28 15:38:47.779  2617  2617 D AutofillManager: Fill dialog is enabled:false, hints=[]
10-28 15:38:47.796  2617  2617 W OnBackInvokedCallback: OnBackInvokedCallback is not enabled for the application.
10-28 15:38:47.796  2617  2617 W OnBackInvokedCallback: Set 'android:enableOnBackInvokedCallback="true"' in the application manifest.
10-28 15:38:47.810   582  1645 D ConnectivityService: requestNetwork for uid/pid:10126/2617 activeRequest: null callbackRequest: 74 [NetworkRequest [ REQUEST id=75, [ Capabilities: INTERNET&NOT_RESTRICTED&TRUSTED&NOT_VCN_MANAGED Uid: 10126 RequestorUid: 10126 RequestorPkg: org.nayestane.ustad UnderlyingNetworks: Null] ]] callback flags: 0 order: 2147483647
10-28 15:38:47.810   582   809 D ConnectivityService: NetReassign [75 : null → 100]
10-28 15:38:47.812   582   802 D WifiNetworkFactory: got request NetworkRequest [ REQUEST id=75, [ Capabilities: INTERNET&NOT_RESTRICTED&TRUSTED&NOT_VCN_MANAGED Uid: 10126 RequestorUid: 10126 RequestorPkg: org.nayestane.ustad UnderlyingNetworks: Null] ]
10-28 15:38:47.812   582   802 D UntrustedWifiNetworkFactory: got request NetworkRequest [ REQUEST id=75, [ Capabilities: INTERNET&NOT_RESTRICTED&TRUSTED&NOT_VCN_MANAGED Uid: 10126 RequestorUid: 10126 RequestorPkg: org.nayestane.ustad UnderlyingNetworks: Null] ]
10-28 15:38:47.812   582   802 D OemPaidWifiNetworkFactory: got request NetworkRequest [ REQUEST id=75, [ Capabilities: INTERNET&NOT_RESTRICTED&TRUSTED&NOT_VCN_MANAGED Uid: 10126 RequestorUid: 10126 RequestorPkg: org.nayestane.ustad UnderlyingNetworks: Null] ]
10-28 15:38:47.812   582   802 D MultiInternetWifiNetworkFactory: got request NetworkRequest [ REQUEST id=75, [ Capabilities: INTERNET&NOT_RESTRICTED&TRUSTED&NOT_VCN_MANAGED Uid: 10126 RequestorUid: 10126 RequestorPkg: org.nayestane.ustad UnderlyingNetworks: Null] ]
10-28 15:38:47.835  2617  2669 W Parcel  : Expecting binder but got null!
10-28 15:38:47.848   582   602 I ActivityTaskManager: Displayed org.nayestane.ustad/com.ustadmobile.port.android.view.AppActivity: +137ms
10-28 15:38:47.863  2617  2617 D UstadViewModelFunKt$ustadViewModel$viewModel$invoke: ustadViewModel(): create viewmodel for: com.ustadmobile.core.viewmodel.redirect.RedirectViewModel
10-28 15:38:47.864  2617  2617 I System.out: com.ustadmobile.core.db.UmAppDatabase_DoorWrapper@efea2f7
10-28 15:38:47.880  2617  2617 D UstadNavControllerPreCompose$onCollectNavCommand: NavCommandEffect: Navigate: Go to Login
10-28 15:38:47.893  2523  2540 D Benchmark: Result: Starting: Intent { act=android.intent.action.MAIN cat=[android.intent.category.LAUNCHER] flg=0x10008000 pkg=org.nayestane.ustad cmp=org.nayestane.ustad/com.ustadmobile.port.android.view.AppActivity }
10-28 15:38:47.893  2523  2540 D Benchmark: Status: ok
10-28 15:38:47.893  2523  2540 D Benchmark: LaunchState: WARM
10-28 15:38:47.893  2523  2540 D Benchmark: Activity: org.nayestane.ustad/com.ustadmobile.port.android.view.AppActivity
10-28 15:38:47.893  2523  2540 D Benchmark: TotalTime: 137
10-28 15:38:47.893  2523  2540 D Benchmark: WaitTime: 138
10-28 15:38:47.893  2523  2540 D Benchmark: Complete
10-28 15:38:47.895  2617  2617 D UstadViewModelFunKt$ustadViewModel$viewModel$invoke: ustadViewModel(): create viewmodel for: com.ustadmobile.core.viewmodel.login.LoginViewModel
10-28 15:38:47.910  2617  2719 V UstadCache: OKHttp-CacheInterceptor:  intercept: GET https://dars.nayestane.org/v2/Site/verify
10-28 15:38:47.910  2617  2719 I UstadCache: UstadCache(): Retrieve https://dars.nayestane.org/v2/Site/verify
10-28 15:38:47.911  2617  2719 D UstadCache: UstadCache(): FOUND https://dars.nayestane.org/v2/Site/verify
10-28 15:38:47.926  2617  2719 D TrafficStats: tagSocket(102) with statsTag=0xffffffff, statsUid=-1
10-28 15:38:47.932  1495  1681 W MediaProvider: isAppCloneUserPair for user 0: false
10-28 15:38:47.935  1495  1681 V MediaProvider: Inserted id:1000000108 less than next row id backup:1000001000.
10-28 15:38:47.988   422   465 W TransactionTracing: Could not find layer handle 0x7b315a686df0
10-28 15:38:48.026  2617  2719 D UstadCache: OKHttp-CacheInterceptor:  MISS(invalid) https://dars.nayestane.org/v2/Site/verify
10-28 15:38:48.026  2617  2719 D UstadCache: OKHttp-CacheInterceptor:  newCacheAndStoreResponse: GET https://dars.nayestane.org/v2/Site/verify 200 ()
10-28 15:38:48.026  2617  2719 V UstadCache: OKHttp-CacheInterceptor:  https://dars.nayestane.org/v2/Site/verify MISS(invalid) can store/update 200  (contentType=application/json; charset=UTF-8, content-encoding=null content-length=180)
10-28 15:38:48.032  2617  2730 D UstadCache: UstadCache(): storerequest 1 entries
10-28 15:38:48.034  2617  2730 V UstadCache: UstadCache(): copied request data for https://dars.nayestane.org/v2/Site/verify to /data/user/0/org.nayestane.ustad/files/httpfiles/tmpwork/15.tmp (integrity=sha256-VTW/47g5E/UMinnUcaDGC+8yXE8lgnmbnOjHxekFxd4=)
10-28 15:38:48.034  2617  2730 V UstadCache: UstadCache(): cacheEntries created 1 entries
10-28 15:38:48.035  2617  2730 D UstadCache: UstadCache(): deleting 1 tmp files
10-28 15:38:48.035  2617  2730 D UstadCache: UstadCache(): db transaction completed
10-28 15:38:48.095  1133  1133 W FrameTracker: Missed SF frame:PREDICTION_ERROR, 19844, 4573091, CUJ=J<LAUNCHER_APP_CLOSE_TO_HOME>
10-28 15:38:48.096  1133  1133 W FrameTracker: Missed SF frame:PREDICTION_ERROR, 19910, 6460758, CUJ=J<LAUNCHER_APP_CLOSE_TO_HOME>
10-28 15:38:48.096  1133  1133 W FrameTracker: Missed SF frame:PREDICTION_ERROR, 19940, 6363565, CUJ=J<LAUNCHER_APP_CLOSE_TO_HOME>
10-28 15:38:48.096  1133  1133 W FrameTracker: Missed SF frame:PREDICTION_ERROR, 19955, 6128873, CUJ=J<LAUNCHER_APP_CLOSE_TO_HOME>
10-28 15:38:48.096  1133  1133 W FrameTracker: Missed SF frame:PREDICTION_ERROR, 20049, 7925940, CUJ=J<LAUNCHER_APP_CLOSE_TO_HOME>
10-28 15:38:48.096  1133  1133 W FrameTracker: Missed SF frame:PREDICTION_ERROR, 20158, 5920834, CUJ=J<LAUNCHER_APP_CLOSE_TO_HOME>
10-28 15:38:48.096  1133  1133 W FrameTracker: Missed SF frame:PREDICTION_ERROR, 20259, 7098370, CUJ=J<LAUNCHER_APP_CLOSE_TO_HOME>
10-28 15:38:48.096  1133  1133 W FrameTracker: Missed SF frame:PREDICTION_ERROR, 20296, 8015929, CUJ=J<LAUNCHER_APP_CLOSE_TO_HOME>
10-28 15:38:48.096  1133  1133 W FrameTracker: Missed SF frame:PREDICTION_ERROR, 20338, 6687417, CUJ=J<LAUNCHER_APP_CLOSE_TO_HOME>
10-28 15:38:48.096  1133  1133 W FrameTracker: Missing SF jank callback for vsyncId: 20367, CUJ=J<LAUNCHER_APP_CLOSE_TO_HOME>
10-28 15:38:48.096  1133  1815 V PerfettoTrigger: Not triggering com.android.telemetry.interaction-jank-monitor-9 - not enough time since last trigger
10-28 15:38:48.099  2523  2540 I System.out: 0 Flags,FrameTimelineVsyncId,IntendedVsync,Vsync,InputEventId,HandleInputStart,AnimationStart,PerformTraversalsStart,DrawStart,FrameDeadline,FrameInterval,FrameStartTime,SyncQueued,SyncStart,IssueDrawCommandsStart,SwapBuffers,FrameCompleted,DequeueBufferDuration,QueueBufferDuration,GpuCompleted,SwapBuffersCompleted,DisplayPresentTime,CommandSubmissionCompleted,
10-28 15:38:48.099  2523  2540 I System.out: 1 1,20020,608667998467,608701331799,0,608707517137,608707520477,608707520747,608763556132,608684665133,608707479367,16666666,608764203873,608764495153,608764655413,608764999253,608765893073,7830,402490,608765822143,608765893073,559455612946,608764999253,
10-28 15:38:48.099  2523  2540 I System.out: 2 0,20114,608717998465,608767998463,0,608777348906,608777349226,608803461523,608803527563,608784665129,608777345896,16666666,608805122314,608806509164,608806612764,608806844124,608818369198,8360,314930,608818369198,608808186755,559471566191,608806844124,
10-28 15:38:48.099  2523  2540 I System.out: 3 0,20266,608801331795,608801331795,0,608813935276,608813935826,608874601503,608874660333,608851331793,608813933496,16666666,608897951020,608897993650,608898119700,608898288010,608899207050,2770,489670,608899169550,608899207050,559521748705,608898288010,
10-28 15:38:48.099  2523  2540 I System.out: 4 0,20309,608817998461,608901331791,0,608907646552,608907647022,608951844955,608951894365,608834665127,608907644532,16666666,608969936640,608970116120,608970374930,608972499590,559533850278,9650,360370,559533850278,608973569601,559537153639,608972499590,
10-28 15:38:48.100  2523  2540 D UiDevice: Waiting 10000ms for SearchCondition[hasObject=BySelector [TEXT='\QGet Started\E']].
10-28 15:38:48.100  2523  2540 D UiDevice: Searching for node with selector: BySelector [TEXT='\QGet Started\E'].
10-28 15:38:48.132   582  1659 W InputManager-JNI: Input channel object '9bf11b7 Splash Screen org.nayestane.ustad (client)' was disposed without first being removed with the input manager!
10-28 15:38:48.174   422   465 W TransactionTracing: Could not find layer handle 0x7b315a68d390
10-28 15:38:48.182   870   925 W FrameTracker: Missed SF frame:PREDICTION_ERROR, 20209, 0, CUJ=J<SPLASHSCREEN_EXIT_ANIM>
10-28 15:38:48.182   870   925 W FrameTracker: Missing HWUI jank callback for vsyncId: 20209, CUJ=J<SPLASHSCREEN_EXIT_ANIM>
10-28 15:38:48.182   870   925 W FrameTracker: Missed SF frame:PREDICTION_ERROR, 20288, 10538359, CUJ=J<SPLASHSCREEN_EXIT_ANIM>
10-28 15:38:48.182   870   925 W FrameTracker: Missed SF frame:PREDICTION_ERROR, 20331, 14761239, CUJ=J<SPLASHSCREEN_EXIT_ANIM>
10-28 15:38:48.182   870   925 W FrameTracker: Missed App frame:UNKNOWN: 24, 20389, 0, CUJ=J<SPLASHSCREEN_EXIT_ANIM>
10-28 15:38:48.182   870   925 W FrameTracker: Missed SF frame:UNKNOWN: 24, 20389, 0, CUJ=J<SPLASHSCREEN_EXIT_ANIM>
10-28 15:38:48.182   870   925 W FrameTracker: Missing HWUI jank callback for vsyncId: 20389, CUJ=J<SPLASHSCREEN_EXIT_ANIM>
10-28 15:38:48.182   870   925 W FrameTracker: Missed SF frame:UNKNOWN: 80, 20411, 0, CUJ=J<SPLASHSCREEN_EXIT_ANIM>
10-28 15:38:48.182   870   925 W FrameTracker: Missing HWUI jank callback for vsyncId: 20411, CUJ=J<SPLASHSCREEN_EXIT_ANIM>
10-28 15:38:48.182   870   925 W FrameTracker: Missed SF frame:UNKNOWN: 80, 20440, 23817716, CUJ=J<SPLASHSCREEN_EXIT_ANIM>
10-28 15:38:48.182   870   925 W FrameTracker: Missed SF frame:UNKNOWN: 80, 20462, 23508475, CUJ=J<SPLASHSCREEN_EXIT_ANIM>
10-28 15:38:48.182   870   925 W FrameTracker: Missed SF frame:UNKNOWN: 80, 20505, 29188575, CUJ=J<SPLASHSCREEN_EXIT_ANIM>
10-28 15:38:48.182   870   925 W FrameTracker: Missed SF frame:UNKNOWN: 80, 20527, 21651142, CUJ=J<SPLASHSCREEN_EXIT_ANIM>
10-28 15:38:48.182   870   925 W FrameTracker: Missed SF frame:UNKNOWN: 80, 20539, 20007060, CUJ=J<SPLASHSCREEN_EXIT_ANIM>
10-28 15:38:48.182   870   925 W FrameTracker: Missed SF frame:UNKNOWN: 80, 20567, 20300018, CUJ=J<SPLASHSCREEN_EXIT_ANIM>
10-28 15:38:48.182   870   925 W FrameTracker: Missed SF frame:UNKNOWN: 80, 20593, 20694917, CUJ=J<SPLASHSCREEN_EXIT_ANIM>
10-28 15:38:48.182   870   925 W FrameTracker: Missed SF frame:UNKNOWN: 80, 20615, 20031576, CUJ=J<SPLASHSCREEN_EXIT_ANIM>
10-28 15:38:48.182   870   925 W FrameTracker: Missed SF frame:UNKNOWN: 80, 20623, 0, CUJ=J<SPLASHSCREEN_EXIT_ANIM>
10-28 15:38:48.182   870   925 W FrameTracker: Missing HWUI jank callback for vsyncId: 20623, CUJ=J<SPLASHSCREEN_EXIT_ANIM>
10-28 15:38:48.182   870   915 V PerfettoTrigger: Not triggering com.android.telemetry.interaction-jank-monitor-39 - not enough time since last trigger
10-28 15:38:48.383  2523  2540 D UiDevice: Searching for node with selector: BySelector [TEXT='\QGet Started\E'].
10-28 15:38:48.978  2523  2540 D UiDevice: Searching for node with selector: BySelector [TEXT='\QGet Started\E'].
10-28 15:38:49.082  2523  2540 D UiDevice: Searching for node with selector: BySelector [TEXT='\QGet Started\E'].
10-28 15:38:49.187  2523  2540 D UiDevice: Searching for node with selector: BySelector [TEXT='\QGet Started\E'].
10-28 15:38:49.290  2523  2540 D UiDevice: Searching for node with selector: BySelector [TEXT='\QGet Started\E'].
10-28 15:38:49.394  2523  2540 D UiDevice: Searching for node with selector: BySelector [TEXT='\QGet Started\E'].
10-28 15:38:49.497  2523  2540 D UiDevice: Searching for node with selector: BySelector [TEXT='\QGet Started\E'].
10-28 15:38:49.601  2523  2540 D UiDevice: Searching for node with selector: BySelector [TEXT='\QGet Started\E'].
10-28 15:38:49.704  2523  2540 D UiDevice: Searching for node with selector: BySelector [TEXT='\QGet Started\E'].
10-28 15:38:49.807  2523  2540 D UiDevice: Searching for node with selector: BySelector [TEXT='\QGet Started\E'].
10-28 15:38:49.911  2523  2540 D UiDevice: Searching for node with selector: BySelector [TEXT='\QGet Started\E'].
10-28 15:38:50.015  2523  2540 D UiDevice: Searching for node with selector: BySelector [TEXT='\QGet Started\E'].
10-28 15:38:50.118  2523  2540 D UiDevice: Searching for node with selector: BySelector [TEXT='\QGet Started\E'].
10-28 15:38:50.221  2523  2540 D UiDevice: Searching for node with selector: BySelector [TEXT='\QGet Started\E'].
10-28 15:38:50.325  2523  2540 D UiDevice: Searching for node with selector: BySelector [TEXT='\QGet Started\E'].
10-28 15:38:50.428  2523  2540 D UiDevice: Searching for node with selector: BySelector [TEXT='\QGet Started\E'].
10-28 15:38:50.531  2523  2540 D UiDevice: Searching for node with selector: BySelector [TEXT='\QGet Started\E'].
10-28 15:38:50.634  2523  2540 D UiDevice: Searching for node with selector: BySelector [TEXT='\QGet Started\E'].
10-28 15:38:50.738  2523  2540 D UiDevice: Searching for node with selector: BySelector [TEXT='\QGet Started\E'].
10-28 15:38:50.841  2523  2540 D UiDevice: Searching for node with selector: BySelector [TEXT='\QGet Started\E'].
10-28 15:38:50.945  2523  2540 D UiDevice: Searching for node with selector: BySelector [TEXT='\QGet Started\E'].
10-28 15:38:51.048  2523  2540 D UiDevice: Searching for node with selector: BySelector [TEXT='\QGet Started\E'].
10-28 15:38:51.151  2523  2540 D UiDevice: Searching for node with selector: BySelector [TEXT='\QGet Started\E'].
10-28 15:38:51.254  2523  2540 D UiDevice: Searching for node with selector: BySelector [TEXT='\QGet Started\E'].
10-28 15:38:51.357  2523  2540 D UiDevice: Searching for node with selector: BySelector [TEXT='\QGet Started\E'].
10-28 15:38:51.460  2523  2540 D UiDevice: Searching for node with selector: BySelector [TEXT='\QGet Started\E'].
10-28 15:38:51.563  2523  2540 D UiDevice: Searching for node with selector: BySelector [TEXT='\QGet Started\E'].
10-28 15:38:51.666  2523  2540 D UiDevice: Searching for node with selector: BySelector [TEXT='\QGet Started\E'].
10-28 15:38:51.770  2523  2540 D UiDevice: Searching for node with selector: BySelector [TEXT='\QGet Started\E'].
10-28 15:38:51.874  2523  2540 D UiDevice: Searching for node with selector: BySelector [TEXT='\QGet Started\E'].
10-28 15:38:51.977  2523  2540 D UiDevice: Searching for node with selector: BySelector [TEXT='\QGet Started\E'].
10-28 15:38:52.080  2523  2540 D UiDevice: Searching for node with selector: BySelector [TEXT='\QGet Started\E'].
10-28 15:38:52.183  2523  2540 D UiDevice: Searching for node with selector: BySelector [TEXT='\QGet Started\E'].
10-28 15:38:52.287  2523  2540 D UiDevice: Searching for node with selector: BySelector [TEXT='\QGet Started\E'].
10-28 15:38:52.390  2523  2540 D UiDevice: Searching for node with selector: BySelector [TEXT='\QGet Started\E'].
10-28 15:38:52.494  2523  2540 D UiDevice: Searching for node with selector: BySelector [TEXT='\QGet Started\E'].
10-28 15:38:52.598  2523  2540 D UiDevice: Searching for node with selector: BySelector [TEXT='\QGet Started\E'].
10-28 15:38:52.701  2523  2540 D UiDevice: Searching for node with selector: BySelector [TEXT='\QGet Started\E'].
10-28 15:38:52.804  2523  2540 D UiDevice: Searching for node with selector: BySelector [TEXT='\QGet Started\E'].
10-28 15:38:52.908  2523  2540 D UiDevice: Searching for node with selector: BySelector [TEXT='\QGet Started\E'].
10-28 15:38:53.011  2523  2540 D UiDevice: Searching for node with selector: BySelector [TEXT='\QGet Started\E'].
10-28 15:38:53.115  2523  2540 D UiDevice: Searching for node with selector: BySelector [TEXT='\QGet Started\E'].
10-28 15:38:53.219  2523  2540 D UiDevice: Searching for node with selector: BySelector [TEXT='\QGet Started\E'].
10-28 15:38:53.322  2523  2540 D UiDevice: Searching for node with selector: BySelector [TEXT='\QGet Started\E'].
10-28 15:38:53.425  2523  2540 D UiDevice: Searching for node with selector: BySelector [TEXT='\QGet Started\E'].
10-28 15:38:53.529  2523  2540 D UiDevice: Searching for node with selector: BySelector [TEXT='\QGet Started\E'].
10-28 15:38:53.632  2523  2540 D UiDevice: Searching for node with selector: BySelector [TEXT='\QGet Started\E'].
10-28 15:38:53.736  2523  2540 D UiDevice: Searching for node with selector: BySelector [TEXT='\QGet Started\E'].
10-28 15:38:53.841  2523  2540 D UiDevice: Searching for node with selector: BySelector [TEXT='\QGet Started\E'].
10-28 15:38:53.945  2523  2540 D UiDevice: Searching for node with selector: BySelector [TEXT='\QGet Started\E'].
10-28 15:38:54.049  2523  2540 D UiDevice: Searching for node with selector: BySelector [TEXT='\QGet Started\E'].
10-28 15:38:54.153  2523  2540 D UiDevice: Searching for node with selector: BySelector [TEXT='\QGet Started\E'].
10-28 15:38:54.256  2523  2540 D UiDevice: Searching for node with selector: BySelector [TEXT='\QGet Started\E'].
10-28 15:38:54.360  2523  2540 D UiDevice: Searching for node with selector: BySelector [TEXT='\QGet Started\E'].
10-28 15:38:54.464  2523  2540 D UiDevice: Searching for node with selector: BySelector [TEXT='\QGet Started\E'].
10-28 15:38:54.568  2523  2540 D UiDevice: Searching for node with selector: BySelector [TEXT='\QGet Started\E'].
10-28 15:38:54.671  2523  2540 D UiDevice: Searching for node with selector: BySelector [TEXT='\QGet Started\E'].
10-28 15:38:54.775  2523  2540 D UiDevice: Searching for node with selector: BySelector [TEXT='\QGet Started\E'].
10-28 15:38:54.879  2523  2540 D UiDevice: Searching for node with selector: BySelector [TEXT='\QGet Started\E'].
10-28 15:38:54.982  2523  2540 D UiDevice: Searching for node with selector: BySelector [TEXT='\QGet Started\E'].
10-28 15:38:55.086  2523  2540 D UiDevice: Searching for node with selector: BySelector [TEXT='\QGet Started\E'].
10-28 15:38:55.190  2523  2540 D UiDevice: Searching for node with selector: BySelector [TEXT='\QGet Started\E'].
10-28 15:38:55.293  2523  2540 D UiDevice: Searching for node with selector: BySelector [TEXT='\QGet Started\E'].
10-28 15:38:55.396  2523  2540 D UiDevice: Searching for node with selector: BySelector [TEXT='\QGet Started\E'].
10-28 15:38:55.500  2523  2540 D UiDevice: Searching for node with selector: BySelector [TEXT='\QGet Started\E'].
10-28 15:38:55.603  2523  2540 D UiDevice: Searching for node with selector: BySelector [TEXT='\QGet Started\E'].
10-28 15:38:55.707  2523  2540 D UiDevice: Searching for node with selector: BySelector [TEXT='\QGet Started\E'].
10-28 15:38:55.810  2523  2540 D UiDevice: Searching for node with selector: BySelector [TEXT='\QGet Started\E'].
10-28 15:38:55.914  2523  2540 D UiDevice: Searching for node with selector: BySelector [TEXT='\QGet Started\E'].
10-28 15:38:56.017  2523  2540 D UiDevice: Searching for node with selector: BySelector [TEXT='\QGet Started\E'].
10-28 15:38:56.120  2523  2540 D UiDevice: Searching for node with selector: BySelector [TEXT='\QGet Started\E'].
10-28 15:38:56.224  2523  2540 D UiDevice: Searching for node with selector: BySelector [TEXT='\QGet Started\E'].
10-28 15:38:56.327  2523  2540 D UiDevice: Searching for node with selector: BySelector [TEXT='\QGet Started\E'].
10-28 15:38:56.431  2523  2540 D UiDevice: Searching for node with selector: BySelector [TEXT='\QGet Started\E'].
10-28 15:38:56.534  2523  2540 D UiDevice: Searching for node with selector: BySelector [TEXT='\QGet Started\E'].
10-28 15:38:56.638  2523  2540 D UiDevice: Searching for node with selector: BySelector [TEXT='\QGet Started\E'].
10-28 15:38:56.741  2523  2540 D UiDevice: Searching for node with selector: BySelector [TEXT='\QGet Started\E'].
10-28 15:38:56.844  2523  2540 D UiDevice: Searching for node with selector: BySelector [TEXT='\QGet Started\E'].
10-28 15:38:56.948  2523  2540 D UiDevice: Searching for node with selector: BySelector [TEXT='\QGet Started\E'].
10-28 15:38:57.051  2523  2540 D UiDevice: Searching for node with selector: BySelector [TEXT='\QGet Started\E'].
10-28 15:38:57.155  2523  2540 D UiDevice: Searching for node with selector: BySelector [TEXT='\QGet Started\E'].
10-28 15:38:57.258  2523  2540 D UiDevice: Searching for node with selector: BySelector [TEXT='\QGet Started\E'].
10-28 15:38:57.362  2523  2540 D UiDevice: Searching for node with selector: BySelector [TEXT='\QGet Started\E'].
10-28 15:38:57.465  2523  2540 D UiDevice: Searching for node with selector: BySelector [TEXT='\QGet Started\E'].
10-28 15:38:57.568  2523  2540 D UiDevice: Searching for node with selector: BySelector [TEXT='\QGet Started\E'].
10-28 15:38:57.672  2523  2540 D UiDevice: Searching for node with selector: BySelector [TEXT='\QGet Started\E'].
10-28 15:38:57.775  2523  2540 D UiDevice: Searching for node with selector: BySelector [TEXT='\QGet Started\E'].
10-28 15:38:57.878  2523  2540 D UiDevice: Searching for node with selector: BySelector [TEXT='\QGet Started\E'].
10-28 15:38:57.982  2523  2540 D UiDevice: Searching for node with selector: BySelector [TEXT='\QGet Started\E'].
10-28 15:38:58.085  2523  2540 D UiDevice: Searching for node with selector: BySelector [TEXT='\QGet Started\E'].
10-28 15:38:58.188  2523  2540 D UiDevice: Searching for node with selector: BySelector [TEXT='\QGet Started\E'].
10-28 15:38:59.192  2523  2540 D UiDevice: Retrieving node with selector: BySelector [TEXT='\QGet Started\E'].
10-28 15:38:59.195  2523  2540 D UiDevice: Node not found with selector: BySelector [TEXT='\QGet Started\E'].
10-28 15:39:00.029   870   976 D EGL_emulation: app_time_stats: avg=426.96ms min=4.82ms max=11581.01ms count=29
10-28 15:39:04.195  2523  2540 D Benchmark: Profile Installer - Save Profile
10-28 15:39:04.227  2617  2617 I Process : Sending signal. PID: 2617 SIG: 10
10-28 15:39:04.227  2617  2617 D ProfileInstaller:
10-28 15:39:04.227  2617  2622 I nayestane.ustad: Thread[6,tid=2622,WaitingInMainSignalCatcherLoop,Thread*=0x7f5acd2a1200,peer=0x13881fb0,"Signal Catcher"]: reacting to signal 10
10-28 15:39:04.228  2617  2622 I nayestane.ustad:
10-28 15:39:04.228  2617  2622 I nayestane.ustad: SIGUSR1 forcing GC (no HPROF) and profile save
10-28 15:39:04.271  2617  2622 I nayestane.ustad: Explicit concurrent copying GC freed 180609(6913KB) AllocSpace objects, 11(292KB) LOS objects, 49% free, 7929KB/15MB, paused 128us,15us total 43.151ms
10-28 15:39:04.274  2617  2628 W System  : A resource failed to call close.
10-28 15:39:04.730  2523  2540 D Benchmark: Killing process org.nayestane.ustad
10-28 15:39:04.730  2523  2540 D UiDevice: Executing shell command: killall org.nayestane.ustad
10-28 15:39:04.757  1495  1688 W MediaProvider: isAppCloneUserPair for user 0: false
10-28 15:39:04.759  1495  1688 V MediaProvider: Inserted id:1000000109 less than next row id backup:1000001000.
10-28 15:39:04.807   582   863 I PackageDexOptimizer: Running dexopt (dexoptNeeded=-3) on: /data/app/~~ZJQ7sXylsANplpuIJprZpw==/org.nayestane.ustad-MZAU5CLP1yOCe01YQZ7TaA==/base.apk pkg=org.nayestane.ustad isa=x86_64 dexoptFlags=boot_complete,profile_guided,force,enable_hidden_api_checks targetFilter=speed-profile oatDir=/data/app/~~ZJQ7sXylsANplpuIJprZpw==/org.nayestane.ustad-MZAU5CLP1yOCe01YQZ7TaA==/oat classLoaderContext=PCL[]{PCL[/system_ext/framework/androidx.window.extensions.jar]#PCL[/system_ext/framework/androidx.window.sidecar.jar]}
10-28 15:39:04.808   502   665 V installd: DexInv: --- BEGIN '/data/app/~~ZJQ7sXylsANplpuIJprZpw==/org.nayestane.ustad-MZAU5CLP1yOCe01YQZ7TaA==/base.apk' ---
10-28 15:39:04.809   502   665 V installd: Running /apex/com.android.art/bin/dex2oat64 in=base.apk out=/data/app/~~ZJQ7sXylsANplpuIJprZpw==/org.nayestane.ustad-MZAU5CLP1yOCe01YQZ7TaA==/oat/x86_64/base.odex
10-28 15:39:04.822  4337  4337 W dex2oat64: Unexpected CPU variant for x86: x86_64.
10-28 15:39:04.822  4337  4337 W dex2oat64: Known variants: atom, sandybridge, silvermont, kabylake, default
10-28 15:39:04.823  4337  4337 W dex2oat64: Mismatch between dex2oat instruction set features to use (ISA: X86_64 Feature string: -ssse3,-sse4.1,-sse4.2,-avx,-avx2,-popcnt) and those from CPP defines (ISA: X86_64 Feature string: ssse3,sse4.1,sse4.2,-avx,-avx2,popcnt) for the command line:
10-28 15:39:04.823  4337  4337 W dex2oat64: /apex/com.android.art/bin/dex2oat64 --zip-fd=8 --zip-location=base.apk --oat-fd=9 --oat-location=/data/app/~~ZJQ7sXylsANplpuIJprZpw==/org.nayestane.ustad-MZAU5CLP1yOCe01YQZ7TaA==/oat/x86_64/base.odex --input-vdex-fd=11 --output-vdex-fd=10 --app-image-fd=14 --image-format=lz4 --profile-file-fd=13 --swap-fd=12 --classpath-dir=/data/app/~~ZJQ7sXylsANplpuIJprZpw==/org.nayestane.ustad-MZAU5CLP1yOCe01YQZ7TaA== --class-loader-context=PCL[]{PCL[/system_ext/framework/androidx.window.extensions.jar]#PCL[/system_ext/framework/androidx.window.sidecar.jar]} --instruction-set=x86_64 --instruction-set-features=default --instruction-set-variant=x86_64 --compiler-filter=speed-profile --compilation-reason=cmdline --max-image-block-size=524288 --resolve-startup-const-strings=true --generate-mini-debug-info --runtime-arg -Xtarget-sdk-version:34 --runtime-arg -Xhidden-api-policy:enabled --runtime-arg -Xms64m --runtime-arg -Xmx512m
10-28 15:39:04.832  4337  4337 I dex2oat64: /apex/com.android.art/bin/dex2oat64 --input-vdex-fd=11 --output-vdex-fd=10 --profile-file-fd=13 --classpath-dir=/data/app/~~ZJQ7sXylsANplpuIJprZpw==/org.nayestane.ustad-MZAU5CLP1yOCe01YQZ7TaA== --class-loader-context=PCL[]{PCL[/system_ext/framework/androidx.window.extensions.jar]#PCL[/system_ext/framework/androidx.window.sidecar.jar]} --compiler-filter=speed-profile --compilation-reason=cmdline --max-image-block-size=524288 --resolve-startup-const-strings=true --generate-mini-debug-info
10-28 15:39:08.204   870   976 D EGL_emulation: app_time_stats: avg=8175.45ms min=8175.45ms max=8175.45ms count=1
10-28 15:39:08.800  4337  4337 W dex2oat64: Accessing hidden method Landroid/window/BackEvent;->getProgress()F (blocked, linking, denied)
10-28 15:39:08.800  4337  4337 W dex2oat64: Accessing hidden method Landroid/window/BackEvent;->getSwipeEdge()I (blocked, linking, denied)
10-28 15:39:08.800  4337  4337 W dex2oat64: Accessing hidden method Landroid/window/BackEvent;->getTouchX()F (blocked, linking, denied)
10-28 15:39:08.800  4337  4337 W dex2oat64: Accessing hidden method Landroid/window/BackEvent;->getTouchY()F (blocked, linking, denied)
10-28 15:39:08.856  2617  2681 D UstadCache: CacheTrimmer:  Trim cache run: max (evictable) size = 100000000 bytes
10-28 15:39:08.856  2617  2681 V UstadCache: CacheTrimmer:  deleting
10-28 15:39:09.042  4337  4339 W dex2oat64: Method java.lang.Object androidx.compose.runtime.snapshots.SnapshotStateMap.mutate(kotlin.jvm.functions.Function1) failed lock verification and will run slower.
10-28 15:39:09.042  4337  4339 W dex2oat64: Common causes for lock verification issues are non-optimized dex code
10-28 15:39:09.042  4337  4339 W dex2oat64: and incorrect proguard optimizations.
10-28 15:39:09.043  4337  4339 W dex2oat64: Method void androidx.compose.runtime.snapshots.SnapshotStateMap.update(kotlin.jvm.functions.Function1) failed lock verification and will run slower.
10-28 15:39:09.043  4337  4339 W dex2oat64: Method boolean androidx.compose.runtime.snapshots.SnapshotStateMap.removeIf$runtime_release(kotlin.jvm.functions.Function1) failed lock verification and will run slower.
10-28 15:39:09.062  4337  4337 W dex2oat64: Method boolean androidx.compose.runtime.snapshots.SnapshotStateList.conditionalUpdate(boolean, kotlin.jvm.functions.Function1) failed lock verification and will run slower.
10-28 15:39:09.062  4337  4337 W dex2oat64: Method boolean androidx.compose.runtime.snapshots.SnapshotStateList.conditionalUpdate$default(androidx.compose.runtime.snapshots.SnapshotStateList, boolean, kotlin.jvm.functions.Function1, int, java.lang.Object) failed lock verification and will run slower.
10-28 15:39:09.062  4337  4337 W dex2oat64: Method java.lang.Object androidx.compose.runtime.snapshots.SnapshotStateList.mutate(kotlin.jvm.functions.Function1) failed lock verification and will run slower.
10-28 15:39:09.063  4337  4337 W dex2oat64: Method void androidx.compose.runtime.snapshots.SnapshotStateList.update(boolean, kotlin.jvm.functions.Function1) failed lock verification and will run slower.
10-28 15:39:09.063  4337  4337 W dex2oat64: Method void androidx.compose.runtime.snapshots.SnapshotStateList.update$default(androidx.compose.runtime.snapshots.SnapshotStateList, boolean, kotlin.jvm.functions.Function1, int, java.lang.Object) failed lock verification and will run slower.
10-28 15:39:09.544   870   934 D ControlsListingControllerImpl: Subscribing callback, service count: 0
10-28 15:39:09.544   870   934 D ControlsListingControllerImpl: Unsubscribing callback
10-28 15:39:09.614   399   399 E android.hardware.power.stats@1.0-service-mock: Failed to getEnergyData
10-28 15:39:10.352  4337  4337 I dex2oat64: Explicit concurrent copying GC freed 197119(31MB) AllocSpace objects, 0(0B) LOS objects, 49% free, 2157KB/4315KB, paused 15us,3us total 7.885ms
10-28 15:39:10.675  4337  4337 I dex2oat64: dex2oat took 5.854s (9.324s cpu) (threads: 4) arena alloc=11MB (11887752B) java alloc=2157KB (2209576B) native alloc=22MB (23413360B) free=145MB (152709712B)
10-28 15:39:10.704   502   665 V installd: DexInv: --- END '/data/app/~~ZJQ7sXylsANplpuIJprZpw==/org.nayestane.ustad-MZAU5CLP1yOCe01YQZ7TaA==/base.apk' (success) ---
10-28 15:39:10.758  1495  1681 W MediaProvider: isAppCloneUserPair for user 0: false
10-28 15:39:10.759  1495  1681 V MediaProvider: Inserted id:1000000110 less than next row id backup:1000001000.
10-28 15:39:11.169  4358  4358 W profman : profman took 377.329ms
10-28 15:39:11.189  1495  2589 W MediaProvider: isAppCloneUserPair for user 0: false
10-28 15:39:11.189  1495  2589 V MediaProvider: Inserted id:1000000111 less than next row id backup:1000001000.
10-28 15:39:11.470  1495  2561 I MediaProvider: Deleted 0 0 0 0 0 0 0 items on external_primary due to com.ustadmobile.app_android_baselineprofile
10-28 15:39:12.298  2523  2540 D Benchmark: Unstable profiles during iteration 15
10-28 15:39:13.041  1495  1688 W MediaProvider: isAppCloneUserPair for user 0: false
10-28 15:39:13.041  1495  1688 V MediaProvider: Inserted id:1000000112 less than next row id backup:1000001000.
10-28 15:39:13.050  2523  2540 D Benchmark: Moving /storage/emulated/0/Android/media/com.ustadmobile.app_android_baselineprofile/BaselineProfileGenerator_generate-startup-prof.txt to /sdcard/Android/media/com.ustadmobile.app_android_baselineprofile/additional_test_output/BaselineProfileGenerator_generate-startup-prof.txt
10-28 15:39:13.054  1495  2561 W MediaProvider: Forgot to handle a top level directory in getContentUriForFile?
10-28 15:39:13.055  1495  2561 V MediaProvider: Inserted id:1000000112 less than next row id backup:1000001000.
10-28 15:39:13.058  2523  2540 D Benchmark: Pull Baseline Profile with: `adb pull "/storage/emulated/0/Android/media/com.ustadmobile.app_android_baselineprofile/BaselineProfileGenerator_generate-startup-prof-2024-10-28-14-39-13.txt" .`
10-28 15:39:13.061  1495  2561 W MediaProvider: isAppCloneUserPair for user 0: false
10-28 15:39:13.062  1495  2561 V MediaProvider: Inserted id:1000000113 less than next row id backup:1000001000.
10-28 15:39:13.069  2523  2540 D Benchmark: Moving /storage/emulated/0/Android/media/com.ustadmobile.app_android_baselineprofile/BaselineProfileGenerator_generate-startup-prof-2024-10-28-14-39-13.txt to /sdcard/Android/media/com.ustadmobile.app_android_baselineprofile/additional_test_output/BaselineProfileGenerator_generate-startup-prof-2024-10-28-14-39-13.txt
10-28 15:39:13.072  1495  1681 W MediaProvider: Forgot to handle a top level directory in getContentUriForFile?
10-28 15:39:13.073  1495  1681 V MediaProvider: Inserted id:1000000113 less than next row id backup:1000001000.
10-28 15:39:13.077  2523  2540 D Benchmark: Total Run Time Ns: 374985251008
10-28 15:39:13.078  2523  2540 D Benchmark: Killing process org.nayestane.ustad
10-28 15:39:13.078  2523  2540 D UiDevice: Executing shell command: killall org.nayestane.ustad
10-28 15:39:13.088  2523  2540 I TestRunner: finished: generate(com.ustadmobile.app_android_baselineprofile.BaselineProfileGenerator)
