10-28 15:37:09.957   870   925 W FrameTracker: Missed SF frame:PREDICTION_ERROR, 15516, 4674394, CUJ=J<SPLASHSCREEN_EXIT_ANIM>
10-28 15:37:09.957   870   925 W FrameTracker: Missed SF frame:PREDICTION_ERROR, 15545, 3737462, CUJ=J<SPLASHSCREEN_EXIT_ANIM>
10-28 15:37:09.957   870   925 W FrameTracker: Missed SF frame:PREDICTION_ERROR, 15581, 3823831, CUJ=J<SPLASHSCREEN_EXIT_ANIM>
10-28 15:37:09.957   870   925 W FrameTracker: Missed SF frame:PREDICTION_ERROR, 15612, 4553559, CUJ=J<SPLASHSCREEN_EXIT_ANIM>
10-28 15:37:09.957   870   925 W FrameTracker: Missed SF frame:PREDICTION_ERROR, 15646, 3412038, CUJ=J<SPLASHSCREEN_EXIT_ANIM>
10-28 15:37:09.957   870   925 W FrameTracker: Missing HWUI jank callback for vsyncId: 15668, CUJ=J<SPLASHSCREEN_EXIT_ANIM>
10-28 15:37:09.957   870   915 V PerfettoTrigger: Not triggering com.android.telemetry.interaction-jank-monitor-39 - not enough time since last trigger
10-28 15:37:10.088   422   465 W TransactionTracing: Could not find layer handle 0x7b315a689eb0
10-28 15:37:10.088   422   465 W TransactionTracing: Could not find layer handle 0x7b315a68c130
10-28 15:37:10.088   422   465 W TransactionTracing: Could not find layer handle 0x7b315a68e0b0
10-28 15:37:10.088   422   465 W TransactionTracing: Could not find layer handle 0x7b315a68e0b0
10-28 15:37:10.088   422   465 W TransactionTracing: Could not find layer handle 0x7b315a68c130
10-28 15:37:10.195  2523  2540 D UiDevice: Searching for node with selector: BySelector [TEXT='\QGet Started\E'].
10-28 15:37:10.792  2523  2540 D UiDevice: Searching for node with selector: BySelector [TEXT='\QGet Started\E'].
10-28 15:37:10.895  2523  2540 D UiDevice: Searching for node with selector: BySelector [TEXT='\QGet Started\E'].
10-28 15:37:10.998  2523  2540 D UiDevice: Searching for node with selector: BySelector [TEXT='\QGet Started\E'].
10-28 15:37:11.100  2523  2540 D UiDevice: Searching for node with selector: BySelector [TEXT='\QGet Started\E'].
10-28 15:37:11.203  2523  2540 D UiDevice: Searching for node with selector: BySelector [TEXT='\QGet Started\E'].
10-28 15:37:11.305  2523  2540 D UiDevice: Searching for node with selector: BySelector [TEXT='\QGet Started\E'].
10-28 15:37:11.408  2523  2540 D UiDevice: Searching for node with selector: BySelector [TEXT='\QGet Started\E'].
10-28 15:37:11.511  2523  2540 D UiDevice: Searching for node with selector: BySelector [TEXT='\QGet Started\E'].
10-28 15:37:11.613  2523  2540 D UiDevice: Searching for node with selector: BySelector [TEXT='\QGet Started\E'].
10-28 15:37:11.716  2523  2540 D UiDevice: Searching for node with selector: BySelector [TEXT='\QGet Started\E'].
10-28 15:37:11.819  2523  2540 D UiDevice: Searching for node with selector: BySelector [TEXT='\QGet Started\E'].
10-28 15:37:11.921  2523  2540 D UiDevice: Searching for node with selector: BySelector [TEXT='\QGet Started\E'].
10-28 15:37:12.045  2523  2540 D UiDevice: Searching for node with selector: BySelector [TEXT='\QGet Started\E'].
10-28 15:37:12.160  2523  2540 D UiDevice: Searching for node with selector: BySelector [TEXT='\QGet Started\E'].
10-28 15:37:12.276  2523  2540 D UiDevice: Searching for node with selector: BySelector [TEXT='\QGet Started\E'].
10-28 15:37:12.393  2523  2540 D UiDevice: Searching for node with selector: BySelector [TEXT='\QGet Started\E'].
10-28 15:37:12.521  2523  2540 D UiDevice: Searching for node with selector: BySelector [TEXT='\QGet Started\E'].
10-28 15:37:12.626  2523  2540 D UiDevice: Searching for node with selector: BySelector [TEXT='\QGet Started\E'].
10-28 15:37:12.731  2523  2540 D UiDevice: Searching for node with selector: BySelector [TEXT='\QGet Started\E'].
10-28 15:37:12.835  2523  2540 D UiDevice: Searching for node with selector: BySelector [TEXT='\QGet Started\E'].
10-28 15:37:12.938  2523  2540 D UiDevice: Searching for node with selector: BySelector [TEXT='\QGet Started\E'].
10-28 15:37:13.043  2523  2540 D UiDevice: Searching for node with selector: BySelector [TEXT='\QGet Started\E'].
10-28 15:37:13.146  2523  2540 D UiDevice: Searching for node with selector: BySelector [TEXT='\QGet Started\E'].
10-28 15:37:13.250  2523  2540 D UiDevice: Searching for node with selector: BySelector [TEXT='\QGet Started\E'].
10-28 15:37:13.353  2523  2540 D UiDevice: Searching for node with selector: BySelector [TEXT='\QGet Started\E'].
10-28 15:37:13.457  2523  2540 D UiDevice: Searching for node with selector: BySelector [TEXT='\QGet Started\E'].
10-28 15:37:13.561  2523  2540 D UiDevice: Searching for node with selector: BySelector [TEXT='\QGet Started\E'].
10-28 15:37:13.665  2523  2540 D UiDevice: Searching for node with selector: BySelector [TEXT='\QGet Started\E'].
10-28 15:37:13.769  2523  2540 D UiDevice: Searching for node with selector: BySelector [TEXT='\QGet Started\E'].
10-28 15:37:13.873  2523  2540 D UiDevice: Searching for node with selector: BySelector [TEXT='\QGet Started\E'].
10-28 15:37:13.977  2523  2540 D UiDevice: Searching for node with selector: BySelector [TEXT='\QGet Started\E'].
10-28 15:37:14.080  2523  2540 D UiDevice: Searching for node with selector: BySelector [TEXT='\QGet Started\E'].
10-28 15:37:14.184  2523  2540 D UiDevice: Searching for node with selector: BySelector [TEXT='\QGet Started\E'].
10-28 15:37:14.288  2523  2540 D UiDevice: Searching for node with selector: BySelector [TEXT='\QGet Started\E'].
10-28 15:37:14.391  2523  2540 D UiDevice: Searching for node with selector: BySelector [TEXT='\QGet Started\E'].
10-28 15:37:14.494  2523  2540 D UiDevice: Searching for node with selector: BySelector [TEXT='\QGet Started\E'].
10-28 15:37:14.598  2523  2540 D UiDevice: Searching for node with selector: BySelector [TEXT='\QGet Started\E'].
10-28 15:37:14.701  2523  2540 D UiDevice: Searching for node with selector: BySelector [TEXT='\QGet Started\E'].
10-28 15:37:14.805  2523  2540 D UiDevice: Searching for node with selector: BySelector [TEXT='\QGet Started\E'].
10-28 15:37:14.908  2523  2540 D UiDevice: Searching for node with selector: BySelector [TEXT='\QGet Started\E'].
10-28 15:37:15.012  2523  2540 D UiDevice: Searching for node with selector: BySelector [TEXT='\QGet Started\E'].
10-28 15:37:15.116  2523  2540 D UiDevice: Searching for node with selector: BySelector [TEXT='\QGet Started\E'].
10-28 15:37:15.220  2523  2540 D UiDevice: Searching for node with selector: BySelector [TEXT='\QGet Started\E'].
10-28 15:37:15.323  2523  2540 D UiDevice: Searching for node with selector: BySelector [TEXT='\QGet Started\E'].
10-28 15:37:15.426  2523  2540 D UiDevice: Searching for node with selector: BySelector [TEXT='\QGet Started\E'].
10-28 15:37:15.529  2523  2540 D UiDevice: Searching for node with selector: BySelector [TEXT='\QGet Started\E'].
10-28 15:37:15.633  2523  2540 D UiDevice: Searching for node with selector: BySelector [TEXT='\QGet Started\E'].
10-28 15:37:15.736  2523  2540 D UiDevice: Searching for node with selector: BySelector [TEXT='\QGet Started\E'].
10-28 15:37:15.839  2523  2540 D UiDevice: Searching for node with selector: BySelector [TEXT='\QGet Started\E'].
10-28 15:37:15.943  2523  2540 D UiDevice: Searching for node with selector: BySelector [TEXT='\QGet Started\E'].
10-28 15:37:16.046  2523  2540 D UiDevice: Searching for node with selector: BySelector [TEXT='\QGet Started\E'].
10-28 15:37:16.149  2523  2540 D UiDevice: Searching for node with selector: BySelector [TEXT='\QGet Started\E'].
10-28 15:37:16.252  2523  2540 D UiDevice: Searching for node with selector: BySelector [TEXT='\QGet Started\E'].
10-28 15:37:16.355  2523  2540 D UiDevice: Searching for node with selector: BySelector [TEXT='\QGet Started\E'].
10-28 15:37:16.458  2523  2540 D UiDevice: Searching for node with selector: BySelector [TEXT='\QGet Started\E'].
10-28 15:37:16.562  2523  2540 D UiDevice: Searching for node with selector: BySelector [TEXT='\QGet Started\E'].
10-28 15:37:16.666  2523  2540 D UiDevice: Searching for node with selector: BySelector [TEXT='\QGet Started\E'].
10-28 15:37:16.788  2523  2540 D UiDevice: Searching for node with selector: BySelector [TEXT='\QGet Started\E'].
10-28 15:37:16.891  2523  2540 D UiDevice: Searching for node with selector: BySelector [TEXT='\QGet Started\E'].
10-28 15:37:16.995  2523  2540 D UiDevice: Searching for node with selector: BySelector [TEXT='\QGet Started\E'].
10-28 15:37:17.098  2523  2540 D UiDevice: Searching for node with selector: BySelector [TEXT='\QGet Started\E'].
10-28 15:37:17.202  2523  2540 D UiDevice: Searching for node with selector: BySelector [TEXT='\QGet Started\E'].
10-28 15:37:17.306  2523  2540 D UiDevice: Searching for node with selector: BySelector [TEXT='\QGet Started\E'].
10-28 15:37:17.409  2523  2540 D UiDevice: Searching for node with selector: BySelector [TEXT='\QGet Started\E'].
10-28 15:37:17.513  2523  2540 D UiDevice: Searching for node with selector: BySelector [TEXT='\QGet Started\E'].
10-28 15:37:17.616  2523  2540 D UiDevice: Searching for node with selector: BySelector [TEXT='\QGet Started\E'].
10-28 15:37:17.721  2523  2540 D UiDevice: Searching for node with selector: BySelector [TEXT='\QGet Started\E'].
10-28 15:37:17.825  2523  2540 D UiDevice: Searching for node with selector: BySelector [TEXT='\QGet Started\E'].
10-28 15:37:17.928  2523  2540 D UiDevice: Searching for node with selector: BySelector [TEXT='\QGet Started\E'].
10-28 15:37:18.032  2523  2540 D UiDevice: Searching for node with selector: BySelector [TEXT='\QGet Started\E'].
10-28 15:37:18.135  2523  2540 D UiDevice: Searching for node with selector: BySelector [TEXT='\QGet Started\E'].
10-28 15:37:18.240  2523  2540 D UiDevice: Searching for node with selector: BySelector [TEXT='\QGet Started\E'].
10-28 15:37:18.343  2523  2540 D UiDevice: Searching for node with selector: BySelector [TEXT='\QGet Started\E'].
10-28 15:37:18.447  2523  2540 D UiDevice: Searching for node with selector: BySelector [TEXT='\QGet Started\E'].
10-28 15:37:18.551  2523  2540 D UiDevice: Searching for node with selector: BySelector [TEXT='\QGet Started\E'].
10-28 15:37:18.655  2523  2540 D UiDevice: Searching for node with selector: BySelector [TEXT='\QGet Started\E'].
10-28 15:37:18.758  2523  2540 D UiDevice: Searching for node with selector: BySelector [TEXT='\QGet Started\E'].
10-28 15:37:18.861  2523  2540 D UiDevice: Searching for node with selector: BySelector [TEXT='\QGet Started\E'].
10-28 15:37:18.965  2523  2540 D UiDevice: Searching for node with selector: BySelector [TEXT='\QGet Started\E'].
10-28 15:37:19.068  2523  2540 D UiDevice: Searching for node with selector: BySelector [TEXT='\QGet Started\E'].
10-28 15:37:19.172  2523  2540 D UiDevice: Searching for node with selector: BySelector [TEXT='\QGet Started\E'].
10-28 15:37:19.276  2523  2540 D UiDevice: Searching for node with selector: BySelector [TEXT='\QGet Started\E'].
10-28 15:37:19.379  2523  2540 D UiDevice: Searching for node with selector: BySelector [TEXT='\QGet Started\E'].
10-28 15:37:19.483  2523  2540 D UiDevice: Searching for node with selector: BySelector [TEXT='\QGet Started\E'].
10-28 15:37:19.586  2523  2540 D UiDevice: Searching for node with selector: BySelector [TEXT='\QGet Started\E'].
10-28 15:37:19.690  2523  2540 D UiDevice: Searching for node with selector: BySelector [TEXT='\QGet Started\E'].
10-28 15:37:19.793  2523  2540 D UiDevice: Searching for node with selector: BySelector [TEXT='\QGet Started\E'].
10-28 15:37:20.797  2523  2540 D UiDevice: Retrieving node with selector: BySelector [TEXT='\QGet Started\E'].
10-28 15:37:20.801  2523  2540 D UiDevice: Node not found with selector: BySelector [TEXT='\QGet Started\E'].
10-28 15:37:25.801  2523  2540 D Benchmark: Profile Installer - Save Profile
10-28 15:37:25.832  2617  2617 I Process : Sending signal. PID: 2617 SIG: 10
10-28 15:37:25.833  2617  2617 D ProfileInstaller:
10-28 15:37:25.833  2617  2622 I nayestane.ustad: Thread[6,tid=2622,WaitingInMainSignalCatcherLoop,Thread*=0x7f5acd2a1200,peer=0x13881e40,"Signal Catcher"]: reacting to signal 10
10-28 15:37:25.833  2617  2622 I nayestane.ustad:
10-28 15:37:25.833  2617  2622 I nayestane.ustad: SIGUSR1 forcing GC (no HPROF) and profile save
10-28 15:37:25.884  2617  2622 I nayestane.ustad: Explicit concurrent copying GC freed 184351(7065KB) AllocSpace objects, 11(292KB) LOS objects, 49% free, 7924KB/15MB, paused 102us,23us total 51.238ms
10-28 15:37:25.888  2617  2628 W System  : A resource failed to call close.
10-28 15:37:26.336  2523  2540 D Benchmark: Killing process org.nayestane.ustad
10-28 15:37:26.336  2523  2540 D UiDevice: Executing shell command: killall org.nayestane.ustad
10-28 15:37:26.360  1495  1681 W MediaProvider: isAppCloneUserPair for user 0: false
10-28 15:37:26.362  1495  1681 V MediaProvider: Inserted id:1000000085 less than next row id backup:1000001000.
10-28 15:37:26.408   582   863 I PackageDexOptimizer: Running dexopt (dexoptNeeded=-3) on: /data/app/~~ZJQ7sXylsANplpuIJprZpw==/org.nayestane.ustad-MZAU5CLP1yOCe01YQZ7TaA==/base.apk pkg=org.nayestane.ustad isa=x86_64 dexoptFlags=boot_complete,profile_guided,force,enable_hidden_api_checks targetFilter=speed-profile oatDir=/data/app/~~ZJQ7sXylsANplpuIJprZpw==/org.nayestane.ustad-MZAU5CLP1yOCe01YQZ7TaA==/oat classLoaderContext=PCL[]{PCL[/system_ext/framework/androidx.window.extensions.jar]#PCL[/system_ext/framework/androidx.window.sidecar.jar]}
10-28 15:37:26.410   502   665 V installd: DexInv: --- BEGIN '/data/app/~~ZJQ7sXylsANplpuIJprZpw==/org.nayestane.ustad-MZAU5CLP1yOCe01YQZ7TaA==/base.apk' ---
10-28 15:37:26.410   502   665 V installd: Running /apex/com.android.art/bin/dex2oat64 in=base.apk out=/data/app/~~ZJQ7sXylsANplpuIJprZpw==/org.nayestane.ustad-MZAU5CLP1yOCe01YQZ7TaA==/oat/x86_64/base.odex
10-28 15:37:26.421  3889  3889 W dex2oat64: Unexpected CPU variant for x86: x86_64.
10-28 15:37:26.421  3889  3889 W dex2oat64: Known variants: atom, sandybridge, silvermont, kabylake, default
10-28 15:37:26.421  3889  3889 W dex2oat64: Mismatch between dex2oat instruction set features to use (ISA: X86_64 Feature string: -ssse3,-sse4.1,-sse4.2,-avx,-avx2,-popcnt) and those from CPP defines (ISA: X86_64 Feature string: ssse3,sse4.1,sse4.2,-avx,-avx2,popcnt) for the command line:
10-28 15:37:26.421  3889  3889 W dex2oat64: /apex/com.android.art/bin/dex2oat64 --zip-fd=8 --zip-location=base.apk --oat-fd=9 --oat-location=/data/app/~~ZJQ7sXylsANplpuIJprZpw==/org.nayestane.ustad-MZAU5CLP1yOCe01YQZ7TaA==/oat/x86_64/base.odex --input-vdex-fd=11 --output-vdex-fd=10 --app-image-fd=14 --image-format=lz4 --profile-file-fd=13 --swap-fd=12 --classpath-dir=/data/app/~~ZJQ7sXylsANplpuIJprZpw==/org.nayestane.ustad-MZAU5CLP1yOCe01YQZ7TaA== --class-loader-context=PCL[]{PCL[/system_ext/framework/androidx.window.extensions.jar]#PCL[/system_ext/framework/androidx.window.sidecar.jar]} --instruction-set=x86_64 --instruction-set-features=default --instruction-set-variant=x86_64 --compiler-filter=speed-profile --compilation-reason=cmdline --max-image-block-size=524288 --resolve-startup-const-strings=true --generate-mini-debug-info --runtime-arg -Xtarget-sdk-version:34 --runtime-arg -Xhidden-api-policy:enabled --runtime-arg -Xms64m --runtime-arg -Xmx512m
10-28 15:37:26.425  3889  3889 I dex2oat64: /apex/com.android.art/bin/dex2oat64 --input-vdex-fd=11 --output-vdex-fd=10 --profile-file-fd=13 --classpath-dir=/data/app/~~ZJQ7sXylsANplpuIJprZpw==/org.nayestane.ustad-MZAU5CLP1yOCe01YQZ7TaA== --class-loader-context=PCL[]{PCL[/system_ext/framework/androidx.window.extensions.jar]#PCL[/system_ext/framework/androidx.window.sidecar.jar]} --compiler-filter=speed-profile --compilation-reason=cmdline --max-image-block-size=524288 --resolve-startup-const-strings=true --generate-mini-debug-info
10-28 15:37:28.224   870   976 D EGL_emulation: app_time_stats: avg=646.33ms min=15.20ms max=18000.37ms count=29
10-28 15:37:30.322  3889  3889 W dex2oat64: Accessing hidden method Landroid/window/BackEvent;->getProgress()F (blocked, linking, denied)
10-28 15:37:30.322  3889  3889 W dex2oat64: Accessing hidden method Landroid/window/BackEvent;->getSwipeEdge()I (blocked, linking, denied)
10-28 15:37:30.322  3889  3889 W dex2oat64: Accessing hidden method Landroid/window/BackEvent;->getTouchX()F (blocked, linking, denied)
10-28 15:37:30.322  3889  3889 W dex2oat64: Accessing hidden method Landroid/window/BackEvent;->getTouchY()F (blocked, linking, denied)
10-28 15:37:30.559  3889  3889 W dex2oat64: Method java.lang.Object androidx.compose.runtime.snapshots.SnapshotStateMap.mutate(kotlin.jvm.functions.Function1) failed lock verification and will run slower.
10-28 15:37:30.559  3889  3889 W dex2oat64: Common causes for lock verification issues are non-optimized dex code
10-28 15:37:30.559  3889  3889 W dex2oat64: and incorrect proguard optimizations.
10-28 15:37:30.559  3889  3889 W dex2oat64: Method void androidx.compose.runtime.snapshots.SnapshotStateMap.update(kotlin.jvm.functions.Function1) failed lock verification and will run slower.
10-28 15:37:30.560  3889  3889 W dex2oat64: Method boolean androidx.compose.runtime.snapshots.SnapshotStateMap.removeIf$runtime_release(kotlin.jvm.functions.Function1) failed lock verification and will run slower.
10-28 15:37:30.581  3889  3889 W dex2oat64: Method boolean androidx.compose.runtime.snapshots.SnapshotStateList.conditionalUpdate(boolean, kotlin.jvm.functions.Function1) failed lock verification and will run slower.
10-28 15:37:30.581  3889  3889 W dex2oat64: Method boolean androidx.compose.runtime.snapshots.SnapshotStateList.conditionalUpdate$default(androidx.compose.runtime.snapshots.SnapshotStateList, boolean, kotlin.jvm.functions.Function1, int, java.lang.Object) failed lock verification and will run slower.
10-28 15:37:30.581  3889  3889 W dex2oat64: Method java.lang.Object androidx.compose.runtime.snapshots.SnapshotStateList.mutate(kotlin.jvm.functions.Function1) failed lock verification and will run slower.
10-28 15:37:30.581  3889  3889 W dex2oat64: Method void androidx.compose.runtime.snapshots.SnapshotStateList.update(boolean, kotlin.jvm.functions.Function1) failed lock verification and will run slower.
10-28 15:37:30.581  3889  3889 W dex2oat64: Method void androidx.compose.runtime.snapshots.SnapshotStateList.update$default(androidx.compose.runtime.snapshots.SnapshotStateList, boolean, kotlin.jvm.functions.Function1, int, java.lang.Object) failed lock verification and will run slower.
10-28 15:37:31.844  3889  3889 I dex2oat64: Explicit concurrent copying GC freed 197102(31MB) AllocSpace objects, 0(0B) LOS objects, 49% free, 2157KB/4315KB, paused 15us,2us total 7.835ms
10-28 15:37:32.152  3889  3889 I dex2oat64: dex2oat took 5.732s (9.168s cpu) (threads: 4) arena alloc=8501KB (8705872B) java alloc=2157KB (2209576B) native alloc=22MB (23505632B) free=145MB (152744800B)
10-28 15:37:32.179   502   665 V installd: DexInv: --- END '/data/app/~~ZJQ7sXylsANplpuIJprZpw==/org.nayestane.ustad-MZAU5CLP1yOCe01YQZ7TaA==/base.apk' (success) ---
10-28 15:37:32.227  1495  1688 W MediaProvider: isAppCloneUserPair for user 0: false
10-28 15:37:32.228  1495  1688 V MediaProvider: Inserted id:1000000086 less than next row id backup:1000001000.
10-28 15:37:32.648  3909  3909 W profman : profman took 388.683ms
10-28 15:37:32.676  1495  2589 W MediaProvider: isAppCloneUserPair for user 0: false
10-28 15:37:32.677  1495  2589 V MediaProvider: Inserted id:1000000087 less than next row id backup:1000001000.
10-28 15:37:33.077  1495  2561 I MediaProvider: Deleted 0 0 0 0 0 0 0 items on external_primary due to com.ustadmobile.app_android_baselineprofile
10-28 15:37:33.906  2523  2540 D Benchmark: Unstable profiles during iteration 11
10-28 15:37:33.906  2523  2540 D Benchmark: Killing package org.nayestane.ustad
10-28 15:37:33.906  2523  2540 D Benchmark: Killing process org.nayestane.ustad
10-28 15:37:33.906  2523  2540 D UiDevice: Executing shell command: killall org.nayestane.ustad
10-28 15:37:33.919  2523  2540 D Benchmark: Compile iteration (12) for org.nayestane.ustad
10-28 15:37:33.919  2523  2540 D UiDevice: Pressing home button.
10-28 15:37:33.942   870   870 V ShadeControllerImpl: NotificationShadeWindow: com.android.systemui.shade.NotificationShadeWindowView{963422f I.E...... ......ID 0,0-320,640} canPanelBeCollapsed(): false
10-28 15:37:33.949  1133  1133 D TaplTarget: Launcher.onNewIntent: Intent { act=android.intent.action.MAIN cat=[android.intent.category.HOME] flg=0x10400100 cmp=com.android.launcher3/.uioverrides.QuickstepLauncher (has extras) }
10-28 15:37:33.950   870   870 V ShadeControllerImpl: NotificationShadeWindow: com.android.systemui.shade.NotificationShadeWindowView{963422f I.E...... ......ID 0,0-320,640} canPanelBeCollapsed(): false
10-28 15:37:33.970   422   422 I BpBinder: onLastStrongRef automatically unlinking death recipients: <uncached descriptor>
10-28 15:37:33.992   870   976 D EGL_emulation: app_time_stats: avg=5768.48ms min=5768.48ms max=5768.48ms count=1
10-28 15:37:33.993  1495  1688 W MediaProvider: isAppCloneUserPair for user 0: false
10-28 15:37:33.994  1495  1688 V MediaProvider: Inserted id:1000000088 less than next row id backup:1000001000.
10-28 15:37:34.022   422   465 W TransactionTracing: Could not find layer handle 0x7b315a687cf0
10-28 15:37:34.045  2523  2540 I System.out: 0 Flags,FrameTimelineVsyncId,IntendedVsync,Vsync,InputEventId,HandleInputStart,AnimationStart,PerformTraversalsStart,DrawStart,FrameDeadline,FrameInterval,FrameStartTime,SyncQueued,SyncStart,IssueDrawCommandsStart,SwapBuffers,FrameCompleted,DequeueBufferDuration,QueueBufferDuration,GpuCompleted,SwapBuffersCompleted,DisplayPresentTime,CommandSubmissionCompleted,
10-28 15:37:34.045  2523  2540 I System.out: 1 1,15026,510501335727,510518002393,0,510526924436,510526924626,510526924766,510545893521,510518002393,510526922716,16666666,510546139961,510546322471,510546381701,510546553551,510547454571,1970,219300,510547435791,510547454571,510552597073,510546553551,
10-28 15:37:34.045  2523  2540 I System.out: 2 0,15091,510534669059,510534669059,0,510550571282,510550571942,510555923614,510555941894,510568002391,510550569342,16666666,510556490774,510556502174,510556538244,510556608654,510568134737,2080,64030,510568134737,510557893604,510570380598,510556608654,
10-28 15:37:34.045  2523  2540 I System.out: 3 0,15163,510568002391,510568002391,0,510568330167,510568330557,510593540494,510593565794,510601335723,510568328667,16666666,510600712296,510600759546,510600801236,510600865836,510602085106,2390,673030,510601531366,510602085106,510603328097,510600865836,
10-28 15:37:34.045  2523  2540 I System.out: 4 0,15206,510584669057,510601335723,0,510603093607,510603093977,510613214439,510613239609,510634669055,510603092547,16666666,510623278182,510623346282,510623432332,510623778502,510624661033,3890,188000,510624568483,510624661033,510636599546,510623778502,
10-28 15:37:34.045  2523  2540 I System.out: 5 0,15278,510618002389,510618002389,0,510626527103,510626527723,510628797774,510628822664,510651335721,510626525663,16666666,510630773334,510630812024,510630869384,510631649445,510636923576,4699921,98130,510634762185,510636923576,510654938481,510631649445,
10-28 15:37:34.045  2523  2540 I System.out: 6 0,15314,510634669055,510634669055,0,510636035006,510636035176,510640232567,510640261167,510668002387,510636033576,16666666,510641829027,510641874577,510641930877,510642736408,510655513481,12179963,69860,510651495550,510655513481,510672783806,510642736408,
10-28 15:37:34.045  2523  2540 I System.out: 7 0,15350,510651335721,510651335721,0,510651769180,510651769450,510653856461,510653877731,510684669053,510651767900,16666666,510656002521,510656053171,510656099791,510657040792,510673044706,15319424,89580,510668091035,510673044706,510689023121,510657040792,
10-28 15:37:34.045  2523  2540 I System.out: 8 0,15386,510668002387,510668002387,0,510668888475,510668888925,510672255086,510672274906,510701335719,510668887055,16666666,510675249937,510675283807,510675334967,510676172297,510689444021,12668994,74590,510684792489,510689444021,510703990745,510676172297,
10-28 15:37:34.045  2523  2540 I System.out: 9 0,15422,510684669053,510684669053,0,510688021720,510688022250,510697785823,510697809953,510718002385,510688019810,16666666,510700660824,510700700284,510700741884,510702370444,510707987736,481310,103280,510707987736,510703973165,510720669259,510702370444,
10-28 15:37:34.045  2523  2540 I System.out: 10 0,15458,510701335719,510701335719,0,510702280244,510702280574,510704607945,510704627555,510734669051,510702279294,16666666,510705924265,510706241295,510706287365,510707138226,510721024879,12959533,116510,510707995996,510721024879,510737460614,510707138226,
10-28 15:37:34.045  2523  2540 I System.out: 11 0,15494,510718002385,510718002385,0,510718543009,510718543179,510720645779,510720664539,510751335717,510718541689,16666666,510722695650,510722738840,510722795410,510723455880,510737410724,13057924,89020,510734806103,510737410724,510754439299,510723455880,
10-28 15:37:34.045  2523  2540 I System.out: 12 0,15530,510734669051,510734669051,0,510735119483,510735119643,510738610214,510738640234,510768002383,510735118093,16666666,510740756045,510740787785,510740831735,510741642705,510755042529,12573194,89360,510751458268,510755042529,510771670503,510741642705,
10-28 15:37:34.045  2523  2540 I System.out: 13 0,15559,510751335717,510751335717,0,510751692258,510751692508,510755390149,510755419189,510784669049,510751690958,16666666,510756780709,510756833749,510756879799,510757619410,510772001494,13465344,178240,510758495930,510772001494,510789036068,510757619410,
10-28 15:37:34.045  2523  2540 I System.out: 14 0,15595,510768002383,510768002383,0,510768437983,510768438183,510770906033,510770932943,510801335715,510768437313,16666666,510772568024,510772664704,510772727614,510773681914,510789219898,14561674,115120,510784796957,510789219898,510804209333,510773681914,
10-28 15:37:34.045  2523  2540 I System.out: 15 0,15624,510784669049,510784669049,0,510784917887,510784918037,510787132708,510787154758,510818002381,510784916387,16666666,510788680288,510789244038,510789284218,510790049489,510804815553,13604104,90890,510801508112,510804815553,510819481397,510790049489,
10-28 15:37:34.045  2523  2540 I System.out: 16 0,15653,510801335715,510801335715,0,510803008502,510803009012,510806362263,510806391573,510834669047,510803006722,16666666,510808076804,510808115764,510808165144,510808992244,510819597847,9793813,86620,510818135736,510819597847,510837496322,510808992244,
10-28 15:37:34.045  2523  2540 I System.out: 17 0,15689,510818002381,510818002381,0,510818306316,510818306516,510821214297,510821237617,510851335713,510818304936,16666666,510822716688,510822772888,510822942318,510823910848,510837734412,12438454,175140,510834824921,510837734412,510853790916,510823910848,
10-28 15:37:34.045  2523  2540 I System.out: 18 0,15711,510834669047,510834669047,0,510834890391,510834890761,510837596542,510837618152,510868002379,510834888281,16666666,510839002372,510839035572,510839157972,510840064462,510854275856,13177883,144220,510841061243,510854275856,510869473111,510840064462,
10-28 15:37:34.045  2523  2540 I System.out: 19 0,15740,510851335713,510851335713,0,510851704856,510851705126,510853820226,510853840556,510884669045,510851703456,16666666,510855192187,510855236487,510855279417,510855959997,510869737481,12941014,82420,510868098850,510869737481,510885925505,510855959997,
10-28 15:37:34.045  2523  2540 I System.out: 20 0,15762,510868002379,510868002379,0,510868196510,510868197090,510868951571,510868974601,510901335711,510868195130,16666666,510870264251,510870311541,510870361381,510870604581,510887023316,15570025,96980,510884794355,510887023316,510902672910,510870604581,
10-28 15:37:34.045  2523  2540 I System.out: 21 0,15781,510884669045,510884669045,0,510884855485,510884855815,510885707015,510885737005,510918002377,510884853115,16666666,510887218126,510887248646,510887286426,510887481996,510903716650,15285894,87910,510901456340,510903716650,510919931025,510887481996,
10-28 15:37:34.045  2523  2540 I System.out: 22 0,15797,510901335711,510901335711,0,510901540940,510901541440,510902290520,510902321010,510934669043,510901539560,16666666,510903865680,510903897690,510903942680,510904150780,510920286545,15216854,103870,510918108524,510920286545,510935948029,510904150780,
10-28 15:37:34.045  2523  2540 I System.out: 23 0,15814,510918002377,510918002377,0,510918169454,510918169754,510918758234,510918778144,510951335709,510918168664,16666666,510919494365,510920304845,510920336555,510920543605,510937030599,15460714,81600,510934796289,510937030599,510952617534,510920543605,
10-28 15:37:34.045  2523  2540 I System.out: 24 0,15822,510934669043,510934669043,0,510934844289,510934844649,510937144109,510937249859,510968002375,510934843069,16666666,510938587150,510938630580,510938701110,510939166680,510953600694,13404364,258930,510951478873,510953600694,510969501298,510939166680,
10-28 15:37:34.045  2523  2540 I System.out: 25 0,15844,510951335709,510951335709,0,510951696414,510951696974,510953873374,510953897834,510984669041,510951694253,16666666,510954857814,510954904044,510954956534,510955417425,510969353538,13094253,117980,510968092518,510969353538,510985805723,510955417425,
10-28 15:37:34.046  2523  2540 I System.out: 26 0,15859,510968002375,510968002375,0,510968176088,510968176508,510969087908,510969107268,511001335707,510968174878,16666666,510970382739,510970436949,510970526009,510970866369,510986525603,14920884,83520,510984775203,510986525603,511002919518,510970866369,
10-28 15:37:34.046  2523  2540 I System.out: 27 0,15874,510984669041,510984669041,0,510984904813,510984905313,510985741663,510985762873,511018002373,510984903503,16666666,510986886913,510986936093,510986967743,510987283933,511003469598,15438884,92580,511001451797,511003469598,511020211593,510987283933,
10-28 15:37:34.046  2523  2540 I System.out: 28 0,15889,511001335707,511001335707,0,511001497747,511001498017,511001801667,511001814397,511034669039,511001497067,16666666,511001837137,511003526978,511003566578,511003997028,511020166083,15281034,111480,511018094342,511020166083,72057628414509824,511003997028,
10-28 15:37:34.046  2523  2540 I System.out: 29 0,15918,511018002373,511018002373,0,511018205092,511018205452,511018715912,511019851192,511051335705,511018204122,16666666,511019976382,511020194853,511020252213,511021022083,511036034017,13850204,101690,511034784347,511036034017,0,511021022083,
10-28 15:37:34.046  2523  2540 I System.out: 30 0,15940,511034669039,511034669039,0,511034849917,511034850167,511037474877,511037500827,511068002371,511034847837,16666666,511039063378,511039102448,511039149508,511039624168,511052660882,12346934,129140,511051456791,511052660882,72904454231819660,511039624168,
10-28 15:37:34.046  2523  2540 I System.out: 31 0,15962,511051335705,511051335705,0,511051497041,511051497381,511052187991,511052206891,511084669037,511051495581,16666666,511052462871,511052684232,511052714802,511053060982,511069489486,15454604,188420,511068125006,511069489486,0,511053060982,
10-28 15:37:34.046  2523  2540 I System.out: 32 8,15977,511068002371,511068002371,0,511068221066,511068221606,511068222006,511068249336,511084669037,511068219876,16666666,511068255486,511069516466,72057628414509870,72904454231491233,0,0,0,72057628414509871,72904454231491800,0,0,
10-28 15:37:34.046  2523  2540 D Benchmark: Starting activity with command: am start  -W "intent:#Intent;action=android.intent.action.MAIN;category=android.intent.category.LAUNCHER;launchFlags=0x10008000;package=org.nayestane.ustad;component=org.nayestane.ustad/com.ustadmobile.port.android.view.AppActivity;end"
10-28 15:37:34.048  1495  1681 W MediaProvider: isAppCloneUserPair for user 0: false
10-28 15:37:34.048  1495  1681 V MediaProvider: Inserted id:1000000089 less than next row id backup:1000001000.
10-28 15:37:34.078   870   926 D SplashScreenView: Build android.window.SplashScreenView{c14db56 V.E...... ......ID 0,0-0,0}
10-28 15:37:34.078   870   926 D SplashScreenView: Icon: view: null drawable: null size: 0
10-28 15:37:34.078   870   926 D SplashScreenView: Branding: view: android.view.View{a39c7d7 G.ED..... ......I. 0,0-0,0 #10204db android:id/splashscreen_branding_view} drawable: null size w: 0 h: 0
10-28 15:37:34.084  2617  2617 D AppActivity$onDestroy: AppActivity#onDestroy
10-28 15:37:34.085   582  1257 W InputManager-JNI: Input channel object 'c0107c3 org.nayestane.ustad/com.ustadmobile.port.android.view.AppActivity (client)' was disposed without first being removed with the input manager!
10-28 15:37:34.095   870   976 W Parcel  : Expecting binder but got null!
10-28 15:37:34.100  2617  2617 W CustomTabsClient: Unable to find any Custom Tabs packages, you may need to add a <queries> element to your manifest. See the docs for CustomTabsClient#getPackageName.
10-28 15:37:34.100  2617  2617 W AppActivity$bindCustomTabsService: CustomTabs: Service NOT supported
10-28 15:37:34.106  2617  2617 D AutofillManager: Fill dialog is enabled:false, hints=[]
10-28 15:37:34.113  2617  2617 W OnBackInvokedCallback: OnBackInvokedCallback is not enabled for the application.
10-28 15:37:34.113  2617  2617 W OnBackInvokedCallback: Set 'android:enableOnBackInvokedCallback="true"' in the application manifest.
10-28 15:37:34.116   582   995 D ConnectivityService: requestNetwork for uid/pid:10126/2617 activeRequest: null callbackRequest: 68 [NetworkRequest [ REQUEST id=69, [ Capabilities: INTERNET&NOT_RESTRICTED&TRUSTED&NOT_VCN_MANAGED Uid: 10126 RequestorUid: 10126 RequestorPkg: org.nayestane.ustad UnderlyingNetworks: Null] ]] callback flags: 0 order: 2147483647
10-28 15:37:34.117   582   809 D ConnectivityService: NetReassign [69 : null → 100]
10-28 15:37:34.118   582   802 D WifiNetworkFactory: got request NetworkRequest [ REQUEST id=69, [ Capabilities: INTERNET&NOT_RESTRICTED&TRUSTED&NOT_VCN_MANAGED Uid: 10126 RequestorUid: 10126 RequestorPkg: org.nayestane.ustad UnderlyingNetworks: Null] ]
10-28 15:37:34.118   582   802 D UntrustedWifiNetworkFactory: got request NetworkRequest [ REQUEST id=69, [ Capabilities: INTERNET&NOT_RESTRICTED&TRUSTED&NOT_VCN_MANAGED Uid: 10126 RequestorUid: 10126 RequestorPkg: org.nayestane.ustad UnderlyingNetworks: Null] ]
10-28 15:37:34.118   582   802 D OemPaidWifiNetworkFactory: got request NetworkRequest [ REQUEST id=69, [ Capabilities: INTERNET&NOT_RESTRICTED&TRUSTED&NOT_VCN_MANAGED Uid: 10126 RequestorUid: 10126 RequestorPkg: org.nayestane.ustad UnderlyingNetworks: Null] ]
10-28 15:37:34.118   582   802 D MultiInternetWifiNetworkFactory: got request NetworkRequest [ REQUEST id=69, [ Capabilities: INTERNET&NOT_RESTRICTED&TRUSTED&NOT_VCN_MANAGED Uid: 10126 RequestorUid: 10126 RequestorPkg: org.nayestane.ustad UnderlyingNetworks: Null] ]
10-28 15:37:34.128  2617  2669 W Parcel  : Expecting binder but got null!
10-28 15:37:34.131   582   602 I ActivityTaskManager: Displayed org.nayestane.ustad/com.ustadmobile.port.android.view.AppActivity: +55ms
10-28 15:37:34.132  2617  2617 D UstadViewModelFunKt$ustadViewModel$viewModel$invoke: ustadViewModel(): create viewmodel for: com.ustadmobile.core.viewmodel.redirect.RedirectViewModel
10-28 15:37:34.133  2617  2617 I System.out: com.ustadmobile.core.db.UmAppDatabase_DoorWrapper@efea2f7
10-28 15:37:34.136  2617  2617 D UstadNavControllerPreCompose$onCollectNavCommand: NavCommandEffect: Navigate: Go to Login
10-28 15:37:34.139   422   465 W TransactionTracing: Could not find layer handle 0x7b315a6895b0
10-28 15:37:34.141  2617  2617 D UstadViewModelFunKt$ustadViewModel$viewModel$invoke: ustadViewModel(): create viewmodel for: com.ustadmobile.core.viewmodel.login.LoginViewModel
10-28 15:37:34.145  2617  2719 V UstadCache: OKHttp-CacheInterceptor:  intercept: GET https://dars.nayestane.org/v2/Site/verify
10-28 15:37:34.145  2617  2719 I UstadCache: UstadCache(): Retrieve https://dars.nayestane.org/v2/Site/verify
10-28 15:37:34.145  2617  2719 D UstadCache: UstadCache(): FOUND https://dars.nayestane.org/v2/Site/verify
10-28 15:37:34.148  2617  2719 D TrafficStats: tagSocket(99) with statsTag=0xffffffff, statsUid=-1
10-28 15:37:34.158  2523  2540 D Benchmark: Result: Starting: Intent { act=android.intent.action.MAIN cat=[android.intent.category.LAUNCHER] flg=0x10008000 pkg=org.nayestane.ustad cmp=org.nayestane.ustad/com.ustadmobile.port.android.view.AppActivity }
10-28 15:37:34.158  2523  2540 D Benchmark: Status: ok
10-28 15:37:34.158  2523  2540 D Benchmark: LaunchState: WARM
10-28 15:37:34.158  2523  2540 D Benchmark: Activity: org.nayestane.ustad/com.ustadmobile.port.android.view.AppActivity
10-28 15:37:34.158  2523  2540 D Benchmark: TotalTime: 55
10-28 15:37:34.158  2523  2540 D Benchmark: WaitTime: 56
10-28 15:37:34.158  2523  2540 D Benchmark: Complete
10-28 15:37:34.177  1495  2589 W MediaProvider: isAppCloneUserPair for user 0: false
10-28 15:37:34.178  1495  2589 V MediaProvider: Inserted id:1000000090 less than next row id backup:1000001000.
10-28 15:37:34.233  2523  2540 I System.out: 0 Flags,FrameTimelineVsyncId,IntendedVsync,Vsync,InputEventId,HandleInputStart,AnimationStart,PerformTraversalsStart,DrawStart,FrameDeadline,FrameInterval,FrameStartTime,SyncQueued,SyncStart,IssueDrawCommandsStart,SwapBuffers,FrameCompleted,DequeueBufferDuration,QueueBufferDuration,GpuCompleted,SwapBuffersCompleted,DisplayPresentTime,CommandSubmissionCompleted,
10-28 15:37:34.233  2523  2540 I System.out: 1 1,16260,535018001413,535034668079,0,535036757634,535036757794,535036757904,535058244880,535034668079,535036756434,16666666,535058955340,535059086280,535059155240,535059311880,535067145402,1360,93380,535067145402,535059741640,-2,535059311880,
10-28 15:37:34.233  2523  2540 I System.out: 2 0,16322,535051334745,535051334745,0,535062041351,535062041841,535065807462,535065829402,535084668077,535062039611,16666666,535066250612,535066281532,535066310532,535066469722,535068119802,2970,249620,535068119802,535067231422,486470762834,535066469722,
10-28 15:37:34.233  2523  2540 I System.out: 3 0,16368,535068001411,535068001411,0,535068517122,535068517292,535093423009,535093448459,535101334743,535068516142,16666666,535100407281,535100479471,535100511191,535100605331,535101434201,2720,108700,535101434201,535101128491,486520755687,535100605331,
10-28 15:37:34.233  2523  2540 I System.out: 4 0,16411,535084668077,535101334743,0,535104863452,535104863982,535116415766,535116444646,535134668075,535104860852,16666666,535127269259,535127303919,535127347849,535127761789,535133148280,2620,97780,535133148280,535128456539,486553462086,535127761789,
10-28 15:37:34.233  2523  2540 I System.out: 5 0,16490,535118001409,535118001409,0,535129321319,535129322029,535130819160,535130839050,535134668075,535129319459,16666666,535131803630,535131840660,535131885050,535132621730,486553999787,4090481,89190,486551448536,535138289892,486570675021,535132621730,
10-28 15:37:34.233  2523  2540 D UiDevice: Waiting 10000ms for SearchCondition[hasObject=BySelector [TEXT='\QGet Started\E']].
10-28 15:37:34.233  2523  2540 D UiDevice: Searching for node with selector: BySelector [TEXT='\QGet Started\E'].
10-28 15:37:34.245  2617  2719 D UstadCache: OKHttp-CacheInterceptor:  MISS(invalid) https://dars.nayestane.org/v2/Site/verify
10-28 15:37:34.245  2617  2719 D UstadCache: OKHttp-CacheInterceptor:  newCacheAndStoreResponse: GET https://dars.nayestane.org/v2/Site/verify 200 ()
10-28 15:37:34.245  2617  2719 V UstadCache: OKHttp-CacheInterceptor:  https://dars.nayestane.org/v2/Site/verify MISS(invalid) can store/update 200  (contentType=application/json; charset=UTF-8, content-encoding=null content-length=180)
10-28 15:37:34.248  2617  2730 D UstadCache: UstadCache(): storerequest 1 entries
10-28 15:37:34.248  2617  2730 V UstadCache: UstadCache(): copied request data for https://dars.nayestane.org/v2/Site/verify to /data/user/0/org.nayestane.ustad/files/httpfiles/tmpwork/12.tmp (integrity=sha256-VTW/47g5E/UMinnUcaDGC+8yXE8lgnmbnOjHxekFxd4=)
10-28 15:37:34.248  2617  2730 V UstadCache: UstadCache(): cacheEntries created 1 entries
10-28 15:37:34.249  2617  2730 D UstadCache: UstadCache(): deleting 1 tmp files
10-28 15:37:34.249  2617  2730 D UstadCache: UstadCache(): db transaction completed
10-28 15:37:34.355   422   465 W TransactionTracing: Could not find layer handle 0x7b315a68b710
10-28 15:37:34.355   422   465 W TransactionTracing: Could not find layer handle 0x7b315a686c70
10-28 15:37:34.359  1133  1133 W FrameTracker: Missed SF frame:PREDICTION_ERROR, 16209, 5037739, CUJ=J<LAUNCHER_APP_CLOSE_TO_HOME>
10-28 15:37:34.359  1133  1133 W FrameTracker: Missed SF frame:PREDICTION_ERROR, 16224, 4064728, CUJ=J<LAUNCHER_APP_CLOSE_TO_HOME>
10-28 15:37:34.359  1133  1133 W FrameTracker: Missed SF frame:PREDICTION_ERROR, 16253, 3753296, CUJ=J<LAUNCHER_APP_CLOSE_TO_HOME>
10-28 15:37:34.359  1133  1133 W FrameTracker: Missed SF frame:PREDICTION_ERROR, 16296, 4647835, CUJ=J<LAUNCHER_APP_CLOSE_TO_HOME>
10-28 15:37:34.359  1133  1133 W FrameTracker: Missed SF frame:PREDICTION_ERROR, 16315, 4941654, CUJ=J<LAUNCHER_APP_CLOSE_TO_HOME>
10-28 15:37:34.359  1133  1133 W FrameTracker: Missed SF frame:PREDICTION_ERROR, 16404, 4722591, CUJ=J<LAUNCHER_APP_CLOSE_TO_HOME>
10-28 15:37:34.359  1133  1133 W FrameTracker: Missed SF frame:PREDICTION_ERROR, 16483, 3926408, CUJ=J<LAUNCHER_APP_CLOSE_TO_HOME>
10-28 15:37:34.359  1133  1133 W FrameTracker: Missed SF frame:PREDICTION_ERROR, 16555, 6465536, CUJ=J<LAUNCHER_APP_CLOSE_TO_HOME>
10-28 15:37:34.359  1133  1133 W FrameTracker: Missed SF frame:PREDICTION_ERROR, 16627, 5915673, CUJ=J<LAUNCHER_APP_CLOSE_TO_HOME>
10-28 15:37:34.359  1133  1133 W FrameTracker: Missed SF frame:PREDICTION_ERROR, 16663, 4374201, CUJ=J<LAUNCHER_APP_CLOSE_TO_HOME>
10-28 15:37:34.360  1133  1815 V PerfettoTrigger: Not triggering com.android.telemetry.interaction-jank-monitor-9 - not enough time since last trigger
10-28 15:37:34.404   422   465 W TransactionTracing: Could not find layer handle 0x7b315a683850
10-28 15:37:34.425   582   960 W InputManager-JNI: Input channel object '3fb69eb Splash Screen org.nayestane.ustad (client)' was disposed without first being removed with the input manager!
10-28 15:37:34.474   870   925 W FrameTracker: Missed SF frame:PREDICTION_ERROR, 16390, 0, CUJ=J<SPLASHSCREEN_EXIT_ANIM>
10-28 15:37:34.474   870   925 W FrameTracker: Missing HWUI jank callback for vsyncId: 16390, CUJ=J<SPLASHSCREEN_EXIT_ANIM>
10-28 15:37:34.474   870   925 W FrameTracker: Missed SF frame:PREDICTION_ERROR, 16440, 4005140, CUJ=J<SPLASHSCREEN_EXIT_ANIM>
10-28 15:37:34.474   870   925 W FrameTracker: Missed SF frame:PREDICTION_ERROR, 16512, 4721957, CUJ=J<SPLASHSCREEN_EXIT_ANIM>
10-28 15:37:34.474   870   925 W FrameTracker: Missed SF frame:PREDICTION_ERROR, 16584, 3926044, CUJ=J<SPLASHSCREEN_EXIT_ANIM>
10-28 15:37:34.474   870   925 W FrameTracker: Missed SF frame:PREDICTION_ERROR, 16620, 4392133, CUJ=J<SPLASHSCREEN_EXIT_ANIM>
10-28 15:37:34.474   870   925 W FrameTracker: Missed SF frame:PREDICTION_ERROR, 16656, 0, CUJ=J<SPLASHSCREEN_EXIT_ANIM>
10-28 15:37:34.474   870   925 W FrameTracker: Missing HWUI jank callback for vsyncId: 16656, CUJ=J<SPLASHSCREEN_EXIT_ANIM>
10-28 15:37:34.474   870   925 W FrameTracker: Missed SF frame:PREDICTION_ERROR, 16692, 5368340, CUJ=J<SPLASHSCREEN_EXIT_ANIM>
10-28 15:37:34.474   870   925 W FrameTracker: Missed SF frame:PREDICTION_ERROR, 16728, 6827529, CUJ=J<SPLASHSCREEN_EXIT_ANIM>
10-28 15:37:34.474   870   925 W FrameTracker: Missed SF frame:PREDICTION_ERROR, 16764, 3955327, CUJ=J<SPLASHSCREEN_EXIT_ANIM>
10-28 15:37:34.474   870   925 W FrameTracker: Missed SF frame:PREDICTION_ERROR, 16793, 4116026, CUJ=J<SPLASHSCREEN_EXIT_ANIM>
10-28 15:37:34.474   870   925 W FrameTracker: Missed SF frame:PREDICTION_ERROR, 16815, 5915585, CUJ=J<SPLASHSCREEN_EXIT_ANIM>
10-28 15:37:34.474   870   925 W FrameTracker: Missed SF frame:PREDICTION_ERROR, 16894, 4672282, CUJ=J<SPLASHSCREEN_EXIT_ANIM>
10-28 15:37:34.474   870   925 W FrameTracker: Missing HWUI jank callback for vsyncId: 16923, CUJ=J<SPLASHSCREEN_EXIT_ANIM>
10-28 15:37:34.474   870   915 V PerfettoTrigger: Not triggering com.android.telemetry.interaction-jank-monitor-39 - not enough time since last trigger
10-28 15:37:34.603   422   465 W TransactionTracing: Could not find layer handle 0x7b315a68dc30
10-28 15:37:34.724  2523  2540 D UiDevice: Searching for node with selector: BySelector [TEXT='\QGet Started\E'].
10-28 15:37:35.319  2523  2540 D UiDevice: Searching for node with selector: BySelector [TEXT='\QGet Started\E'].
10-28 15:37:35.421  2523  2540 D UiDevice: Searching for node with selector: BySelector [TEXT='\QGet Started\E'].
10-28 15:37:35.524  2523  2540 D UiDevice: Searching for node with selector: BySelector [TEXT='\QGet Started\E'].
10-28 15:37:35.627  2523  2540 D UiDevice: Searching for node with selector: BySelector [TEXT='\QGet Started\E'].
10-28 15:37:35.729  2523  2540 D UiDevice: Searching for node with selector: BySelector [TEXT='\QGet Started\E'].
10-28 15:37:35.832  2523  2540 D UiDevice: Searching for node with selector: BySelector [TEXT='\QGet Started\E'].
10-28 15:37:35.935  2523  2540 D UiDevice: Searching for node with selector: BySelector [TEXT='\QGet Started\E'].
10-28 15:37:36.037  2523  2540 D UiDevice: Searching for node with selector: BySelector [TEXT='\QGet Started\E'].
10-28 15:37:36.140  2523  2540 D UiDevice: Searching for node with selector: BySelector [TEXT='\QGet Started\E'].
10-28 15:37:36.242  2523  2540 D UiDevice: Searching for node with selector: BySelector [TEXT='\QGet Started\E'].
10-28 15:37:36.345  2523  2540 D UiDevice: Searching for node with selector: BySelector [TEXT='\QGet Started\E'].
10-28 15:37:36.448  2523  2540 D UiDevice: Searching for node with selector: BySelector [TEXT='\QGet Started\E'].
10-28 15:37:36.551  2523  2540 D UiDevice: Searching for node with selector: BySelector [TEXT='\QGet Started\E'].
10-28 15:37:36.654  2523  2540 D UiDevice: Searching for node with selector: BySelector [TEXT='\QGet Started\E'].
10-28 15:37:36.757  2523  2540 D UiDevice: Searching for node with selector: BySelector [TEXT='\QGet Started\E'].
10-28 15:37:36.859  2523  2540 D UiDevice: Searching for node with selector: BySelector [TEXT='\QGet Started\E'].
10-28 15:37:36.962  2523  2540 D UiDevice: Searching for node with selector: BySelector [TEXT='\QGet Started\E'].
10-28 15:37:37.065  2523  2540 D UiDevice: Searching for node with selector: BySelector [TEXT='\QGet Started\E'].
10-28 15:37:37.168  2523  2540 D UiDevice: Searching for node with selector: BySelector [TEXT='\QGet Started\E'].
10-28 15:37:37.271  2523  2540 D UiDevice: Searching for node with selector: BySelector [TEXT='\QGet Started\E'].
10-28 15:37:37.373  2523  2540 D UiDevice: Searching for node with selector: BySelector [TEXT='\QGet Started\E'].
10-28 15:37:37.476  2523  2540 D UiDevice: Searching for node with selector: BySelector [TEXT='\QGet Started\E'].
10-28 15:37:37.578  2523  2540 D UiDevice: Searching for node with selector: BySelector [TEXT='\QGet Started\E'].
10-28 15:37:37.681  2523  2540 D UiDevice: Searching for node with selector: BySelector [TEXT='\QGet Started\E'].
10-28 15:37:37.784  2523  2540 D UiDevice: Searching for node with selector: BySelector [TEXT='\QGet Started\E'].
10-28 15:37:37.887  2523  2540 D UiDevice: Searching for node with selector: BySelector [TEXT='\QGet Started\E'].
10-28 15:37:37.989  2523  2540 D UiDevice: Searching for node with selector: BySelector [TEXT='\QGet Started\E'].
10-28 15:37:38.092  2523  2540 D UiDevice: Searching for node with selector: BySelector [TEXT='\QGet Started\E'].
10-28 15:37:38.194  2523  2540 D UiDevice: Searching for node with selector: BySelector [TEXT='\QGet Started\E'].
10-28 15:37:38.297  2523  2540 D UiDevice: Searching for node with selector: BySelector [TEXT='\QGet Started\E'].
10-28 15:37:38.399  2523  2540 D UiDevice: Searching for node with selector: BySelector [TEXT='\QGet Started\E'].
10-28 15:37:38.502  2523  2540 D UiDevice: Searching for node with selector: BySelector [TEXT='\QGet Started\E'].
10-28 15:37:38.604  2523  2540 D UiDevice: Searching for node with selector: BySelector [TEXT='\QGet Started\E'].
10-28 15:37:38.707  2523  2540 D UiDevice: Searching for node with selector: BySelector [TEXT='\QGet Started\E'].
10-28 15:37:38.809  2523  2540 D UiDevice: Searching for node with selector: BySelector [TEXT='\QGet Started\E'].
10-28 15:37:38.853  2617  2679 D UstadCache: CacheTrimmer:  Trim cache run: max (evictable) size = 100000000 bytes
10-28 15:37:38.854  2617  2679 V UstadCache: CacheTrimmer:  deleting
10-28 15:37:38.912  2523  2540 D UiDevice: Searching for node with selector: BySelector [TEXT='\QGet Started\E'].
10-28 15:37:39.014  2523  2540 D UiDevice: Searching for node with selector: BySelector [TEXT='\QGet Started\E'].
10-28 15:37:39.117  2523  2540 D UiDevice: Searching for node with selector: BySelector [TEXT='\QGet Started\E'].
10-28 15:37:39.219  2523  2540 D UiDevice: Searching for node with selector: BySelector [TEXT='\QGet Started\E'].
10-28 15:37:39.321  2523  2540 D UiDevice: Searching for node with selector: BySelector [TEXT='\QGet Started\E'].
10-28 15:37:39.424  2523  2540 D UiDevice: Searching for node with selector: BySelector [TEXT='\QGet Started\E'].
10-28 15:37:39.526  2523  2540 D UiDevice: Searching for node with selector: BySelector [TEXT='\QGet Started\E'].
10-28 15:37:39.629  2523  2540 D UiDevice: Searching for node with selector: BySelector [TEXT='\QGet Started\E'].
10-28 15:37:39.732  2523  2540 D UiDevice: Searching for node with selector: BySelector [TEXT='\QGet Started\E'].
10-28 15:37:39.834  2523  2540 D UiDevice: Searching for node with selector: BySelector [TEXT='\QGet Started\E'].
10-28 15:37:39.937  2523  2540 D UiDevice: Searching for node with selector: BySelector [TEXT='\QGet Started\E'].
10-28 15:37:40.039  2523  2540 D UiDevice: Searching for node with selector: BySelector [TEXT='\QGet Started\E'].
